--
-- Host: localhost    Database: gpml_data
-- ------------------------------------------------------


--
-- Table structure for table `group_roles`
--

CREATE TABLE `group_roles` (
  `id` bigint(20) unsigned NOT NULL AUTO_INCREMENT,
  `group_id` bigint(20) unsigned NOT NULL,
  `user_id` bigint(20) unsigned NOT NULL,
  `role` int(11) DEFAULT NULL COMMENT '1 - read only, 2 - full control',
  `created_at` timestamp NULL DEFAULT NULL,
  `updated_at` timestamp NULL DEFAULT NULL,
  PRIMARY KEY (`id`),
  KEY `group_id` (`group_id`),
  KEY `user_id` (`user_id`),
  CONSTRAINT `group_roles_ibfk_1` FOREIGN KEY (`group_id`) REFERENCES `groups` (`id`) ON DELETE CASCADE,
  CONSTRAINT `group_roles_ibfk_2` FOREIGN KEY (`user_id`) REFERENCES `users` (`id`) ON DELETE CASCADE
) ENGINE=InnoDB DEFAULT CHARSET=utf8 COLLATE=utf8_general_ci;

--
-- Dumping data for table `group_roles`
--


--
-- Table structure for table `groups`
--

CREATE TABLE `groups` (
  `id` bigint(20) unsigned NOT NULL AUTO_INCREMENT,
  `name` varchar(255) NOT NULL,
  `sort` int(11) NOT NULL,
  `created_by` bigint(20) unsigned NOT NULL,
  `created_at` timestamp NULL DEFAULT NULL,
  `updated_at` timestamp NULL DEFAULT NULL,
  PRIMARY KEY (`id`),
  KEY `groups_created_by_foreign` (`created_by`),
  CONSTRAINT `groups_created_by_foreign` FOREIGN KEY (`created_by`) REFERENCES `users` (`id`)
) ENGINE=InnoDB AUTO_INCREMENT=5 DEFAULT CHARSET=utf8mb4 COLLATE=utf8mb4_unicode_ci;

--
-- Dumping data for table `groups`
--

INSERT INTO `groups` VALUES (0,'Trash auto create (update private server version 11)',2147483647,1,'2025-02-18 17:54:06','2025-02-18 17:54:06'),(1,'All',1,1,'2022-08-01 06:43:30','2022-08-01 06:43:30'),(3,'traffic user',2,1,'2025-03-04 11:46:54','2025-03-04 11:46:54'),(4,'Seosona',3,1,'2025-04-01 08:40:49','2025-04-01 08:40:49');

--
-- Table structure for table `migrations`
--

CREATE TABLE `migrations` (
  `id` int(10) unsigned NOT NULL AUTO_INCREMENT,
  `migration` varchar(255) NOT NULL,
  `batch` int(11) NOT NULL,
  PRIMARY KEY (`id`)
) ENGINE=InnoDB AUTO_INCREMENT=7 DEFAULT CHARSET=utf8mb4 COLLATE=utf8mb4_unicode_ci;

--
-- Dumping data for table `migrations`
--

INSERT INTO `migrations` VALUES (1,'2014_10_12_000000_create_users_table',1),(2,'2019_12_14_000001_create_personal_access_tokens_table',1),(3,'2022_07_15_080228_create_groups_table',1),(4,'2022_07_15_080407_create_profiles_table',1),(5,'2022_07_15_080422_create_profile_roles_table',1),(6,'2022_07_15_080434_create_settings_table',1);

--
-- Table structure for table `profile_roles`
--

CREATE TABLE `profile_roles` (
  `id` bigint(20) unsigned NOT NULL AUTO_INCREMENT,
  `profile_id` bigint(20) unsigned NOT NULL,
  `user_id` bigint(20) unsigned NOT NULL,
  `role` int(11) NOT NULL COMMENT '1 - read only, 2 - full control',
  `created_at` timestamp NULL DEFAULT NULL,
  `updated_at` timestamp NULL DEFAULT NULL,
  PRIMARY KEY (`id`),
  KEY `profile_roles_profile_id_foreign` (`profile_id`),
  KEY `profile_roles_user_id_foreign` (`user_id`),
  CONSTRAINT `profile_roles_profile_id_foreign` FOREIGN KEY (`profile_id`) REFERENCES `profiles` (`id`),
  CONSTRAINT `profile_roles_user_id_foreign` FOREIGN KEY (`user_id`) REFERENCES `users` (`id`)
) ENGINE=InnoDB AUTO_INCREMENT=34 DEFAULT CHARSET=utf8mb4 COLLATE=utf8mb4_unicode_ci;

--
-- Dumping data for table `profile_roles`
--

INSERT INTO `profile_roles` VALUES (1,1,1,2,'2025-02-18 17:57:22','2025-02-18 17:57:22'),(2,2,1,2,'2025-02-19 09:01:11','2025-02-19 09:01:11'),(3,3,1,2,'2025-02-19 09:01:14','2025-02-19 09:01:14'),(4,4,1,2,'2025-02-19 09:01:20','2025-02-19 09:01:20'),(5,5,1,2,'2025-02-19 09:01:23','2025-02-19 09:01:23'),(6,6,1,2,'2025-02-19 09:01:26','2025-02-19 09:01:26'),(7,7,1,2,'2025-02-19 09:01:37','2025-02-19 09:01:37'),(8,8,1,2,'2025-02-19 09:01:44','2025-02-19 09:01:44'),(9,9,1,2,'2025-02-19 09:01:46','2025-02-19 09:01:46'),(10,10,1,2,'2025-02-19 09:01:52','2025-02-19 09:01:52'),(11,11,1,2,'2025-02-19 09:01:56','2025-02-19 09:01:56'),(12,12,1,2,'2025-02-19 09:02:07','2025-02-19 09:02:07'),(13,13,1,2,'2025-02-19 09:02:11','2025-02-19 09:02:11'),(14,14,1,2,'2025-02-19 09:02:21','2025-02-19 09:02:21'),(15,15,1,2,'2025-02-19 09:02:26','2025-02-19 09:02:26'),(16,16,2,2,'2025-02-19 09:07:32','2025-02-19 09:07:32'),(17,17,2,2,'2025-02-19 09:07:44','2025-02-19 09:07:44'),(18,18,1,2,'2025-02-20 10:41:21','2025-02-20 10:41:21'),(19,19,2,2,'2025-02-22 14:09:25','2025-02-22 14:09:25'),(20,20,1,2,'2025-02-22 14:21:19','2025-02-22 14:21:19'),(21,21,1,2,'2025-02-24 01:56:57','2025-02-24 01:56:57'),(22,22,2,2,'2025-02-24 10:21:21','2025-02-24 10:21:21'),(23,23,2,2,'2025-02-28 08:40:16','2025-02-28 08:40:16'),(24,24,2,2,'2025-03-05 09:13:46','2025-03-05 09:13:46'),(25,25,2,2,'2025-03-05 09:13:55','2025-03-05 09:13:55'),(26,26,2,2,'2025-03-05 09:14:06','2025-03-05 09:14:06'),(27,27,1,2,'2025-03-25 11:24:54','2025-03-25 11:24:54'),(28,28,2,2,'2025-04-08 08:38:13','2025-04-08 08:38:13'),(29,29,1,2,'2025-04-08 09:33:44','2025-04-08 09:33:44'),(30,30,2,2,'2025-05-20 10:56:20','2025-05-20 10:56:20'),(31,31,1,2,'2025-05-21 21:48:42','2025-05-21 21:48:42'),(32,32,1,2,'2025-05-21 21:57:51','2025-05-21 21:57:51'),(33,33,1,2,'2025-05-21 22:42:24','2025-05-21 22:42:24');

--
-- Table structure for table `profiles`
--

CREATE TABLE `profiles` (
  `id` bigint(20) unsigned NOT NULL AUTO_INCREMENT,
  `name` varchar(255) NOT NULL,
  `s3_path` varchar(255) NOT NULL,
  `json_data` longtext CHARACTER SET utf8mb4 COLLATE utf8mb4_bin NOT NULL CHECK (json_valid(`json_data`)),
  `cookie_data` longtext CHARACTER SET utf8mb4 COLLATE utf8mb4_bin NOT NULL CHECK (json_valid(`cookie_data`)),
  `group_id` bigint(20) unsigned NOT NULL,
  `created_by` bigint(20) unsigned NOT NULL,
  `last_run_by` bigint(20) unsigned DEFAULT NULL,
  `last_run_at` datetime DEFAULT NULL,
  `status` tinyint(1) NOT NULL DEFAULT 1 COMMENT '1 - already, 2 - in use',
  `created_at` timestamp NULL DEFAULT NULL,
  `updated_at` timestamp NULL DEFAULT NULL,
  PRIMARY KEY (`id`),
  KEY `profiles_group_id_foreign` (`group_id`),
  KEY `profiles_last_run_by_foreign` (`last_run_by`),
  KEY `profiles_created_by_foreign` (`created_by`),
  CONSTRAINT `profiles_created_by_foreign` FOREIGN KEY (`created_by`) REFERENCES `users` (`id`),
  CONSTRAINT `profiles_group_id_foreign` FOREIGN KEY (`group_id`) REFERENCES `groups` (`id`),
  CONSTRAINT `profiles_last_run_by_foreign` FOREIGN KEY (`last_run_by`) REFERENCES `users` (`id`)
) ENGINE=InnoDB AUTO_INCREMENT=34 DEFAULT CHARSET=utf8mb4 COLLATE=utf8mb4_unicode_ci;

--
-- Dumping data for table `profiles`
--

INSERT INTO `profiles` VALUES (1,'S3demo2','rog6Y4OING-18022025','{\"Name\":\"S3demo2\",\"UserAgent\":\"Mozilla/5.0 (Windows NT 10.0; Win64; x64) AppleWebKit/537.36 (KHTML, like Gecko) Chrome/132.0.0.0 Safari/537.36\",\"CanEditUserAgent\":false,\"WinVersion\":\"Windows 10\",\"WinPlatform\":\"64 bit\",\"PlatformNavigator\":null,\"PlatformUaMeta\":null,\"PlatformUaVersion\":\"10.0.0\",\"BrowseName\":\"Chrome\",\"BrowserCore\":\"Chromium\",\"BrowseVersion\":\"132.0.6834.84\",\"AcceptLanguage\":\"en-US\",\"AutoLanguage\":true,\"Proxy\":null,\"TimezoneMode\":1,\"Timezone\":\"Asia/Ho_Chi_Minh\",\"ExcludeFontList\":[],\"IncludeFontList\":[],\"ScreenWidth\":-1,\"ScreenHeight\":-1,\"AvailScreenWidth\":-1,\"AvailScreenHeight\":-1,\"StartupUrls\":\"\",\"ProcessorCount\":8,\"DeviceMemory\":8,\"JsHeapSizeLimit\":8589933704,\"AudioNoise\":0.45675350979750673,\"AudioInputs\":0,\"AudioOutputs\":0,\"VideoInputs\":1,\"CanvasNoiseGlobalAlpha\":-1.0,\"CanvasNoiseShadowBlur\":-1.0,\"CanvasNoiseShadowOffsetX\":-1.0,\"CanvasNoiseShadowOffsetY\":-1.0,\"CanvasNoiseTextX\":-1.0,\"CanvasNoiseTextY\":-1.0,\"WebGLNoise\":-1.0,\"WebGLRectNoise\":-1.0,\"WebGLUniform2fNoise\":-1.0,\"MaxVertexUniform\":4032,\"MaxFragmentUniform\":1063,\"WebGLRenderer\":\"ANGLE (NVIDIA, NVIDIA GeForce GT 650M (0x00000FD1) Direct3D11 vs_5_0 ps_5_0, D3D11)\",\"WebGLVendor\":\"Google Inc. (NVIDIA)\",\"ClientRectNoise\":-1.0,\"WebGL_Uniform1Noise\":-1.0,\"WebGL_Uniform2Noise\":-1.0,\"WebGL_Uniform3Noise\":-1.0,\"WebGL_Uniform4Noise\":-1.0,\"WebGL_ReadPixelsIndex\":-1,\"WebGL_ReadPixelsNoiseVal\":-1,\"WebGL_SHADING_LANGUAGE_VERSION\":\"WebGL GLSL ES 3.00 (OpenGL ES GLSL ES 3.0 Chromium)\",\"WebGL_VERSION\":\"WebGL 2.0 (OpenGL ES 3.0 Chromium)\",\"WebGL_RENDERER\":\"WebKit WebGL\",\"WebGL_VENDOR\":\"WebKit\",\"WebGL_UNMASKED_VENDOR_WEBGL\":\"Google Inc. (NVIDIA)\",\"WebGL_UNMASKED_RENDERER_WEBGL\":\"ANGLE (NVIDIA, NVIDIA GeForce GT 650M (0x00000FD1) Direct3D11 vs_5_0 ps_5_0, D3D11)\",\"WebGL_MAX_FRAGMENT_UNIFORM_VECTORS\":1024,\"WebGL_MAX_3D_TEXTURE_SIZE\":2048,\"WebGL_MAX_ARRAY_TEXTURE_LAYERS\":2048,\"WebGL_MAX_COLOR_ATTACHMENTS\":8,\"WebGL_MAX_COMBINED_TEXTURE_IMAGE_UNITS\":32,\"WebGL_MAX_COMBINED_UNIFORM_BLOCKS\":24,\"WebGL_MAX_CUBE_MAP_TEXTURE_SIZE\":16384,\"WebGL_MAX_DRAW_BUFFERS\":8,\"WebGL_MAX_FRAGMENT_INPUT_COMPONENTS\":120,\"WebGL_MAX_FRAGMENT_UNIFORM_BLOCKS\":12,\"WebGL_MAX_PROGRAM_TEXEL_OFFSET\":7,\"WebGL_MAX_RENDERBUFFER_SIZE\":16384,\"WebGL_MAX_SAMPLES\":8,\"WebGL_MAX_TEXTURE_IMAGE_UNITS\":16,\"WebGL_MAX_TEXTURE_LOD_BIAS\":2,\"WebGL_MAX_TEXTURE_SIZE\":16384,\"WebGL_MAX_TRANSFORM_FEEDBACK_INTERLEAVED_COMPONENTS\":120,\"WebGL_MAX_TRANSFORM_FEEDBACK_SEPARATE_ATTRIBS\":4,\"WebGL_MAX_TRANSFORM_FEEDBACK_SEPARATE_COMPONENTS\":4,\"WebGL_MAX_UNIFORM_BLOCK_SIZE\":65536,\"WebGL_MAX_UNIFORM_BUFFER_BINDINGS\":24,\"WebGL_MAX_VARYING_COMPONENTS\":120,\"WebGL_MAX_VARYING_VECTORS\":30,\"WebGL_MAX_VERTEX_ATTRIBS\":16,\"WebGL_MAX_VERTEX_OUTPUT_COMPONENTS\":120,\"WebGL_MAX_VERTEX_TEXTURE_IMAGE_UNITS\":16,\"WebGL_MAX_VERTEX_UNIFORM_BLOCKS\":12,\"WebGL_MAX_VERTEX_UNIFORM_COMPONENTS\":16380,\"WebGL_MAX_VERTEX_UNIFORM_VECTORS\":4096,\"WebGL_MAX_FRAGMENT_UNIFORM_COMPONENTS\":4096,\"WebGL_MIN_PROGRAM_TEXEL_OFFSET\":-8,\"WebGL_UNIFORM_BUFFER_OFFSET_ALIGNMENT\":256,\"WebGL_MAX_COMBINED_VERTEX_UNIFORM_COMPONENTS\":212988,\"WebGL_MAX_COMBINED_FRAGMENT_UNIFORM_COMPONENTS\":200704,\"WebGL_MAX_VIEWPORT_DIMS\":[32767,32767],\"WebGL_ALIASED_LINE_WIDTH_RANGE\":[1,1],\"WebGL_ALIASED_POINT_SIZE_RANGE\":[1,1024],\"WebRTCMode\":2,\"WebRTCPublicIP\":\"118.71.15.142\",\"Note\":null,\"Extension\":null,\"GeoMode\":1,\"GeoLatitude\":10.822,\"GeoLongitude\":106.6257,\"GeoAccuracy\":100.0,\"Tags\":[],\"ForegroundColorHex\":\"#FF404040\",\"MacAddress\":\"16-0C-06-B1-45-53\",\"SaveType\":1,\"IdOnClould\":null}','[]',1,1,1,'2025-02-18 17:59:11',1,'2025-02-18 17:57:22','2025-06-10 10:10:38'),(2,'Bảo Lâm','3QYyFO0tRx19022025','{\"Name\":\"Bảo Lâm\",\"UserAgent\":\"Mozilla/5.0 (Windows NT 10.0; Win64; x64) AppleWebKit/537.36 (KHTML, like Gecko) Chrome/129.0.0.0 Safari/537.36\",\"CanEditUserAgent\":false,\"WinVersion\":\"Windows 10\",\"WinPlatform\":\"64 bit\",\"PlatformNavigator\":null,\"PlatformUaMeta\":null,\"PlatformUaVersion\":\"10.0.0\",\"PlatformCPUModelName\":\"AMD Ryzen 7 3750H with Radeon Vega Mobile Gfx  \",\"PlatformOS\":\"win\",\"BrowseName\":\"Chrome\",\"BrowserCore\":\"Chromium\",\"BrowseVersion\":\"129.0.6533.73\",\"AcceptLanguage\":\"en-US\",\"AutoLanguage\":true,\"Proxy\":null,\"ProxyRegion\":\"VN\",\"TimezoneMode\":1,\"Timezone\":\"Asia/Ho_Chi_Minh\",\"ExcludeFontList\":[],\"IncludeFontList\":[],\"ScreenWidth\":-1,\"ScreenHeight\":-1,\"AvailScreenWidth\":-1,\"AvailScreenHeight\":-1,\"StartupUrls\":\"\",\"ProcessorCount\":8,\"DeviceMemory\":1,\"JsHeapSizeLimit\":1073741032,\"AudioNoise\":0.54283676088919708,\"AudioInputs\":2,\"AudioOutputs\":0,\"VideoInputs\":1,\"CanvasNoiseGlobalAlpha\":-1.0,\"CanvasNoiseShadowBlur\":-1.0,\"CanvasNoiseShadowOffsetX\":-1.0,\"CanvasNoiseShadowOffsetY\":-1.0,\"CanvasNoiseTextX\":-1.0,\"CanvasNoiseTextY\":-1.0,\"WebGLNoise\":-1.0,\"WebGLRectNoise\":-1.0,\"WebGLUniform2fNoise\":-1.0,\"MaxVertexUniform\":3528,\"MaxFragmentUniform\":1420,\"WebGLRenderer\":\"ANGLE (NVIDIA, NVIDIA GeForce GTX 750 Ti Direct3D11 vs_5_0 ps_5_0, D3D11)\",\"WebGLVendor\":\"Google Inc. (NVIDIA)\",\"ClientRectNoise\":-1.0,\"WebGL_Uniform1Noise\":-1.0,\"WebGL_Uniform2Noise\":-1.0,\"WebGL_Uniform3Noise\":-1.0,\"WebGL_Uniform4Noise\":-1.0,\"WebGL_ReadPixelsIndex\":-1,\"WebGL_ReadPixelsNoiseVal\":-1,\"WebGL_SHADING_LANGUAGE_VERSION\":\"WebGL GLSL ES 3.00 (OpenGL ES GLSL ES 3.0 Chromium)\",\"WebGL_VERSION\":\"WebGL 2.0 (OpenGL ES 3.0 Chromium)\",\"WebGL_RENDERER\":\"WebKit WebGL\",\"WebGL_VENDOR\":\"WebKit\",\"WebGL_UNMASKED_VENDOR_WEBGL\":\"Google Inc. (NVIDIA)\",\"WebGL_UNMASKED_RENDERER_WEBGL\":\"ANGLE (NVIDIA, NVIDIA GeForce GTX 750 Ti Direct3D11 vs_5_0 ps_5_0, D3D11)\",\"WebGL_MAX_FRAGMENT_UNIFORM_VECTORS\":1024,\"WebGL_MAX_3D_TEXTURE_SIZE\":2048,\"WebGL_MAX_ARRAY_TEXTURE_LAYERS\":2048,\"WebGL_MAX_COLOR_ATTACHMENTS\":8,\"WebGL_MAX_COMBINED_TEXTURE_IMAGE_UNITS\":32,\"WebGL_MAX_COMBINED_UNIFORM_BLOCKS\":24,\"WebGL_MAX_CUBE_MAP_TEXTURE_SIZE\":16384,\"WebGL_MAX_DRAW_BUFFERS\":8,\"WebGL_MAX_FRAGMENT_INPUT_COMPONENTS\":120,\"WebGL_MAX_FRAGMENT_UNIFORM_BLOCKS\":12,\"WebGL_MAX_PROGRAM_TEXEL_OFFSET\":7,\"WebGL_MAX_RENDERBUFFER_SIZE\":16384,\"WebGL_MAX_SAMPLES\":8,\"WebGL_MAX_TEXTURE_IMAGE_UNITS\":16,\"WebGL_MAX_TEXTURE_LOD_BIAS\":2,\"WebGL_MAX_TEXTURE_SIZE\":16384,\"WebGL_MAX_TRANSFORM_FEEDBACK_INTERLEAVED_COMPONENTS\":120,\"WebGL_MAX_TRANSFORM_FEEDBACK_SEPARATE_ATTRIBS\":4,\"WebGL_MAX_TRANSFORM_FEEDBACK_SEPARATE_COMPONENTS\":4,\"WebGL_MAX_UNIFORM_BLOCK_SIZE\":65536,\"WebGL_MAX_UNIFORM_BUFFER_BINDINGS\":24,\"WebGL_MAX_VARYING_COMPONENTS\":120,\"WebGL_MAX_VARYING_VECTORS\":30,\"WebGL_MAX_VERTEX_ATTRIBS\":16,\"WebGL_MAX_VERTEX_OUTPUT_COMPONENTS\":120,\"WebGL_MAX_VERTEX_TEXTURE_IMAGE_UNITS\":16,\"WebGL_MAX_VERTEX_UNIFORM_BLOCKS\":12,\"WebGL_MAX_VERTEX_UNIFORM_COMPONENTS\":16380,\"WebGL_MAX_VERTEX_UNIFORM_VECTORS\":4096,\"WebGL_MAX_FRAGMENT_UNIFORM_COMPONENTS\":4096,\"WebGL_MIN_PROGRAM_TEXEL_OFFSET\":-8,\"WebGL_UNIFORM_BUFFER_OFFSET_ALIGNMENT\":256,\"WebGL_MAX_COMBINED_VERTEX_UNIFORM_COMPONENTS\":212988,\"WebGL_MAX_COMBINED_FRAGMENT_UNIFORM_COMPONENTS\":200704,\"WebGL_MAX_VIEWPORT_DIMS\":[32767,32767],\"WebGL_ALIASED_LINE_WIDTH_RANGE\":[1,1],\"WebGL_ALIASED_POINT_SIZE_RANGE\":[1,1024],\"WebRTCMode\":2,\"WebRTCPublicIP\":\"118.68.92.12\",\"WebRTCKeepConnect\":false,\"WebRTCAllowTCP\":false,\"Note\":\"Bị HCQC\",\"Extension\":null,\"GeoMode\":1,\"GeoLatitude\":10.822,\"GeoLongitude\":106.6257,\"GeoAccuracy\":100.0,\"Tags\":[],\"ForegroundColorHex\":\"#FF404040\",\"MacAddress\":\"2E-3E-E3-13-22-72\",\"SaveType\":1,\"IdOnClould\":null,\"ShortTitleIconOverlay\":null}','[]',1,1,1,'2025-05-22 15:55:55',1,'2025-02-19 09:01:11','2025-06-10 10:10:38'),(3,'Seosona 13','00aPzEs3Kg19022025','{\"Name\":\"Seosona 13\",\"UserAgent\":\"Mozilla/5.0 (Windows NT 10.0; Win64; x64) AppleWebKit/537.36 (KHTML, like Gecko) Chrome/129.0.0.0 Safari/537.36\",\"CanEditUserAgent\":false,\"WinVersion\":\"Windows 10\",\"WinPlatform\":\"64 bit\",\"PlatformNavigator\":null,\"PlatformUaMeta\":null,\"PlatformUaVersion\":\"10.0.0\",\"BrowseName\":\"Chrome\",\"BrowserCore\":\"Chromium\",\"BrowseVersion\":\"129.0.6533.73\",\"AcceptLanguage\":\"en-US\",\"AutoLanguage\":true,\"Proxy\":null,\"TimezoneMode\":1,\"Timezone\":\"Asia/Ho_Chi_Minh\",\"ExcludeFontList\":[],\"IncludeFontList\":[],\"ScreenWidth\":1366,\"ScreenHeight\":768,\"AvailScreenWidth\":1366,\"AvailScreenHeight\":625,\"StartupUrls\":\"\",\"ProcessorCount\":32,\"DeviceMemory\":8,\"JsHeapSizeLimit\":8589933971,\"AudioNoise\":0.99339436040883622,\"AudioInputs\":0,\"AudioOutputs\":0,\"VideoInputs\":1,\"CanvasNoiseGlobalAlpha\":-1.0,\"CanvasNoiseShadowBlur\":-1.0,\"CanvasNoiseShadowOffsetX\":-1.0,\"CanvasNoiseShadowOffsetY\":-1.0,\"CanvasNoiseTextX\":-1.0,\"CanvasNoiseTextY\":-1.0,\"WebGLNoise\":-1.0,\"WebGLRectNoise\":-1.0,\"WebGLUniform2fNoise\":-1.0,\"MaxVertexUniform\":3607,\"MaxFragmentUniform\":1048,\"WebGLRenderer\":\"ANGLE (NVIDIA, NVIDIA GeForce GTX 1050 Ti Direct3D11 vs_5_0 ps_5_0, D3D11)\",\"WebGLVendor\":\"Google Inc. (NVIDIA)\",\"ClientRectNoise\":-1.0,\"WebGL_Uniform1Noise\":-1.0,\"WebGL_Uniform2Noise\":-1.0,\"WebGL_Uniform3Noise\":-1.0,\"WebGL_Uniform4Noise\":-1.0,\"WebGL_ReadPixelsIndex\":-1,\"WebGL_ReadPixelsNoiseVal\":-1,\"WebGL_SHADING_LANGUAGE_VERSION\":\"WebGL GLSL ES 3.00 (OpenGL ES GLSL ES 3.0 Chromium)\",\"WebGL_VERSION\":\"WebGL 2.0 (OpenGL ES 3.0 Chromium)\",\"WebGL_RENDERER\":\"WebKit WebGL\",\"WebGL_VENDOR\":\"WebKit\",\"WebGL_UNMASKED_VENDOR_WEBGL\":\"Google Inc. (NVIDIA)\",\"WebGL_UNMASKED_RENDERER_WEBGL\":\"ANGLE (NVIDIA, NVIDIA GeForce GTX 1050 Ti Direct3D11 vs_5_0 ps_5_0, D3D11)\",\"WebGL_MAX_FRAGMENT_UNIFORM_VECTORS\":1024,\"WebGL_MAX_3D_TEXTURE_SIZE\":2048,\"WebGL_MAX_ARRAY_TEXTURE_LAYERS\":2048,\"WebGL_MAX_COLOR_ATTACHMENTS\":8,\"WebGL_MAX_COMBINED_TEXTURE_IMAGE_UNITS\":32,\"WebGL_MAX_COMBINED_UNIFORM_BLOCKS\":24,\"WebGL_MAX_CUBE_MAP_TEXTURE_SIZE\":16384,\"WebGL_MAX_DRAW_BUFFERS\":8,\"WebGL_MAX_FRAGMENT_INPUT_COMPONENTS\":120,\"WebGL_MAX_FRAGMENT_UNIFORM_BLOCKS\":12,\"WebGL_MAX_PROGRAM_TEXEL_OFFSET\":7,\"WebGL_MAX_RENDERBUFFER_SIZE\":16384,\"WebGL_MAX_SAMPLES\":8,\"WebGL_MAX_TEXTURE_IMAGE_UNITS\":16,\"WebGL_MAX_TEXTURE_LOD_BIAS\":2,\"WebGL_MAX_TEXTURE_SIZE\":16384,\"WebGL_MAX_TRANSFORM_FEEDBACK_INTERLEAVED_COMPONENTS\":120,\"WebGL_MAX_TRANSFORM_FEEDBACK_SEPARATE_ATTRIBS\":4,\"WebGL_MAX_TRANSFORM_FEEDBACK_SEPARATE_COMPONENTS\":4,\"WebGL_MAX_UNIFORM_BLOCK_SIZE\":65536,\"WebGL_MAX_UNIFORM_BUFFER_BINDINGS\":24,\"WebGL_MAX_VARYING_COMPONENTS\":120,\"WebGL_MAX_VARYING_VECTORS\":30,\"WebGL_MAX_VERTEX_ATTRIBS\":16,\"WebGL_MAX_VERTEX_OUTPUT_COMPONENTS\":120,\"WebGL_MAX_VERTEX_TEXTURE_IMAGE_UNITS\":16,\"WebGL_MAX_VERTEX_UNIFORM_BLOCKS\":12,\"WebGL_MAX_VERTEX_UNIFORM_COMPONENTS\":16380,\"WebGL_MAX_VERTEX_UNIFORM_VECTORS\":4096,\"WebGL_MAX_FRAGMENT_UNIFORM_COMPONENTS\":4096,\"WebGL_MIN_PROGRAM_TEXEL_OFFSET\":-8,\"WebGL_UNIFORM_BUFFER_OFFSET_ALIGNMENT\":256,\"WebGL_MAX_COMBINED_VERTEX_UNIFORM_COMPONENTS\":212988,\"WebGL_MAX_COMBINED_FRAGMENT_UNIFORM_COMPONENTS\":200704,\"WebGL_MAX_VIEWPORT_DIMS\":[32767,32767],\"WebGL_ALIASED_LINE_WIDTH_RANGE\":[1,1],\"WebGL_ALIASED_POINT_SIZE_RANGE\":[1,1024],\"WebRTCMode\":2,\"WebRTCPublicIP\":\"171.227.33.170\",\"Note\":\"Live Ads - Chưa tạo tk ads\",\"Extension\":null,\"GeoMode\":1,\"GeoLatitude\":10.822,\"GeoLongitude\":106.6257,\"GeoAccuracy\":100.0,\"Tags\":[],\"ForegroundColorHex\":\"#FF404040\",\"MacAddress\":\"3E-B9-01-C5-C4-6F\",\"SaveType\":1,\"IdOnClould\":null}','[]',1,1,NULL,NULL,1,'2025-02-19 09:01:14','2025-06-10 10:10:38'),(4,'Seosona 1','cmoytJeybx19022025','{\"Name\":\"Seosona 1\",\"UserAgent\":\"Mozilla/5.0 (Windows NT 10.0; Win64; x64) AppleWebKit/537.36 (KHTML, like Gecko) Chrome/129.0.0.0 Safari/537.36\",\"CanEditUserAgent\":false,\"WinVersion\":\"Windows 10\",\"WinPlatform\":\"64 bit\",\"PlatformNavigator\":null,\"PlatformUaMeta\":null,\"PlatformUaVersion\":\"10.0.0\",\"PlatformCPUModelName\":\"AMD Ryzen 7 3750H with Radeon Vega Mobile Gfx  \",\"PlatformOS\":\"win\",\"BrowseName\":\"Chrome\",\"BrowserCore\":\"Chromium\",\"BrowseVersion\":\"129.0.6533.73\",\"AcceptLanguage\":\"en-US\",\"AutoLanguage\":true,\"Proxy\":null,\"ProxyRegion\":\"VN\",\"TimezoneMode\":1,\"Timezone\":\"Asia/Ho_Chi_Minh\",\"ExcludeFontList\":[],\"IncludeFontList\":[],\"ScreenWidth\":1366,\"ScreenHeight\":768,\"AvailScreenWidth\":1366,\"AvailScreenHeight\":625,\"StartupUrls\":\"\",\"ProcessorCount\":6,\"DeviceMemory\":4,\"DeviceMemoryDouble\":4.0,\"JsHeapSizeLimit\":4294966882,\"AudioNoise\":0.2781064073918883,\"AudioInputs\":2,\"AudioOutputs\":0,\"VideoInputs\":1,\"CanvasNoiseGlobalAlpha\":-1.0,\"CanvasNoiseShadowBlur\":-1.0,\"CanvasNoiseShadowOffsetX\":-1.0,\"CanvasNoiseShadowOffsetY\":-1.0,\"CanvasNoiseTextX\":-1.0,\"CanvasNoiseTextY\":-1.0,\"CanvasNoiseToken\":0,\"WebGLNoise\":-1.0,\"WebGLRectNoise\":-1.0,\"WebGLUniform2fNoise\":-1.0,\"MaxVertexUniform\":4047,\"MaxFragmentUniform\":1419,\"WebGLRenderer\":\"ANGLE (NVIDIA, NVIDIA GeForce RTX 3080 Direct3D11 vs_5_0 ps_5_0, D3D11)\",\"WebGLVendor\":\"Google Inc. (NVIDIA)\",\"ClientRectNoise\":-1.0,\"WebGL_Uniform1Noise\":-1.0,\"WebGL_Uniform2Noise\":-1.0,\"WebGL_Uniform3Noise\":-1.0,\"WebGL_Uniform4Noise\":-1.0,\"WebGL_ReadPixelsIndex\":-1,\"WebGL_ReadPixelsNoiseVal\":-1,\"WebGL_SHADING_LANGUAGE_VERSION\":\"WebGL GLSL ES 3.00 (OpenGL ES GLSL ES 3.0 Chromium)\",\"WebGL_VERSION\":\"WebGL 2.0 (OpenGL ES 3.0 Chromium)\",\"WebGL_RENDERER\":\"WebKit WebGL\",\"WebGL_VENDOR\":\"WebKit\",\"WebGL_UNMASKED_VENDOR_WEBGL\":\"Google Inc. (NVIDIA)\",\"WebGL_UNMASKED_RENDERER_WEBGL\":\"ANGLE (NVIDIA, NVIDIA GeForce RTX 3080 Direct3D11 vs_5_0 ps_5_0, D3D11)\",\"WebGL_MAX_FRAGMENT_UNIFORM_VECTORS\":1024,\"WebGL_MAX_3D_TEXTURE_SIZE\":2048,\"WebGL_MAX_ARRAY_TEXTURE_LAYERS\":2048,\"WebGL_MAX_COLOR_ATTACHMENTS\":8,\"WebGL_MAX_COMBINED_TEXTURE_IMAGE_UNITS\":32,\"WebGL_MAX_COMBINED_UNIFORM_BLOCKS\":24,\"WebGL_MAX_CUBE_MAP_TEXTURE_SIZE\":16384,\"WebGL_MAX_DRAW_BUFFERS\":8,\"WebGL_MAX_FRAGMENT_INPUT_COMPONENTS\":120,\"WebGL_MAX_FRAGMENT_UNIFORM_BLOCKS\":12,\"WebGL_MAX_PROGRAM_TEXEL_OFFSET\":7,\"WebGL_MAX_RENDERBUFFER_SIZE\":16384,\"WebGL_MAX_SAMPLES\":8,\"WebGL_MAX_TEXTURE_IMAGE_UNITS\":16,\"WebGL_MAX_TEXTURE_LOD_BIAS\":2,\"WebGL_MAX_TEXTURE_SIZE\":16384,\"WebGL_MAX_TRANSFORM_FEEDBACK_INTERLEAVED_COMPONENTS\":120,\"WebGL_MAX_TRANSFORM_FEEDBACK_SEPARATE_ATTRIBS\":4,\"WebGL_MAX_TRANSFORM_FEEDBACK_SEPARATE_COMPONENTS\":4,\"WebGL_MAX_UNIFORM_BLOCK_SIZE\":65536,\"WebGL_MAX_UNIFORM_BUFFER_BINDINGS\":24,\"WebGL_MAX_VARYING_COMPONENTS\":120,\"WebGL_MAX_VARYING_VECTORS\":30,\"WebGL_MAX_VERTEX_ATTRIBS\":16,\"WebGL_MAX_VERTEX_OUTPUT_COMPONENTS\":120,\"WebGL_MAX_VERTEX_TEXTURE_IMAGE_UNITS\":16,\"WebGL_MAX_VERTEX_UNIFORM_BLOCKS\":12,\"WebGL_MAX_VERTEX_UNIFORM_COMPONENTS\":16380,\"WebGL_MAX_VERTEX_UNIFORM_VECTORS\":4096,\"WebGL_MAX_FRAGMENT_UNIFORM_COMPONENTS\":4096,\"WebGL_MIN_PROGRAM_TEXEL_OFFSET\":-8,\"WebGL_UNIFORM_BUFFER_OFFSET_ALIGNMENT\":256,\"WebGL_MAX_COMBINED_VERTEX_UNIFORM_COMPONENTS\":212988,\"WebGL_MAX_COMBINED_FRAGMENT_UNIFORM_COMPONENTS\":200704,\"WebGL_MAX_VIEWPORT_DIMS\":[32767,32767],\"WebGL_ALIASED_LINE_WIDTH_RANGE\":[1,1],\"WebGL_ALIASED_POINT_SIZE_RANGE\":[1,1024],\"WebGL_STENCIL_VALUE_MASK\":2147483647,\"WebGL_STENCIL_WRITEMASK\":2147483647,\"WebGL_STENCIL_BACK_VALUE_MASK\":2147483647,\"WebGL_STENCIL_BACK_WRITEMASK\":2147483647,\"WebRTCMode\":2,\"WebRTCPublicIP\":\"115.74.132.184\",\"WebRTCKeepConnect\":false,\"WebRTCAllowTCP\":false,\"Note\":\"Live Ads - Đang đợi đổi hotmail\",\"Extension\":null,\"GeoMode\":1,\"GeoLatitude\":10.82302,\"GeoLongitude\":106.62965,\"GeoAccuracy\":100.0,\"Tags\":[],\"WebGPUVendorId\":-1,\"WebGPUDeviceId\":-1,\"ForegroundColorHex\":\"#FF404040\",\"MacAddress\":\"4E-B5-3A-A0-5C-56\",\"SaveType\":1,\"IdOnClould\":null,\"ShortTitleIconOverlay\":null,\"ConvertProfileTo64bit\":false,\"FingerpritVersion\":0}','[]',1,1,1,'2025-07-25 09:02:31',1,'2025-02-19 09:01:20','2025-07-25 09:02:32'),(5,'Seosona 9','yPs5rcKRjd19022025','{\"Name\":\"Seosona 9\",\"UserAgent\":\"Mozilla/5.0 (Windows NT 10.0; Win64; x64) AppleWebKit/537.36 (KHTML, like Gecko) Chrome/129.0.0.0 Safari/537.36\",\"CanEditUserAgent\":false,\"WinVersion\":\"Windows 10\",\"WinPlatform\":\"64 bit\",\"PlatformNavigator\":null,\"PlatformUaMeta\":null,\"PlatformUaVersion\":\"10.0.0\",\"BrowseName\":\"Chrome\",\"BrowserCore\":\"Chromium\",\"BrowseVersion\":\"129.0.6533.73\",\"AcceptLanguage\":\"en-US\",\"AutoLanguage\":true,\"Proxy\":null,\"TimezoneMode\":1,\"Timezone\":\"Asia/Ho_Chi_Minh\",\"ExcludeFontList\":[],\"IncludeFontList\":[],\"ScreenWidth\":-1,\"ScreenHeight\":-1,\"AvailScreenWidth\":-1,\"AvailScreenHeight\":-1,\"StartupUrls\":\"\",\"ProcessorCount\":10,\"DeviceMemory\":8,\"JsHeapSizeLimit\":8589934569,\"AudioNoise\":0.80002823555843361,\"AudioInputs\":1,\"AudioOutputs\":0,\"VideoInputs\":0,\"CanvasNoiseGlobalAlpha\":-1.0,\"CanvasNoiseShadowBlur\":-1.0,\"CanvasNoiseShadowOffsetX\":-1.0,\"CanvasNoiseShadowOffsetY\":-1.0,\"CanvasNoiseTextX\":-1.0,\"CanvasNoiseTextY\":-1.0,\"WebGLNoise\":-1.0,\"WebGLRectNoise\":-1.0,\"WebGLUniform2fNoise\":-1.0,\"MaxVertexUniform\":3805,\"MaxFragmentUniform\":1254,\"WebGLRenderer\":\"ANGLE (Intel, Intel(R) UHD Graphics (0x00008A56) Direct3D11 vs_5_0 ps_5_0, D3D11)\",\"WebGLVendor\":\"Google Inc. (Intel)\",\"ClientRectNoise\":-1.0,\"WebGL_Uniform1Noise\":-1.0,\"WebGL_Uniform2Noise\":-1.0,\"WebGL_Uniform3Noise\":-1.0,\"WebGL_Uniform4Noise\":-1.0,\"WebGL_ReadPixelsIndex\":-1,\"WebGL_ReadPixelsNoiseVal\":-1,\"WebGL_SHADING_LANGUAGE_VERSION\":\"WebGL GLSL ES 3.00 (OpenGL ES GLSL ES 3.0 Chromium)\",\"WebGL_VERSION\":\"WebGL 2.0 (OpenGL ES 3.0 Chromium)\",\"WebGL_RENDERER\":\"WebKit WebGL\",\"WebGL_VENDOR\":\"WebKit\",\"WebGL_UNMASKED_VENDOR_WEBGL\":\"Google Inc. (Intel)\",\"WebGL_UNMASKED_RENDERER_WEBGL\":\"ANGLE (Intel, Intel(R) UHD Graphics (0x00008A56) Direct3D11 vs_5_0 ps_5_0, D3D11)\",\"WebGL_MAX_FRAGMENT_UNIFORM_VECTORS\":1024,\"WebGL_MAX_3D_TEXTURE_SIZE\":2048,\"WebGL_MAX_ARRAY_TEXTURE_LAYERS\":2048,\"WebGL_MAX_COLOR_ATTACHMENTS\":8,\"WebGL_MAX_COMBINED_TEXTURE_IMAGE_UNITS\":32,\"WebGL_MAX_COMBINED_UNIFORM_BLOCKS\":24,\"WebGL_MAX_CUBE_MAP_TEXTURE_SIZE\":16384,\"WebGL_MAX_DRAW_BUFFERS\":8,\"WebGL_MAX_FRAGMENT_INPUT_COMPONENTS\":120,\"WebGL_MAX_FRAGMENT_UNIFORM_BLOCKS\":12,\"WebGL_MAX_PROGRAM_TEXEL_OFFSET\":7,\"WebGL_MAX_RENDERBUFFER_SIZE\":16384,\"WebGL_MAX_SAMPLES\":16,\"WebGL_MAX_TEXTURE_IMAGE_UNITS\":16,\"WebGL_MAX_TEXTURE_LOD_BIAS\":2,\"WebGL_MAX_TEXTURE_SIZE\":16384,\"WebGL_MAX_TRANSFORM_FEEDBACK_INTERLEAVED_COMPONENTS\":120,\"WebGL_MAX_TRANSFORM_FEEDBACK_SEPARATE_ATTRIBS\":4,\"WebGL_MAX_TRANSFORM_FEEDBACK_SEPARATE_COMPONENTS\":4,\"WebGL_MAX_UNIFORM_BLOCK_SIZE\":65536,\"WebGL_MAX_UNIFORM_BUFFER_BINDINGS\":24,\"WebGL_MAX_VARYING_COMPONENTS\":120,\"WebGL_MAX_VARYING_VECTORS\":30,\"WebGL_MAX_VERTEX_ATTRIBS\":16,\"WebGL_MAX_VERTEX_OUTPUT_COMPONENTS\":120,\"WebGL_MAX_VERTEX_TEXTURE_IMAGE_UNITS\":16,\"WebGL_MAX_VERTEX_UNIFORM_BLOCKS\":12,\"WebGL_MAX_VERTEX_UNIFORM_COMPONENTS\":16384,\"WebGL_MAX_VERTEX_UNIFORM_VECTORS\":4096,\"WebGL_MAX_FRAGMENT_UNIFORM_COMPONENTS\":4096,\"WebGL_MIN_PROGRAM_TEXEL_OFFSET\":-8,\"WebGL_UNIFORM_BUFFER_OFFSET_ALIGNMENT\":256,\"WebGL_MAX_COMBINED_VERTEX_UNIFORM_COMPONENTS\":212992,\"WebGL_MAX_COMBINED_FRAGMENT_UNIFORM_COMPONENTS\":200704,\"WebGL_MAX_VIEWPORT_DIMS\":[32767,32767],\"WebGL_ALIASED_LINE_WIDTH_RANGE\":[1,1],\"WebGL_ALIASED_POINT_SIZE_RANGE\":[1,1024],\"WebRTCMode\":2,\"WebRTCPublicIP\":\"1.52.135.202\",\"Note\":\"Live Ads - Chưa tạo tk ads\",\"Extension\":null,\"GeoMode\":1,\"GeoLatitude\":10.822,\"GeoLongitude\":106.6257,\"GeoAccuracy\":100.0,\"Tags\":[],\"ForegroundColorHex\":\"#FF404040\",\"MacAddress\":\"1A-A3-2F-AA-33-E9\",\"SaveType\":1,\"IdOnClould\":null}','[]',1,1,NULL,NULL,1,'2025-02-19 09:01:23','2025-06-10 10:10:38'),(6,'Seosona 8','TynXpnWexf19022025','{\"Name\":\"Seosona 8\",\"UserAgent\":\"Mozilla/5.0 (Windows NT 10.0; Win64; x64) AppleWebKit/537.36 (KHTML, like Gecko) Chrome/129.0.0.0 Safari/537.36\",\"CanEditUserAgent\":false,\"WinVersion\":\"Windows 10\",\"WinPlatform\":\"64 bit\",\"PlatformNavigator\":null,\"PlatformUaMeta\":null,\"PlatformUaVersion\":\"10.0.0\",\"PlatformCPUModelName\":\"AMD Ryzen 7 3750H with Radeon Vega Mobile Gfx  \",\"PlatformOS\":\"win\",\"BrowseName\":\"Chrome\",\"BrowserCore\":\"Chromium\",\"BrowseVersion\":\"129.0.6533.73\",\"AcceptLanguage\":\"en-US\",\"AutoLanguage\":true,\"Proxy\":null,\"ProxyRegion\":\"VN\",\"TimezoneMode\":1,\"Timezone\":\"Asia/Ho_Chi_Minh\",\"ExcludeFontList\":[],\"IncludeFontList\":[],\"ScreenWidth\":1366,\"ScreenHeight\":768,\"AvailScreenWidth\":1366,\"AvailScreenHeight\":625,\"StartupUrls\":\"\",\"ProcessorCount\":6,\"DeviceMemory\":1,\"JsHeapSizeLimit\":1073741376,\"AudioNoise\":0.388114748237708,\"AudioInputs\":2,\"AudioOutputs\":0,\"VideoInputs\":1,\"CanvasNoiseGlobalAlpha\":-1.0,\"CanvasNoiseShadowBlur\":-1.0,\"CanvasNoiseShadowOffsetX\":-1.0,\"CanvasNoiseShadowOffsetY\":-1.0,\"CanvasNoiseTextX\":-1.0,\"CanvasNoiseTextY\":-1.0,\"WebGLNoise\":-1.0,\"WebGLRectNoise\":-1.0,\"WebGLUniform2fNoise\":-1.0,\"MaxVertexUniform\":3307,\"MaxFragmentUniform\":1058,\"WebGLRenderer\":\"ANGLE (NVIDIA, NVIDIA GeForce RTX 4090 (0x00002684) Direct3D11 vs_5_0 ps_5_0, D3D11)\",\"WebGLVendor\":\"Google Inc. (NVIDIA)\",\"ClientRectNoise\":-1.0,\"WebGL_Uniform1Noise\":-1.0,\"WebGL_Uniform2Noise\":-1.0,\"WebGL_Uniform3Noise\":-1.0,\"WebGL_Uniform4Noise\":-1.0,\"WebGL_ReadPixelsIndex\":-1,\"WebGL_ReadPixelsNoiseVal\":-1,\"WebGL_SHADING_LANGUAGE_VERSION\":\"WebGL GLSL ES 3.00 (OpenGL ES GLSL ES 3.0 Chromium)\",\"WebGL_VERSION\":\"WebGL 2.0 (OpenGL ES 3.0 Chromium)\",\"WebGL_RENDERER\":\"WebKit WebGL\",\"WebGL_VENDOR\":\"WebKit\",\"WebGL_UNMASKED_VENDOR_WEBGL\":\"Google Inc. (NVIDIA)\",\"WebGL_UNMASKED_RENDERER_WEBGL\":\"ANGLE (NVIDIA, NVIDIA GeForce RTX 4090 (0x00002684) Direct3D11 vs_5_0 ps_5_0, D3D11)\",\"WebGL_MAX_FRAGMENT_UNIFORM_VECTORS\":1024,\"WebGL_MAX_3D_TEXTURE_SIZE\":2048,\"WebGL_MAX_ARRAY_TEXTURE_LAYERS\":2048,\"WebGL_MAX_COLOR_ATTACHMENTS\":8,\"WebGL_MAX_COMBINED_TEXTURE_IMAGE_UNITS\":32,\"WebGL_MAX_COMBINED_UNIFORM_BLOCKS\":24,\"WebGL_MAX_CUBE_MAP_TEXTURE_SIZE\":16384,\"WebGL_MAX_DRAW_BUFFERS\":8,\"WebGL_MAX_FRAGMENT_INPUT_COMPONENTS\":120,\"WebGL_MAX_FRAGMENT_UNIFORM_BLOCKS\":12,\"WebGL_MAX_PROGRAM_TEXEL_OFFSET\":7,\"WebGL_MAX_RENDERBUFFER_SIZE\":16384,\"WebGL_MAX_SAMPLES\":8,\"WebGL_MAX_TEXTURE_IMAGE_UNITS\":16,\"WebGL_MAX_TEXTURE_LOD_BIAS\":2,\"WebGL_MAX_TEXTURE_SIZE\":16384,\"WebGL_MAX_TRANSFORM_FEEDBACK_INTERLEAVED_COMPONENTS\":120,\"WebGL_MAX_TRANSFORM_FEEDBACK_SEPARATE_ATTRIBS\":4,\"WebGL_MAX_TRANSFORM_FEEDBACK_SEPARATE_COMPONENTS\":4,\"WebGL_MAX_UNIFORM_BLOCK_SIZE\":65536,\"WebGL_MAX_UNIFORM_BUFFER_BINDINGS\":24,\"WebGL_MAX_VARYING_COMPONENTS\":120,\"WebGL_MAX_VARYING_VECTORS\":30,\"WebGL_MAX_VERTEX_ATTRIBS\":16,\"WebGL_MAX_VERTEX_OUTPUT_COMPONENTS\":120,\"WebGL_MAX_VERTEX_TEXTURE_IMAGE_UNITS\":16,\"WebGL_MAX_VERTEX_UNIFORM_BLOCKS\":12,\"WebGL_MAX_VERTEX_UNIFORM_COMPONENTS\":16380,\"WebGL_MAX_VERTEX_UNIFORM_VECTORS\":4096,\"WebGL_MAX_FRAGMENT_UNIFORM_COMPONENTS\":4096,\"WebGL_MIN_PROGRAM_TEXEL_OFFSET\":-8,\"WebGL_UNIFORM_BUFFER_OFFSET_ALIGNMENT\":256,\"WebGL_MAX_COMBINED_VERTEX_UNIFORM_COMPONENTS\":212988,\"WebGL_MAX_COMBINED_FRAGMENT_UNIFORM_COMPONENTS\":200704,\"WebGL_MAX_VIEWPORT_DIMS\":[32767,32767],\"WebGL_ALIASED_LINE_WIDTH_RANGE\":[1,1],\"WebGL_ALIASED_POINT_SIZE_RANGE\":[1,1024],\"WebRTCMode\":2,\"WebRTCPublicIP\":\"118.68.92.12\",\"WebRTCKeepConnect\":false,\"WebRTCAllowTCP\":false,\"Note\":\"Live ads - Nợ 33$\",\"Extension\":null,\"GeoMode\":1,\"GeoLatitude\":10.822,\"GeoLongitude\":106.6257,\"GeoAccuracy\":100.0,\"Tags\":[],\"ForegroundColorHex\":\"#FF404040\",\"MacAddress\":\"36-1A-99-19-63-2C\",\"SaveType\":1,\"IdOnClould\":null,\"ShortTitleIconOverlay\":null}','[]',1,1,1,'2025-05-22 15:56:17',1,'2025-02-19 09:01:26','2025-06-10 10:10:38'),(7,'Seosona 2 - Test MBTI','KCBYBHca4w19022025','{\"Name\":\"Seosona 2 - Test MBTI\",\"UserAgent\":\"Mozilla/5.0 (Windows NT 10.0; Win64; x64) AppleWebKit/537.36 (KHTML, like Gecko) Chrome/129.0.0.0 Safari/537.36\",\"CanEditUserAgent\":false,\"WinVersion\":\"Windows 10\",\"WinPlatform\":\"64 bit\",\"PlatformNavigator\":null,\"PlatformUaMeta\":null,\"PlatformUaVersion\":\"10.0.0\",\"BrowseName\":\"Chrome\",\"BrowserCore\":\"Chromium\",\"BrowseVersion\":\"129.0.6533.73\",\"AcceptLanguage\":\"en-US\",\"AutoLanguage\":true,\"Proxy\":null,\"TimezoneMode\":1,\"Timezone\":\"Asia/Ho_Chi_Minh\",\"ExcludeFontList\":[],\"IncludeFontList\":[],\"ScreenWidth\":-1,\"ScreenHeight\":-1,\"AvailScreenWidth\":-1,\"AvailScreenHeight\":-1,\"StartupUrls\":\"\",\"ProcessorCount\":24,\"DeviceMemory\":8,\"JsHeapSizeLimit\":8589933936,\"AudioNoise\":0.43938604436786194,\"AudioInputs\":0,\"AudioOutputs\":1,\"VideoInputs\":1,\"CanvasNoiseGlobalAlpha\":-1.0,\"CanvasNoiseShadowBlur\":-1.0,\"CanvasNoiseShadowOffsetX\":-1.0,\"CanvasNoiseShadowOffsetY\":-1.0,\"CanvasNoiseTextX\":-1.0,\"CanvasNoiseTextY\":-1.0,\"WebGLNoise\":-1.0,\"WebGLRectNoise\":-1.0,\"WebGLUniform2fNoise\":-1.0,\"MaxVertexUniform\":3568,\"MaxFragmentUniform\":1124,\"WebGLRenderer\":\"ANGLE (Intel, Intel(R) Iris(R) Xe Graphics (0x0000A7A0) Direct3D11 vs_5_0 ps_5_0, D3D11)\",\"WebGLVendor\":\"Google Inc. (Intel)\",\"ClientRectNoise\":-1.0,\"WebGL_Uniform1Noise\":-1.0,\"WebGL_Uniform2Noise\":-1.0,\"WebGL_Uniform3Noise\":-1.0,\"WebGL_Uniform4Noise\":-1.0,\"WebGL_ReadPixelsIndex\":-1,\"WebGL_ReadPixelsNoiseVal\":-1,\"WebGL_SHADING_LANGUAGE_VERSION\":\"WebGL GLSL ES 3.00 (OpenGL ES GLSL ES 3.0 Chromium)\",\"WebGL_VERSION\":\"WebGL 2.0 (OpenGL ES 3.0 Chromium)\",\"WebGL_RENDERER\":\"WebKit WebGL\",\"WebGL_VENDOR\":\"WebKit\",\"WebGL_UNMASKED_VENDOR_WEBGL\":\"Google Inc. (Intel)\",\"WebGL_UNMASKED_RENDERER_WEBGL\":\"ANGLE (Intel, Intel(R) Iris(R) Xe Graphics (0x0000A7A0) Direct3D11 vs_5_0 ps_5_0, D3D11)\",\"WebGL_MAX_FRAGMENT_UNIFORM_VECTORS\":1024,\"WebGL_MAX_3D_TEXTURE_SIZE\":2048,\"WebGL_MAX_ARRAY_TEXTURE_LAYERS\":2048,\"WebGL_MAX_COLOR_ATTACHMENTS\":8,\"WebGL_MAX_COMBINED_TEXTURE_IMAGE_UNITS\":32,\"WebGL_MAX_COMBINED_UNIFORM_BLOCKS\":24,\"WebGL_MAX_CUBE_MAP_TEXTURE_SIZE\":16384,\"WebGL_MAX_DRAW_BUFFERS\":8,\"WebGL_MAX_FRAGMENT_INPUT_COMPONENTS\":120,\"WebGL_MAX_FRAGMENT_UNIFORM_BLOCKS\":12,\"WebGL_MAX_PROGRAM_TEXEL_OFFSET\":7,\"WebGL_MAX_RENDERBUFFER_SIZE\":16384,\"WebGL_MAX_SAMPLES\":16,\"WebGL_MAX_TEXTURE_IMAGE_UNITS\":16,\"WebGL_MAX_TEXTURE_LOD_BIAS\":2,\"WebGL_MAX_TEXTURE_SIZE\":16384,\"WebGL_MAX_TRANSFORM_FEEDBACK_INTERLEAVED_COMPONENTS\":120,\"WebGL_MAX_TRANSFORM_FEEDBACK_SEPARATE_ATTRIBS\":4,\"WebGL_MAX_TRANSFORM_FEEDBACK_SEPARATE_COMPONENTS\":4,\"WebGL_MAX_UNIFORM_BLOCK_SIZE\":65536,\"WebGL_MAX_UNIFORM_BUFFER_BINDINGS\":24,\"WebGL_MAX_VARYING_COMPONENTS\":120,\"WebGL_MAX_VARYING_VECTORS\":30,\"WebGL_MAX_VERTEX_ATTRIBS\":16,\"WebGL_MAX_VERTEX_OUTPUT_COMPONENTS\":120,\"WebGL_MAX_VERTEX_TEXTURE_IMAGE_UNITS\":16,\"WebGL_MAX_VERTEX_UNIFORM_BLOCKS\":12,\"WebGL_MAX_VERTEX_UNIFORM_COMPONENTS\":16384,\"WebGL_MAX_VERTEX_UNIFORM_VECTORS\":4096,\"WebGL_MAX_FRAGMENT_UNIFORM_COMPONENTS\":4096,\"WebGL_MIN_PROGRAM_TEXEL_OFFSET\":-8,\"WebGL_UNIFORM_BUFFER_OFFSET_ALIGNMENT\":256,\"WebGL_MAX_COMBINED_VERTEX_UNIFORM_COMPONENTS\":212992,\"WebGL_MAX_COMBINED_FRAGMENT_UNIFORM_COMPONENTS\":200704,\"WebGL_MAX_VIEWPORT_DIMS\":[32767,32767],\"WebGL_ALIASED_LINE_WIDTH_RANGE\":[1,1],\"WebGL_ALIASED_POINT_SIZE_RANGE\":[1,1024],\"WebRTCMode\":2,\"WebRTCPublicIP\":\"1.55.47.91\",\"Note\":\"Kháng mail ok\",\"Extension\":null,\"GeoMode\":1,\"GeoLatitude\":10.822,\"GeoLongitude\":106.6257,\"GeoAccuracy\":100.0,\"Tags\":[],\"ForegroundColorHex\":\"#FF404040\",\"MacAddress\":\"8E-E8-F2-88-CB-3F\",\"SaveType\":1,\"IdOnClould\":null}','[]',1,1,1,'2025-02-25 10:17:21',1,'2025-02-19 09:01:37','2025-06-10 10:10:38'),(8,'vanphu.vn','k2ITzb8UYN19022025','{\"Name\":\"vanphu.vn\",\"UserAgent\":\"Mozilla/5.0 (Windows NT 10.0; Win64; x64) AppleWebKit/537.36 (KHTML, like Gecko) Chrome/129.0.0.0 Safari/537.36\",\"CanEditUserAgent\":false,\"WinVersion\":\"Windows 10\",\"WinPlatform\":\"64 bit\",\"PlatformNavigator\":null,\"PlatformUaMeta\":null,\"PlatformUaVersion\":\"10.0.0\",\"PlatformCPUModelName\":\"AMD Ryzen 7 3750H with Radeon Vega Mobile Gfx  \",\"PlatformOS\":\"win\",\"BrowseName\":\"Chrome\",\"BrowserCore\":\"Chromium\",\"BrowseVersion\":\"129.0.6533.73\",\"AcceptLanguage\":\"en-US\",\"AutoLanguage\":true,\"Proxy\":null,\"ProxyRegion\":\"VN\",\"TimezoneMode\":1,\"Timezone\":\"Asia/Ho_Chi_Minh\",\"ExcludeFontList\":[],\"IncludeFontList\":[],\"ScreenWidth\":1366,\"ScreenHeight\":768,\"AvailScreenWidth\":1366,\"AvailScreenHeight\":625,\"StartupUrls\":\"\",\"ProcessorCount\":12,\"DeviceMemory\":8,\"JsHeapSizeLimit\":8589934306,\"AudioNoise\":0.58787264376314019,\"AudioInputs\":0,\"AudioOutputs\":1,\"VideoInputs\":1,\"CanvasNoiseGlobalAlpha\":-1.0,\"CanvasNoiseShadowBlur\":-1.0,\"CanvasNoiseShadowOffsetX\":-1.0,\"CanvasNoiseShadowOffsetY\":-1.0,\"CanvasNoiseTextX\":-1.0,\"CanvasNoiseTextY\":-1.0,\"WebGLNoise\":-1.0,\"WebGLRectNoise\":-1.0,\"WebGLUniform2fNoise\":-1.0,\"MaxVertexUniform\":4365,\"MaxFragmentUniform\":936,\"WebGLRenderer\":\"ANGLE (Intel, Intel(R) HD Graphics 4000 Direct3D11 vs_5_0 ps_5_0, D3D11)\",\"WebGLVendor\":\"Google Inc. (Intel)\",\"ClientRectNoise\":-1.0,\"WebGL_Uniform1Noise\":-1.0,\"WebGL_Uniform2Noise\":-1.0,\"WebGL_Uniform3Noise\":-1.0,\"WebGL_Uniform4Noise\":-1.0,\"WebGL_ReadPixelsIndex\":-1,\"WebGL_ReadPixelsNoiseVal\":-1,\"WebGL_SHADING_LANGUAGE_VERSION\":\"WebGL GLSL ES 3.00 (OpenGL ES GLSL ES 3.0 Chromium)\",\"WebGL_VERSION\":\"WebGL 2.0 (OpenGL ES 3.0 Chromium)\",\"WebGL_RENDERER\":\"WebKit WebGL\",\"WebGL_VENDOR\":\"WebKit\",\"WebGL_UNMASKED_VENDOR_WEBGL\":\"Google Inc. (Intel)\",\"WebGL_UNMASKED_RENDERER_WEBGL\":\"ANGLE (Intel, Intel(R) HD Graphics 4000 Direct3D11 vs_5_0 ps_5_0, D3D11)\",\"WebGL_MAX_FRAGMENT_UNIFORM_VECTORS\":1024,\"WebGL_MAX_3D_TEXTURE_SIZE\":2048,\"WebGL_MAX_ARRAY_TEXTURE_LAYERS\":2048,\"WebGL_MAX_COLOR_ATTACHMENTS\":8,\"WebGL_MAX_COMBINED_TEXTURE_IMAGE_UNITS\":32,\"WebGL_MAX_COMBINED_UNIFORM_BLOCKS\":24,\"WebGL_MAX_CUBE_MAP_TEXTURE_SIZE\":16384,\"WebGL_MAX_DRAW_BUFFERS\":8,\"WebGL_MAX_FRAGMENT_INPUT_COMPONENTS\":120,\"WebGL_MAX_FRAGMENT_UNIFORM_BLOCKS\":12,\"WebGL_MAX_PROGRAM_TEXEL_OFFSET\":7,\"WebGL_MAX_RENDERBUFFER_SIZE\":16384,\"WebGL_MAX_SAMPLES\":8,\"WebGL_MAX_TEXTURE_IMAGE_UNITS\":16,\"WebGL_MAX_TEXTURE_LOD_BIAS\":2,\"WebGL_MAX_TEXTURE_SIZE\":16384,\"WebGL_MAX_TRANSFORM_FEEDBACK_INTERLEAVED_COMPONENTS\":120,\"WebGL_MAX_TRANSFORM_FEEDBACK_SEPARATE_ATTRIBS\":4,\"WebGL_MAX_TRANSFORM_FEEDBACK_SEPARATE_COMPONENTS\":4,\"WebGL_MAX_UNIFORM_BLOCK_SIZE\":65536,\"WebGL_MAX_UNIFORM_BUFFER_BINDINGS\":24,\"WebGL_MAX_VARYING_COMPONENTS\":120,\"WebGL_MAX_VARYING_VECTORS\":30,\"WebGL_MAX_VERTEX_ATTRIBS\":16,\"WebGL_MAX_VERTEX_OUTPUT_COMPONENTS\":120,\"WebGL_MAX_VERTEX_TEXTURE_IMAGE_UNITS\":16,\"WebGL_MAX_VERTEX_UNIFORM_BLOCKS\":12,\"WebGL_MAX_VERTEX_UNIFORM_COMPONENTS\":16384,\"WebGL_MAX_VERTEX_UNIFORM_VECTORS\":4096,\"WebGL_MAX_FRAGMENT_UNIFORM_COMPONENTS\":4096,\"WebGL_MIN_PROGRAM_TEXEL_OFFSET\":-8,\"WebGL_UNIFORM_BUFFER_OFFSET_ALIGNMENT\":256,\"WebGL_MAX_COMBINED_VERTEX_UNIFORM_COMPONENTS\":212992,\"WebGL_MAX_COMBINED_FRAGMENT_UNIFORM_COMPONENTS\":200704,\"WebGL_MAX_VIEWPORT_DIMS\":[32767,32767],\"WebGL_ALIASED_LINE_WIDTH_RANGE\":[1,1],\"WebGL_ALIASED_POINT_SIZE_RANGE\":[1,1024],\"WebRTCMode\":2,\"WebRTCPublicIP\":\"118.71.15.191\",\"Note\":null,\"Extension\":null,\"GeoMode\":1,\"GeoLatitude\":10.822,\"GeoLongitude\":106.6257,\"GeoAccuracy\":100.0,\"Tags\":[],\"ForegroundColorHex\":\"#FF404040\",\"MacAddress\":\"86-59-C3-74-43-F0\",\"SaveType\":1,\"IdOnClould\":null}','[]',1,1,1,'2025-04-29 08:06:14',1,'2025-02-19 09:01:44','2025-06-10 10:10:38'),(9,'Seosona 12','tRJgCezG8619022025','{\"Name\":\"Seosona 12\",\"UserAgent\":\"Mozilla/5.0 (Windows NT 10.0; Win64; x64) AppleWebKit/537.36 (KHTML, like Gecko) Chrome/129.0.0.0 Safari/537.36\",\"CanEditUserAgent\":false,\"WinVersion\":\"Windows 10\",\"WinPlatform\":\"64 bit\",\"PlatformNavigator\":null,\"PlatformUaMeta\":null,\"PlatformUaVersion\":\"10.0.0\",\"PlatformCPUModelName\":\"AMD Ryzen 7 3750H with Radeon Vega Mobile Gfx  \",\"PlatformOS\":\"win\",\"BrowseName\":\"Chrome\",\"BrowserCore\":\"Chromium\",\"BrowseVersion\":\"129.0.6533.73\",\"AcceptLanguage\":\"en-US\",\"AutoLanguage\":true,\"Proxy\":null,\"ProxyRegion\":\"VN\",\"TimezoneMode\":1,\"Timezone\":\"Asia/Ho_Chi_Minh\",\"ExcludeFontList\":[],\"IncludeFontList\":[],\"ScreenWidth\":-1,\"ScreenHeight\":-1,\"AvailScreenWidth\":-1,\"AvailScreenHeight\":-1,\"StartupUrls\":\"\",\"ProcessorCount\":16,\"DeviceMemory\":8,\"DeviceMemoryDouble\":8.0,\"JsHeapSizeLimit\":8589933662,\"AudioNoise\":0.55774307137250112,\"AudioInputs\":2,\"AudioOutputs\":1,\"VideoInputs\":0,\"CanvasNoiseGlobalAlpha\":-1.0,\"CanvasNoiseShadowBlur\":-1.0,\"CanvasNoiseShadowOffsetX\":-1.0,\"CanvasNoiseShadowOffsetY\":-1.0,\"CanvasNoiseTextX\":-1.0,\"CanvasNoiseTextY\":-1.0,\"CanvasNoiseToken\":0,\"WebGLNoise\":-1.0,\"WebGLRectNoise\":-1.0,\"WebGLUniform2fNoise\":-1.0,\"MaxVertexUniform\":4391,\"MaxFragmentUniform\":1498,\"WebGLRenderer\":\"ANGLE (NVIDIA, NVIDIA GeForce RTX 3080 Ti Laptop GPU (0x00002420) Direct3D11 vs_5_0 ps_5_0, D3D11)\",\"WebGLVendor\":\"Google Inc. (NVIDIA)\",\"ClientRectNoise\":-1.0,\"WebGL_Uniform1Noise\":-1.0,\"WebGL_Uniform2Noise\":-1.0,\"WebGL_Uniform3Noise\":-1.0,\"WebGL_Uniform4Noise\":-1.0,\"WebGL_ReadPixelsIndex\":-1,\"WebGL_ReadPixelsNoiseVal\":-1,\"WebGL_SHADING_LANGUAGE_VERSION\":\"WebGL GLSL ES 3.00 (OpenGL ES GLSL ES 3.0 Chromium)\",\"WebGL_VERSION\":\"WebGL 2.0 (OpenGL ES 3.0 Chromium)\",\"WebGL_RENDERER\":\"WebKit WebGL\",\"WebGL_VENDOR\":\"WebKit\",\"WebGL_UNMASKED_VENDOR_WEBGL\":\"Google Inc. (NVIDIA)\",\"WebGL_UNMASKED_RENDERER_WEBGL\":\"ANGLE (NVIDIA, NVIDIA GeForce RTX 3080 Ti Laptop GPU (0x00002420) Direct3D11 vs_5_0 ps_5_0, D3D11)\",\"WebGL_MAX_FRAGMENT_UNIFORM_VECTORS\":1024,\"WebGL_MAX_3D_TEXTURE_SIZE\":2048,\"WebGL_MAX_ARRAY_TEXTURE_LAYERS\":2048,\"WebGL_MAX_COLOR_ATTACHMENTS\":8,\"WebGL_MAX_COMBINED_TEXTURE_IMAGE_UNITS\":32,\"WebGL_MAX_COMBINED_UNIFORM_BLOCKS\":24,\"WebGL_MAX_CUBE_MAP_TEXTURE_SIZE\":16384,\"WebGL_MAX_DRAW_BUFFERS\":8,\"WebGL_MAX_FRAGMENT_INPUT_COMPONENTS\":120,\"WebGL_MAX_FRAGMENT_UNIFORM_BLOCKS\":12,\"WebGL_MAX_PROGRAM_TEXEL_OFFSET\":7,\"WebGL_MAX_RENDERBUFFER_SIZE\":16384,\"WebGL_MAX_SAMPLES\":8,\"WebGL_MAX_TEXTURE_IMAGE_UNITS\":16,\"WebGL_MAX_TEXTURE_LOD_BIAS\":2,\"WebGL_MAX_TEXTURE_SIZE\":16384,\"WebGL_MAX_TRANSFORM_FEEDBACK_INTERLEAVED_COMPONENTS\":120,\"WebGL_MAX_TRANSFORM_FEEDBACK_SEPARATE_ATTRIBS\":4,\"WebGL_MAX_TRANSFORM_FEEDBACK_SEPARATE_COMPONENTS\":4,\"WebGL_MAX_UNIFORM_BLOCK_SIZE\":65536,\"WebGL_MAX_UNIFORM_BUFFER_BINDINGS\":24,\"WebGL_MAX_VARYING_COMPONENTS\":120,\"WebGL_MAX_VARYING_VECTORS\":30,\"WebGL_MAX_VERTEX_ATTRIBS\":16,\"WebGL_MAX_VERTEX_OUTPUT_COMPONENTS\":120,\"WebGL_MAX_VERTEX_TEXTURE_IMAGE_UNITS\":16,\"WebGL_MAX_VERTEX_UNIFORM_BLOCKS\":12,\"WebGL_MAX_VERTEX_UNIFORM_COMPONENTS\":16380,\"WebGL_MAX_VERTEX_UNIFORM_VECTORS\":4096,\"WebGL_MAX_FRAGMENT_UNIFORM_COMPONENTS\":4096,\"WebGL_MIN_PROGRAM_TEXEL_OFFSET\":-8,\"WebGL_UNIFORM_BUFFER_OFFSET_ALIGNMENT\":256,\"WebGL_MAX_COMBINED_VERTEX_UNIFORM_COMPONENTS\":212988,\"WebGL_MAX_COMBINED_FRAGMENT_UNIFORM_COMPONENTS\":200704,\"WebGL_MAX_VIEWPORT_DIMS\":[32767,32767],\"WebGL_ALIASED_LINE_WIDTH_RANGE\":[1,1],\"WebGL_ALIASED_POINT_SIZE_RANGE\":[1,1024],\"WebGL_STENCIL_VALUE_MASK\":2147483647,\"WebGL_STENCIL_WRITEMASK\":2147483647,\"WebGL_STENCIL_BACK_VALUE_MASK\":2147483647,\"WebGL_STENCIL_BACK_WRITEMASK\":2147483647,\"WebRTCMode\":2,\"WebRTCPublicIP\":\"115.74.132.184\",\"WebRTCKeepConnect\":false,\"WebRTCAllowTCP\":false,\"Note\":\"Live Ads - Từng chạt camp BDS bên Báu\",\"Extension\":null,\"GeoMode\":1,\"GeoLatitude\":10.82302,\"GeoLongitude\":106.62965,\"GeoAccuracy\":100.0,\"Tags\":[],\"WebGPUVendorId\":-1,\"WebGPUDeviceId\":-1,\"ForegroundColorHex\":\"#FF404040\",\"MacAddress\":\"2E-94-01-BB-BD-1A\",\"SaveType\":1,\"IdOnClould\":null,\"ShortTitleIconOverlay\":null,\"ConvertProfileTo64bit\":false,\"FingerpritVersion\":0}','[]',1,1,1,'2025-07-25 09:04:24',1,'2025-02-19 09:01:46','2025-07-25 09:04:24'),(10,'mail - onlinetesting89','mz1vdlDJta19022025','{\"Name\":\"mail - onlinetesting89\",\"UserAgent\":\"Mozilla/5.0 (Windows NT 10.0; Win64; x64) AppleWebKit/537.36 (KHTML, like Gecko) Chrome/132.0.0.0 Safari/537.36\",\"CanEditUserAgent\":false,\"WinVersion\":\"Windows 10\",\"WinPlatform\":\"64 bit\",\"PlatformNavigator\":null,\"PlatformUaMeta\":null,\"PlatformUaVersion\":\"10.0.0\",\"BrowseName\":\"Chrome\",\"BrowserCore\":\"Chromium\",\"BrowseVersion\":\"132.0.6834.84\",\"AcceptLanguage\":\"en-US\",\"AutoLanguage\":true,\"Proxy\":null,\"TimezoneMode\":1,\"Timezone\":\"Asia/Ho_Chi_Minh\",\"ExcludeFontList\":[],\"IncludeFontList\":[],\"ScreenWidth\":1366,\"ScreenHeight\":768,\"AvailScreenWidth\":1366,\"AvailScreenHeight\":625,\"StartupUrls\":\"\",\"ProcessorCount\":20,\"DeviceMemory\":8,\"JsHeapSizeLimit\":8589934482,\"AudioNoise\":0.38812135969666828,\"AudioInputs\":2,\"AudioOutputs\":0,\"VideoInputs\":0,\"CanvasNoiseGlobalAlpha\":-1.0,\"CanvasNoiseShadowBlur\":-1.0,\"CanvasNoiseShadowOffsetX\":-1.0,\"CanvasNoiseShadowOffsetY\":-1.0,\"CanvasNoiseTextX\":-1.0,\"CanvasNoiseTextY\":-1.0,\"WebGLNoise\":-1.0,\"WebGLRectNoise\":-1.0,\"WebGLUniform2fNoise\":-1.0,\"MaxVertexUniform\":3650,\"MaxFragmentUniform\":1134,\"WebGLRenderer\":\"ANGLE (NVIDIA, NVIDIA GeForce GTX 1060 6GB Direct3D11 vs_5_0 ps_5_0, D3D11-27.21.14.6172)\",\"WebGLVendor\":\"Google Inc. (NVIDIA)\",\"ClientRectNoise\":-1.0,\"WebGL_Uniform1Noise\":-1.0,\"WebGL_Uniform2Noise\":-1.0,\"WebGL_Uniform3Noise\":-1.0,\"WebGL_Uniform4Noise\":-1.0,\"WebGL_ReadPixelsIndex\":-1,\"WebGL_ReadPixelsNoiseVal\":-1,\"WebGL_SHADING_LANGUAGE_VERSION\":\"WebGL GLSL ES 3.00 (OpenGL ES GLSL ES 3.0 Chromium)\",\"WebGL_VERSION\":\"WebGL 2.0 (OpenGL ES 3.0 Chromium)\",\"WebGL_RENDERER\":\"WebKit WebGL\",\"WebGL_VENDOR\":\"WebKit\",\"WebGL_UNMASKED_VENDOR_WEBGL\":\"Google Inc. (NVIDIA)\",\"WebGL_UNMASKED_RENDERER_WEBGL\":\"ANGLE (NVIDIA, NVIDIA GeForce GTX 1060 6GB Direct3D11 vs_5_0 ps_5_0, D3D11-27.21.14.6172)\",\"WebGL_MAX_FRAGMENT_UNIFORM_VECTORS\":1024,\"WebGL_MAX_3D_TEXTURE_SIZE\":2048,\"WebGL_MAX_ARRAY_TEXTURE_LAYERS\":2048,\"WebGL_MAX_COLOR_ATTACHMENTS\":8,\"WebGL_MAX_COMBINED_TEXTURE_IMAGE_UNITS\":32,\"WebGL_MAX_COMBINED_UNIFORM_BLOCKS\":30,\"WebGL_MAX_CUBE_MAP_TEXTURE_SIZE\":16384,\"WebGL_MAX_DRAW_BUFFERS\":8,\"WebGL_MAX_FRAGMENT_INPUT_COMPONENTS\":128,\"WebGL_MAX_FRAGMENT_UNIFORM_BLOCKS\":15,\"WebGL_MAX_PROGRAM_TEXEL_OFFSET\":7,\"WebGL_MAX_RENDERBUFFER_SIZE\":16384,\"WebGL_MAX_SAMPLES\":4,\"WebGL_MAX_TEXTURE_IMAGE_UNITS\":16,\"WebGL_MAX_TEXTURE_LOD_BIAS\":2,\"WebGL_MAX_TEXTURE_SIZE\":16384,\"WebGL_MAX_TRANSFORM_FEEDBACK_INTERLEAVED_COMPONENTS\":64,\"WebGL_MAX_TRANSFORM_FEEDBACK_SEPARATE_ATTRIBS\":4,\"WebGL_MAX_TRANSFORM_FEEDBACK_SEPARATE_COMPONENTS\":4,\"WebGL_MAX_UNIFORM_BLOCK_SIZE\":65536,\"WebGL_MAX_UNIFORM_BUFFER_BINDINGS\":72,\"WebGL_MAX_VARYING_COMPONENTS\":60,\"WebGL_MAX_VARYING_VECTORS\":15,\"WebGL_MAX_VERTEX_ATTRIBS\":16,\"WebGL_MAX_VERTEX_OUTPUT_COMPONENTS\":128,\"WebGL_MAX_VERTEX_TEXTURE_IMAGE_UNITS\":16,\"WebGL_MAX_VERTEX_UNIFORM_BLOCKS\":15,\"WebGL_MAX_VERTEX_UNIFORM_COMPONENTS\":4096,\"WebGL_MAX_VERTEX_UNIFORM_VECTORS\":1024,\"WebGL_MAX_FRAGMENT_UNIFORM_COMPONENTS\":4096,\"WebGL_MIN_PROGRAM_TEXEL_OFFSET\":-8,\"WebGL_UNIFORM_BUFFER_OFFSET_ALIGNMENT\":256,\"WebGL_MAX_COMBINED_VERTEX_UNIFORM_COMPONENTS\":249856,\"WebGL_MAX_COMBINED_FRAGMENT_UNIFORM_COMPONENTS\":249856,\"WebGL_MAX_VIEWPORT_DIMS\":[16384,16384],\"WebGL_ALIASED_LINE_WIDTH_RANGE\":[1,1],\"WebGL_ALIASED_POINT_SIZE_RANGE\":[1,256],\"WebRTCMode\":2,\"WebRTCPublicIP\":\"171.227.33.170\",\"Note\":null,\"Extension\":null,\"GeoMode\":1,\"GeoLatitude\":10.822,\"GeoLongitude\":106.6257,\"GeoAccuracy\":100.0,\"Tags\":[],\"ForegroundColorHex\":\"#FF404040\",\"MacAddress\":\"EA-5C-11-73-FD-32\",\"SaveType\":1,\"IdOnClould\":null}','[]',1,1,NULL,NULL,1,'2025-02-19 09:01:52','2025-06-10 10:10:38'),(11,'Seosona 11','0jMntRgJXD19022025','{\"Name\":\"Seosona 11\",\"UserAgent\":\"Mozilla/5.0 (Windows NT 10.0; Win64; x64) AppleWebKit/537.36 (KHTML, like Gecko) Chrome/129.0.0.0 Safari/537.36\",\"CanEditUserAgent\":false,\"WinVersion\":\"Windows 10\",\"WinPlatform\":\"64 bit\",\"PlatformNavigator\":null,\"PlatformUaMeta\":null,\"PlatformUaVersion\":\"10.0.0\",\"BrowseName\":\"Chrome\",\"BrowserCore\":\"Chromium\",\"BrowseVersion\":\"129.0.6533.73\",\"AcceptLanguage\":\"en-US\",\"AutoLanguage\":true,\"Proxy\":null,\"TimezoneMode\":1,\"Timezone\":\"Asia/Ho_Chi_Minh\",\"ExcludeFontList\":[],\"IncludeFontList\":[],\"ScreenWidth\":1366,\"ScreenHeight\":768,\"AvailScreenWidth\":1366,\"AvailScreenHeight\":625,\"StartupUrls\":\"\",\"ProcessorCount\":32,\"DeviceMemory\":8,\"JsHeapSizeLimit\":8589933858,\"AudioNoise\":0.26578444534250745,\"AudioInputs\":2,\"AudioOutputs\":1,\"VideoInputs\":1,\"CanvasNoiseGlobalAlpha\":-1.0,\"CanvasNoiseShadowBlur\":-1.0,\"CanvasNoiseShadowOffsetX\":-1.0,\"CanvasNoiseShadowOffsetY\":-1.0,\"CanvasNoiseTextX\":-1.0,\"CanvasNoiseTextY\":-1.0,\"WebGLNoise\":-1.0,\"WebGLRectNoise\":-1.0,\"WebGLUniform2fNoise\":-1.0,\"MaxVertexUniform\":3562,\"MaxFragmentUniform\":1427,\"WebGLRenderer\":\"ANGLE (AMD, Radeon (TM) RX 480 Graphics Direct3D11 vs_5_0 ps_5_0, D3D11)\",\"WebGLVendor\":\"Google Inc. (AMD)\",\"ClientRectNoise\":-1.0,\"WebGL_Uniform1Noise\":-1.0,\"WebGL_Uniform2Noise\":-1.0,\"WebGL_Uniform3Noise\":-1.0,\"WebGL_Uniform4Noise\":-1.0,\"WebGL_ReadPixelsIndex\":-1,\"WebGL_ReadPixelsNoiseVal\":-1,\"WebGL_SHADING_LANGUAGE_VERSION\":\"WebGL GLSL ES 3.00 (OpenGL ES GLSL ES 3.0 Chromium)\",\"WebGL_VERSION\":\"WebGL 2.0 (OpenGL ES 3.0 Chromium)\",\"WebGL_RENDERER\":\"WebKit WebGL\",\"WebGL_VENDOR\":\"WebKit\",\"WebGL_UNMASKED_VENDOR_WEBGL\":\"Google Inc. (AMD)\",\"WebGL_UNMASKED_RENDERER_WEBGL\":\"ANGLE (AMD, Radeon (TM) RX 480 Graphics Direct3D11 vs_5_0 ps_5_0, D3D11)\",\"WebGL_MAX_FRAGMENT_UNIFORM_VECTORS\":1024,\"WebGL_MAX_3D_TEXTURE_SIZE\":2048,\"WebGL_MAX_ARRAY_TEXTURE_LAYERS\":2048,\"WebGL_MAX_COLOR_ATTACHMENTS\":8,\"WebGL_MAX_COMBINED_TEXTURE_IMAGE_UNITS\":32,\"WebGL_MAX_COMBINED_UNIFORM_BLOCKS\":24,\"WebGL_MAX_CUBE_MAP_TEXTURE_SIZE\":16384,\"WebGL_MAX_DRAW_BUFFERS\":8,\"WebGL_MAX_FRAGMENT_INPUT_COMPONENTS\":120,\"WebGL_MAX_FRAGMENT_UNIFORM_BLOCKS\":12,\"WebGL_MAX_PROGRAM_TEXEL_OFFSET\":7,\"WebGL_MAX_RENDERBUFFER_SIZE\":16384,\"WebGL_MAX_SAMPLES\":8,\"WebGL_MAX_TEXTURE_IMAGE_UNITS\":16,\"WebGL_MAX_TEXTURE_LOD_BIAS\":2,\"WebGL_MAX_TEXTURE_SIZE\":16384,\"WebGL_MAX_TRANSFORM_FEEDBACK_INTERLEAVED_COMPONENTS\":120,\"WebGL_MAX_TRANSFORM_FEEDBACK_SEPARATE_ATTRIBS\":4,\"WebGL_MAX_TRANSFORM_FEEDBACK_SEPARATE_COMPONENTS\":4,\"WebGL_MAX_UNIFORM_BLOCK_SIZE\":65536,\"WebGL_MAX_UNIFORM_BUFFER_BINDINGS\":24,\"WebGL_MAX_VARYING_COMPONENTS\":120,\"WebGL_MAX_VARYING_VECTORS\":30,\"WebGL_MAX_VERTEX_ATTRIBS\":16,\"WebGL_MAX_VERTEX_OUTPUT_COMPONENTS\":120,\"WebGL_MAX_VERTEX_TEXTURE_IMAGE_UNITS\":16,\"WebGL_MAX_VERTEX_UNIFORM_BLOCKS\":12,\"WebGL_MAX_VERTEX_UNIFORM_COMPONENTS\":16384,\"WebGL_MAX_VERTEX_UNIFORM_VECTORS\":4096,\"WebGL_MAX_FRAGMENT_UNIFORM_COMPONENTS\":4096,\"WebGL_MIN_PROGRAM_TEXEL_OFFSET\":-8,\"WebGL_UNIFORM_BUFFER_OFFSET_ALIGNMENT\":256,\"WebGL_MAX_COMBINED_VERTEX_UNIFORM_COMPONENTS\":212992,\"WebGL_MAX_COMBINED_FRAGMENT_UNIFORM_COMPONENTS\":200704,\"WebGL_MAX_VIEWPORT_DIMS\":[32767,32767],\"WebGL_ALIASED_LINE_WIDTH_RANGE\":[1,1],\"WebGL_ALIASED_POINT_SIZE_RANGE\":[1,1024],\"WebRTCMode\":2,\"WebRTCPublicIP\":\"1.52.135.202\",\"Note\":\"Live Ads - Từng chạt camp BDS bên Báu\",\"Extension\":null,\"GeoMode\":1,\"GeoLatitude\":10.822,\"GeoLongitude\":106.6257,\"GeoAccuracy\":100.0,\"Tags\":[],\"ForegroundColorHex\":\"#FF404040\",\"MacAddress\":\"E6-70-7A-AB-E9-6E\",\"SaveType\":1,\"IdOnClould\":null}','[]',1,1,NULL,NULL,1,'2025-02-19 09:01:56','2025-06-10 10:10:38'),(12,'Seosona 14 - Test MBTI v2','e16alssVLX19022025','{\"Name\":\"Seosona 14 - Test MBTI v2\",\"UserAgent\":\"Mozilla/5.0 (Windows NT 10.0; Win64; x64) AppleWebKit/537.36 (KHTML, like Gecko) Chrome/129.0.0.0 Safari/537.36\",\"CanEditUserAgent\":false,\"WinVersion\":\"Windows 10\",\"WinPlatform\":\"64 bit\",\"PlatformNavigator\":null,\"PlatformUaMeta\":null,\"PlatformUaVersion\":\"10.0.0\",\"PlatformCPUModelName\":\"AMD Ryzen 7 3750H with Radeon Vega Mobile Gfx  \",\"PlatformOS\":\"win\",\"BrowseName\":\"Chrome\",\"BrowserCore\":\"Chromium\",\"BrowseVersion\":\"129.0.6533.73\",\"AcceptLanguage\":\"en-US\",\"AutoLanguage\":true,\"Proxy\":null,\"ProxyRegion\":\"VN\",\"TimezoneMode\":1,\"Timezone\":\"Asia/Ho_Chi_Minh\",\"ExcludeFontList\":[],\"IncludeFontList\":[],\"ScreenWidth\":1366,\"ScreenHeight\":768,\"AvailScreenWidth\":1366,\"AvailScreenHeight\":625,\"StartupUrls\":\"\",\"ProcessorCount\":64,\"DeviceMemory\":8,\"JsHeapSizeLimit\":8589934097,\"AudioNoise\":0.19016897175003261,\"AudioInputs\":0,\"AudioOutputs\":0,\"VideoInputs\":0,\"CanvasNoiseGlobalAlpha\":-1.0,\"CanvasNoiseShadowBlur\":-1.0,\"CanvasNoiseShadowOffsetX\":-1.0,\"CanvasNoiseShadowOffsetY\":-1.0,\"CanvasNoiseTextX\":-1.0,\"CanvasNoiseTextY\":-1.0,\"WebGLNoise\":-1.0,\"WebGLRectNoise\":-1.0,\"WebGLUniform2fNoise\":-1.0,\"MaxVertexUniform\":4016,\"MaxFragmentUniform\":1227,\"WebGLRenderer\":\"ANGLE (NVIDIA, NVIDIA GeForce RTX 2060 Direct3D11 vs_5_0 ps_5_0, D3D11)\",\"WebGLVendor\":\"Google Inc. (NVIDIA)\",\"ClientRectNoise\":-1.0,\"WebGL_Uniform1Noise\":-1.0,\"WebGL_Uniform2Noise\":-1.0,\"WebGL_Uniform3Noise\":-1.0,\"WebGL_Uniform4Noise\":-1.0,\"WebGL_ReadPixelsIndex\":-1,\"WebGL_ReadPixelsNoiseVal\":-1,\"WebGL_SHADING_LANGUAGE_VERSION\":\"WebGL GLSL ES 3.00 (OpenGL ES GLSL ES 3.0 Chromium)\",\"WebGL_VERSION\":\"WebGL 2.0 (OpenGL ES 3.0 Chromium)\",\"WebGL_RENDERER\":\"WebKit WebGL\",\"WebGL_VENDOR\":\"WebKit\",\"WebGL_UNMASKED_VENDOR_WEBGL\":\"Google Inc. (NVIDIA)\",\"WebGL_UNMASKED_RENDERER_WEBGL\":\"ANGLE (NVIDIA, NVIDIA GeForce RTX 2060 Direct3D11 vs_5_0 ps_5_0, D3D11)\",\"WebGL_MAX_FRAGMENT_UNIFORM_VECTORS\":1024,\"WebGL_MAX_3D_TEXTURE_SIZE\":2048,\"WebGL_MAX_ARRAY_TEXTURE_LAYERS\":2048,\"WebGL_MAX_COLOR_ATTACHMENTS\":8,\"WebGL_MAX_COMBINED_TEXTURE_IMAGE_UNITS\":32,\"WebGL_MAX_COMBINED_UNIFORM_BLOCKS\":24,\"WebGL_MAX_CUBE_MAP_TEXTURE_SIZE\":16384,\"WebGL_MAX_DRAW_BUFFERS\":8,\"WebGL_MAX_FRAGMENT_INPUT_COMPONENTS\":120,\"WebGL_MAX_FRAGMENT_UNIFORM_BLOCKS\":12,\"WebGL_MAX_PROGRAM_TEXEL_OFFSET\":7,\"WebGL_MAX_RENDERBUFFER_SIZE\":16384,\"WebGL_MAX_SAMPLES\":8,\"WebGL_MAX_TEXTURE_IMAGE_UNITS\":16,\"WebGL_MAX_TEXTURE_LOD_BIAS\":2,\"WebGL_MAX_TEXTURE_SIZE\":16384,\"WebGL_MAX_TRANSFORM_FEEDBACK_INTERLEAVED_COMPONENTS\":120,\"WebGL_MAX_TRANSFORM_FEEDBACK_SEPARATE_ATTRIBS\":4,\"WebGL_MAX_TRANSFORM_FEEDBACK_SEPARATE_COMPONENTS\":4,\"WebGL_MAX_UNIFORM_BLOCK_SIZE\":65536,\"WebGL_MAX_UNIFORM_BUFFER_BINDINGS\":24,\"WebGL_MAX_VARYING_COMPONENTS\":120,\"WebGL_MAX_VARYING_VECTORS\":30,\"WebGL_MAX_VERTEX_ATTRIBS\":16,\"WebGL_MAX_VERTEX_OUTPUT_COMPONENTS\":120,\"WebGL_MAX_VERTEX_TEXTURE_IMAGE_UNITS\":16,\"WebGL_MAX_VERTEX_UNIFORM_BLOCKS\":12,\"WebGL_MAX_VERTEX_UNIFORM_COMPONENTS\":16380,\"WebGL_MAX_VERTEX_UNIFORM_VECTORS\":4096,\"WebGL_MAX_FRAGMENT_UNIFORM_COMPONENTS\":4096,\"WebGL_MIN_PROGRAM_TEXEL_OFFSET\":-8,\"WebGL_UNIFORM_BUFFER_OFFSET_ALIGNMENT\":256,\"WebGL_MAX_COMBINED_VERTEX_UNIFORM_COMPONENTS\":212988,\"WebGL_MAX_COMBINED_FRAGMENT_UNIFORM_COMPONENTS\":200704,\"WebGL_MAX_VIEWPORT_DIMS\":[32767,32767],\"WebGL_ALIASED_LINE_WIDTH_RANGE\":[1,1],\"WebGL_ALIASED_POINT_SIZE_RANGE\":[1,1024],\"WebRTCMode\":2,\"WebRTCPublicIP\":\"104.28.205.70\",\"WebRTCKeepConnect\":false,\"WebRTCAllowTCP\":false,\"Note\":\"Live Ads - đang cho chạy test MBTI\",\"Extension\":null,\"GeoMode\":1,\"GeoLatitude\":10.82302,\"GeoLongitude\":106.62965,\"GeoAccuracy\":100.0,\"Tags\":[],\"ForegroundColorHex\":\"#FF404040\",\"MacAddress\":\"62-9B-0F-B3-08-01\",\"SaveType\":1,\"IdOnClould\":null,\"ShortTitleIconOverlay\":null,\"ConvertProfileTo64bit\":false,\"FingerpritVersion\":0}','[]',1,1,1,'2025-06-08 07:49:28',1,'2025-02-19 09:02:07','2025-06-10 10:10:38'),(13,'Seosona 3','ILRy9l1MqD19022025','{\"Name\":\"Seosona 3\",\"UserAgent\":\"Mozilla/5.0 (Windows NT 10.0; Win64; x64) AppleWebKit/537.36 (KHTML, like Gecko) Chrome/129.0.0.0 Safari/537.36\",\"CanEditUserAgent\":false,\"WinVersion\":\"Windows 10\",\"WinPlatform\":\"64 bit\",\"PlatformNavigator\":null,\"PlatformUaMeta\":null,\"PlatformUaVersion\":\"10.0.0\",\"PlatformCPUModelName\":\"AMD Ryzen 7 3750H with Radeon Vega Mobile Gfx  \",\"PlatformOS\":\"win\",\"BrowseName\":\"Chrome\",\"BrowserCore\":\"Chromium\",\"BrowseVersion\":\"129.0.6533.73\",\"AcceptLanguage\":\"en-US\",\"AutoLanguage\":true,\"Proxy\":null,\"ProxyRegion\":\"VN\",\"TimezoneMode\":1,\"Timezone\":\"Asia/Ho_Chi_Minh\",\"ExcludeFontList\":[],\"IncludeFontList\":[],\"ScreenWidth\":1366,\"ScreenHeight\":768,\"AvailScreenWidth\":1366,\"AvailScreenHeight\":625,\"StartupUrls\":\"\",\"ProcessorCount\":8,\"DeviceMemory\":8,\"DeviceMemoryDouble\":8.0,\"JsHeapSizeLimit\":8589934078,\"AudioNoise\":0.459686914207268,\"AudioInputs\":2,\"AudioOutputs\":1,\"VideoInputs\":0,\"CanvasNoiseGlobalAlpha\":-1.0,\"CanvasNoiseShadowBlur\":-1.0,\"CanvasNoiseShadowOffsetX\":-1.0,\"CanvasNoiseShadowOffsetY\":-1.0,\"CanvasNoiseTextX\":-1.0,\"CanvasNoiseTextY\":-1.0,\"CanvasNoiseToken\":0,\"WebGLNoise\":-1.0,\"WebGLRectNoise\":-1.0,\"WebGLUniform2fNoise\":-1.0,\"MaxVertexUniform\":4405,\"MaxFragmentUniform\":997,\"WebGLRenderer\":\"ANGLE (NVIDIA, NVIDIA GeForce RTX 4090 (0x00002684) Direct3D11 vs_5_0 ps_5_0, D3D11)\",\"WebGLVendor\":\"Google Inc. (NVIDIA)\",\"ClientRectNoise\":-1.0,\"WebGL_Uniform1Noise\":-1.0,\"WebGL_Uniform2Noise\":-1.0,\"WebGL_Uniform3Noise\":-1.0,\"WebGL_Uniform4Noise\":-1.0,\"WebGL_ReadPixelsIndex\":-1,\"WebGL_ReadPixelsNoiseVal\":-1,\"WebGL_SHADING_LANGUAGE_VERSION\":\"WebGL GLSL ES 3.00 (OpenGL ES GLSL ES 3.0 Chromium)\",\"WebGL_VERSION\":\"WebGL 2.0 (OpenGL ES 3.0 Chromium)\",\"WebGL_RENDERER\":\"WebKit WebGL\",\"WebGL_VENDOR\":\"WebKit\",\"WebGL_UNMASKED_VENDOR_WEBGL\":\"Google Inc. (NVIDIA)\",\"WebGL_UNMASKED_RENDERER_WEBGL\":\"ANGLE (NVIDIA, NVIDIA GeForce RTX 4090 (0x00002684) Direct3D11 vs_5_0 ps_5_0, D3D11)\",\"WebGL_MAX_FRAGMENT_UNIFORM_VECTORS\":1024,\"WebGL_MAX_3D_TEXTURE_SIZE\":2048,\"WebGL_MAX_ARRAY_TEXTURE_LAYERS\":2048,\"WebGL_MAX_COLOR_ATTACHMENTS\":8,\"WebGL_MAX_COMBINED_TEXTURE_IMAGE_UNITS\":32,\"WebGL_MAX_COMBINED_UNIFORM_BLOCKS\":24,\"WebGL_MAX_CUBE_MAP_TEXTURE_SIZE\":16384,\"WebGL_MAX_DRAW_BUFFERS\":8,\"WebGL_MAX_FRAGMENT_INPUT_COMPONENTS\":120,\"WebGL_MAX_FRAGMENT_UNIFORM_BLOCKS\":12,\"WebGL_MAX_PROGRAM_TEXEL_OFFSET\":7,\"WebGL_MAX_RENDERBUFFER_SIZE\":16384,\"WebGL_MAX_SAMPLES\":8,\"WebGL_MAX_TEXTURE_IMAGE_UNITS\":16,\"WebGL_MAX_TEXTURE_LOD_BIAS\":2,\"WebGL_MAX_TEXTURE_SIZE\":16384,\"WebGL_MAX_TRANSFORM_FEEDBACK_INTERLEAVED_COMPONENTS\":120,\"WebGL_MAX_TRANSFORM_FEEDBACK_SEPARATE_ATTRIBS\":4,\"WebGL_MAX_TRANSFORM_FEEDBACK_SEPARATE_COMPONENTS\":4,\"WebGL_MAX_UNIFORM_BLOCK_SIZE\":65536,\"WebGL_MAX_UNIFORM_BUFFER_BINDINGS\":24,\"WebGL_MAX_VARYING_COMPONENTS\":120,\"WebGL_MAX_VARYING_VECTORS\":30,\"WebGL_MAX_VERTEX_ATTRIBS\":16,\"WebGL_MAX_VERTEX_OUTPUT_COMPONENTS\":120,\"WebGL_MAX_VERTEX_TEXTURE_IMAGE_UNITS\":16,\"WebGL_MAX_VERTEX_UNIFORM_BLOCKS\":12,\"WebGL_MAX_VERTEX_UNIFORM_COMPONENTS\":16380,\"WebGL_MAX_VERTEX_UNIFORM_VECTORS\":4096,\"WebGL_MAX_FRAGMENT_UNIFORM_COMPONENTS\":4096,\"WebGL_MIN_PROGRAM_TEXEL_OFFSET\":-8,\"WebGL_UNIFORM_BUFFER_OFFSET_ALIGNMENT\":256,\"WebGL_MAX_COMBINED_VERTEX_UNIFORM_COMPONENTS\":212988,\"WebGL_MAX_COMBINED_FRAGMENT_UNIFORM_COMPONENTS\":200704,\"WebGL_MAX_VIEWPORT_DIMS\":[32767,32767],\"WebGL_ALIASED_LINE_WIDTH_RANGE\":[1,1],\"WebGL_ALIASED_POINT_SIZE_RANGE\":[1,1024],\"WebGL_STENCIL_VALUE_MASK\":2147483647,\"WebGL_STENCIL_WRITEMASK\":2147483647,\"WebGL_STENCIL_BACK_VALUE_MASK\":2147483647,\"WebGL_STENCIL_BACK_WRITEMASK\":2147483647,\"WebRTCMode\":2,\"WebRTCPublicIP\":\"14.186.117.114\",\"WebRTCKeepConnect\":false,\"WebRTCAllowTCP\":false,\"Note\":\"Live Ads - Ngon - Đang chạy cho SEOSONA\",\"Extension\":null,\"GeoMode\":1,\"GeoLatitude\":10.82302,\"GeoLongitude\":106.62965,\"GeoAccuracy\":100.0,\"Tags\":[],\"WebGPUVendorId\":-1,\"WebGPUDeviceId\":-1,\"ForegroundColorHex\":\"#FF404040\",\"MacAddress\":\"9E-49-0B-95-A0-61\",\"SaveType\":1,\"IdOnClould\":null,\"ShortTitleIconOverlay\":null,\"ConvertProfileTo64bit\":false,\"FingerpritVersion\":0}','[]',4,1,1,'2025-08-05 12:08:09',1,'2025-02-19 09:02:11','2025-08-05 12:08:11'),(14,'ads.banletaikho.vn@gmail.com','OobxM95Wnl19022025','{\"Name\":\"ads.banletaikho.vn@gmail.com\",\"UserAgent\":\"Mozilla/5.0 (Windows NT 10.0; Win64; x64) AppleWebKit/537.36 (KHTML, like Gecko) Chrome/132.0.0.0 Safari/537.36\",\"CanEditUserAgent\":false,\"WinVersion\":\"Windows 10\",\"WinPlatform\":\"64 bit\",\"PlatformNavigator\":null,\"PlatformUaMeta\":null,\"PlatformUaVersion\":\"10.0.0\",\"PlatformCPUModelName\":\"AMD Ryzen 7 3750H with Radeon Vega Mobile Gfx  \",\"PlatformOS\":\"win\",\"BrowseName\":\"Chrome\",\"BrowserCore\":\"Chromium\",\"BrowseVersion\":\"132.0.6834.84\",\"AcceptLanguage\":\"en-US\",\"AutoLanguage\":true,\"Proxy\":null,\"ProxyRegion\":\"none\",\"TimezoneMode\":1,\"Timezone\":\"Asia/Ho_Chi_Minh\",\"ExcludeFontList\":[],\"IncludeFontList\":[],\"ScreenWidth\":-1,\"ScreenHeight\":-1,\"AvailScreenWidth\":-1,\"AvailScreenHeight\":-1,\"StartupUrls\":\"\",\"ProcessorCount\":6,\"DeviceMemory\":2,\"JsHeapSizeLimit\":2147482760,\"AudioNoise\":0.92591506146169966,\"AudioInputs\":0,\"AudioOutputs\":1,\"VideoInputs\":0,\"CanvasNoiseGlobalAlpha\":-1.0,\"CanvasNoiseShadowBlur\":-1.0,\"CanvasNoiseShadowOffsetX\":-1.0,\"CanvasNoiseShadowOffsetY\":-1.0,\"CanvasNoiseTextX\":-1.0,\"CanvasNoiseTextY\":-1.0,\"WebGLNoise\":-1.0,\"WebGLRectNoise\":-1.0,\"WebGLUniform2fNoise\":-1.0,\"MaxVertexUniform\":4191,\"MaxFragmentUniform\":1071,\"WebGLRenderer\":\"ANGLE (Intel, Intel(R) HD Graphics 530 (0x0000191B) Direct3D11 vs_5_0 ps_5_0, D3D11)\",\"WebGLVendor\":\"Google Inc. (Intel)\",\"ClientRectNoise\":-1.0,\"WebGL_Uniform1Noise\":-1.0,\"WebGL_Uniform2Noise\":-1.0,\"WebGL_Uniform3Noise\":-1.0,\"WebGL_Uniform4Noise\":-1.0,\"WebGL_ReadPixelsIndex\":-1,\"WebGL_ReadPixelsNoiseVal\":-1,\"WebGL_SHADING_LANGUAGE_VERSION\":\"WebGL GLSL ES 3.00 (OpenGL ES GLSL ES 3.0 Chromium)\",\"WebGL_VERSION\":\"WebGL 2.0 (OpenGL ES 3.0 Chromium)\",\"WebGL_RENDERER\":\"WebKit WebGL\",\"WebGL_VENDOR\":\"WebKit\",\"WebGL_UNMASKED_VENDOR_WEBGL\":\"Google Inc. (Intel)\",\"WebGL_UNMASKED_RENDERER_WEBGL\":\"ANGLE (Intel, Intel(R) HD Graphics 530 (0x0000191B) Direct3D11 vs_5_0 ps_5_0, D3D11)\",\"WebGL_MAX_FRAGMENT_UNIFORM_VECTORS\":1024,\"WebGL_MAX_3D_TEXTURE_SIZE\":2048,\"WebGL_MAX_ARRAY_TEXTURE_LAYERS\":2048,\"WebGL_MAX_COLOR_ATTACHMENTS\":8,\"WebGL_MAX_COMBINED_TEXTURE_IMAGE_UNITS\":32,\"WebGL_MAX_COMBINED_UNIFORM_BLOCKS\":24,\"WebGL_MAX_CUBE_MAP_TEXTURE_SIZE\":16384,\"WebGL_MAX_DRAW_BUFFERS\":8,\"WebGL_MAX_FRAGMENT_INPUT_COMPONENTS\":120,\"WebGL_MAX_FRAGMENT_UNIFORM_BLOCKS\":12,\"WebGL_MAX_PROGRAM_TEXEL_OFFSET\":7,\"WebGL_MAX_RENDERBUFFER_SIZE\":16384,\"WebGL_MAX_SAMPLES\":16,\"WebGL_MAX_TEXTURE_IMAGE_UNITS\":16,\"WebGL_MAX_TEXTURE_LOD_BIAS\":2,\"WebGL_MAX_TEXTURE_SIZE\":16384,\"WebGL_MAX_TRANSFORM_FEEDBACK_INTERLEAVED_COMPONENTS\":120,\"WebGL_MAX_TRANSFORM_FEEDBACK_SEPARATE_ATTRIBS\":4,\"WebGL_MAX_TRANSFORM_FEEDBACK_SEPARATE_COMPONENTS\":4,\"WebGL_MAX_UNIFORM_BLOCK_SIZE\":65536,\"WebGL_MAX_UNIFORM_BUFFER_BINDINGS\":24,\"WebGL_MAX_VARYING_COMPONENTS\":120,\"WebGL_MAX_VARYING_VECTORS\":30,\"WebGL_MAX_VERTEX_ATTRIBS\":16,\"WebGL_MAX_VERTEX_OUTPUT_COMPONENTS\":120,\"WebGL_MAX_VERTEX_TEXTURE_IMAGE_UNITS\":16,\"WebGL_MAX_VERTEX_UNIFORM_BLOCKS\":12,\"WebGL_MAX_VERTEX_UNIFORM_COMPONENTS\":16384,\"WebGL_MAX_VERTEX_UNIFORM_VECTORS\":4096,\"WebGL_MAX_FRAGMENT_UNIFORM_COMPONENTS\":4096,\"WebGL_MIN_PROGRAM_TEXEL_OFFSET\":-8,\"WebGL_UNIFORM_BUFFER_OFFSET_ALIGNMENT\":256,\"WebGL_MAX_COMBINED_VERTEX_UNIFORM_COMPONENTS\":212992,\"WebGL_MAX_COMBINED_FRAGMENT_UNIFORM_COMPONENTS\":200704,\"WebGL_MAX_VIEWPORT_DIMS\":[32767,32767],\"WebGL_ALIASED_LINE_WIDTH_RANGE\":[1,1],\"WebGL_ALIASED_POINT_SIZE_RANGE\":[1,1024],\"WebRTCMode\":2,\"WebRTCPublicIP\":\"118.71.15.142\",\"Note\":\"email bên banletaikho.vn\",\"Extension\":null,\"GeoMode\":1,\"GeoLatitude\":10.822,\"GeoLongitude\":106.6257,\"GeoAccuracy\":100.0,\"Tags\":[],\"ForegroundColorHex\":\"#FF404040\",\"MacAddress\":\"DE-59-79-34-8F-73\",\"SaveType\":1,\"IdOnClould\":null}','[]',1,1,2,'2025-02-19 15:00:08',1,'2025-02-19 09:02:21','2025-06-10 10:10:38'),(15,'Seosona 7','xfivRltQ9k19022025','{\"Name\":\"Seosona 7\",\"UserAgent\":\"Mozilla/5.0 (Windows NT 10.0; Win64; x64) AppleWebKit/537.36 (KHTML, like Gecko) Chrome/129.0.0.0 Safari/537.36\",\"CanEditUserAgent\":false,\"WinVersion\":\"Windows 10\",\"WinPlatform\":\"64 bit\",\"PlatformNavigator\":null,\"PlatformUaMeta\":null,\"PlatformUaVersion\":\"10.0.0\",\"PlatformCPUModelName\":\"AMD Ryzen 7 3750H with Radeon Vega Mobile Gfx  \",\"PlatformOS\":\"win\",\"BrowseName\":\"Chrome\",\"BrowserCore\":\"Chromium\",\"BrowseVersion\":\"129.0.6533.73\",\"AcceptLanguage\":\"en-US\",\"AutoLanguage\":true,\"Proxy\":null,\"ProxyRegion\":\"VN\",\"TimezoneMode\":1,\"Timezone\":\"Asia/Ho_Chi_Minh\",\"ExcludeFontList\":[],\"IncludeFontList\":[],\"ScreenWidth\":-1,\"ScreenHeight\":-1,\"AvailScreenWidth\":-1,\"AvailScreenHeight\":-1,\"StartupUrls\":\"\",\"ProcessorCount\":6,\"DeviceMemory\":8,\"DeviceMemoryDouble\":8.0,\"JsHeapSizeLimit\":8589934184,\"AudioNoise\":0.33294699822224072,\"AudioInputs\":2,\"AudioOutputs\":0,\"VideoInputs\":0,\"CanvasNoiseGlobalAlpha\":-1.0,\"CanvasNoiseShadowBlur\":-1.0,\"CanvasNoiseShadowOffsetX\":-1.0,\"CanvasNoiseShadowOffsetY\":-1.0,\"CanvasNoiseTextX\":-1.0,\"CanvasNoiseTextY\":-1.0,\"CanvasNoiseToken\":0,\"WebGLNoise\":-1.0,\"WebGLRectNoise\":-1.0,\"WebGLUniform2fNoise\":-1.0,\"MaxVertexUniform\":3310,\"MaxFragmentUniform\":1277,\"WebGLRenderer\":\"ANGLE (NVIDIA, NVIDIA GeForce GT 610 Direct3D11 vs_5_0 ps_5_0, D3D11)\",\"WebGLVendor\":\"Google Inc. (NVIDIA)\",\"ClientRectNoise\":-1.0,\"WebGL_Uniform1Noise\":-1.0,\"WebGL_Uniform2Noise\":-1.0,\"WebGL_Uniform3Noise\":-1.0,\"WebGL_Uniform4Noise\":-1.0,\"WebGL_ReadPixelsIndex\":-1,\"WebGL_ReadPixelsNoiseVal\":-1,\"WebGL_SHADING_LANGUAGE_VERSION\":\"WebGL GLSL ES 3.00 (OpenGL ES GLSL ES 3.0 Chromium)\",\"WebGL_VERSION\":\"WebGL 2.0 (OpenGL ES 3.0 Chromium)\",\"WebGL_RENDERER\":\"WebKit WebGL\",\"WebGL_VENDOR\":\"WebKit\",\"WebGL_UNMASKED_VENDOR_WEBGL\":\"Google Inc. (NVIDIA)\",\"WebGL_UNMASKED_RENDERER_WEBGL\":\"ANGLE (NVIDIA, NVIDIA GeForce GT 610 Direct3D11 vs_5_0 ps_5_0, D3D11)\",\"WebGL_MAX_FRAGMENT_UNIFORM_VECTORS\":1024,\"WebGL_MAX_3D_TEXTURE_SIZE\":2048,\"WebGL_MAX_ARRAY_TEXTURE_LAYERS\":2048,\"WebGL_MAX_COLOR_ATTACHMENTS\":8,\"WebGL_MAX_COMBINED_TEXTURE_IMAGE_UNITS\":32,\"WebGL_MAX_COMBINED_UNIFORM_BLOCKS\":24,\"WebGL_MAX_CUBE_MAP_TEXTURE_SIZE\":16384,\"WebGL_MAX_DRAW_BUFFERS\":8,\"WebGL_MAX_FRAGMENT_INPUT_COMPONENTS\":120,\"WebGL_MAX_FRAGMENT_UNIFORM_BLOCKS\":12,\"WebGL_MAX_PROGRAM_TEXEL_OFFSET\":7,\"WebGL_MAX_RENDERBUFFER_SIZE\":16384,\"WebGL_MAX_SAMPLES\":8,\"WebGL_MAX_TEXTURE_IMAGE_UNITS\":16,\"WebGL_MAX_TEXTURE_LOD_BIAS\":2,\"WebGL_MAX_TEXTURE_SIZE\":16384,\"WebGL_MAX_TRANSFORM_FEEDBACK_INTERLEAVED_COMPONENTS\":120,\"WebGL_MAX_TRANSFORM_FEEDBACK_SEPARATE_ATTRIBS\":4,\"WebGL_MAX_TRANSFORM_FEEDBACK_SEPARATE_COMPONENTS\":4,\"WebGL_MAX_UNIFORM_BLOCK_SIZE\":65536,\"WebGL_MAX_UNIFORM_BUFFER_BINDINGS\":24,\"WebGL_MAX_VARYING_COMPONENTS\":120,\"WebGL_MAX_VARYING_VECTORS\":30,\"WebGL_MAX_VERTEX_ATTRIBS\":16,\"WebGL_MAX_VERTEX_OUTPUT_COMPONENTS\":120,\"WebGL_MAX_VERTEX_TEXTURE_IMAGE_UNITS\":16,\"WebGL_MAX_VERTEX_UNIFORM_BLOCKS\":12,\"WebGL_MAX_VERTEX_UNIFORM_COMPONENTS\":16380,\"WebGL_MAX_VERTEX_UNIFORM_VECTORS\":4096,\"WebGL_MAX_FRAGMENT_UNIFORM_COMPONENTS\":4096,\"WebGL_MIN_PROGRAM_TEXEL_OFFSET\":-8,\"WebGL_UNIFORM_BUFFER_OFFSET_ALIGNMENT\":256,\"WebGL_MAX_COMBINED_VERTEX_UNIFORM_COMPONENTS\":212988,\"WebGL_MAX_COMBINED_FRAGMENT_UNIFORM_COMPONENTS\":200704,\"WebGL_MAX_VIEWPORT_DIMS\":[32767,32767],\"WebGL_ALIASED_LINE_WIDTH_RANGE\":[1,1],\"WebGL_ALIASED_POINT_SIZE_RANGE\":[1,1024],\"WebGL_STENCIL_VALUE_MASK\":2147483647,\"WebGL_STENCIL_WRITEMASK\":2147483647,\"WebGL_STENCIL_BACK_VALUE_MASK\":2147483647,\"WebGL_STENCIL_BACK_WRITEMASK\":2147483647,\"WebRTCMode\":2,\"WebRTCPublicIP\":\"115.74.132.184\",\"WebRTCKeepConnect\":false,\"WebRTCAllowTCP\":false,\"Note\":\"Live Ads ngon\",\"Extension\":null,\"GeoMode\":1,\"GeoLatitude\":10.82302,\"GeoLongitude\":106.62965,\"GeoAccuracy\":100.0,\"Tags\":[],\"WebGPUVendorId\":-1,\"WebGPUDeviceId\":-1,\"ForegroundColorHex\":\"#FF404040\",\"MacAddress\":\"EE-33-48-5F-8A-C1\",\"SaveType\":1,\"IdOnClould\":null,\"ShortTitleIconOverlay\":null,\"ConvertProfileTo64bit\":false,\"FingerpritVersion\":0}','[]',1,1,1,'2025-07-25 09:03:06',1,'2025-02-19 09:02:26','2025-07-25 09:03:07'),(16,'Huấn luyện cho - Hoàng','8AJIh2LGlI19022025','{\"Name\":\"Huấn luyện cho - Hoàng\",\"UserAgent\":\"Mozilla/5.0 (Windows NT 10.0; Win64; x64) AppleWebKit/537.36 (KHTML, like Gecko) Chrome/124.0.0.0 Safari/537.36\",\"CanEditUserAgent\":false,\"WinVersion\":\"Windows 10\",\"WinPlatform\":\"64 bit\",\"PlatformNavigator\":null,\"PlatformUaMeta\":null,\"PlatformUaVersion\":\"10.0.0\",\"BrowseName\":\"Chrome\",\"BrowserCore\":\"Chromium\",\"BrowseVersion\":\"124.0.6367.29\",\"AcceptLanguage\":\"en-US\",\"AutoLanguage\":true,\"Proxy\":null,\"ProxyRegion\":\"VN\",\"TimezoneMode\":1,\"Timezone\":\"Asia/Ho_Chi_Minh\",\"ExcludeFontList\":[],\"IncludeFontList\":[],\"ScreenWidth\":1366,\"ScreenHeight\":768,\"AvailScreenWidth\":1366,\"AvailScreenHeight\":625,\"StartupUrls\":\"\",\"ProcessorCount\":4,\"DeviceMemory\":4,\"JsHeapSizeLimit\":4294966418,\"AudioNoise\":0.77347506805019228,\"AudioInputs\":2,\"AudioOutputs\":1,\"VideoInputs\":0,\"CanvasNoiseGlobalAlpha\":-1.0,\"CanvasNoiseShadowBlur\":-1.0,\"CanvasNoiseShadowOffsetX\":-1.0,\"CanvasNoiseShadowOffsetY\":-1.0,\"CanvasNoiseTextX\":-1.0,\"CanvasNoiseTextY\":-1.0,\"WebGLNoise\":-1.0,\"WebGLRectNoise\":-1.0,\"WebGLUniform2fNoise\":-1.0,\"MaxVertexUniform\":3496,\"MaxFragmentUniform\":1447,\"WebGLRenderer\":\"ANGLE (Intel, Intel(R) UHD Graphics 630 (0x00009BC8) Direct3D11 vs_5_0 ps_5_0, D3D11)\",\"WebGLVendor\":\"Google Inc. (Intel)\",\"ClientRectNoise\":-1.0,\"WebGL_Uniform1Noise\":-1.0,\"WebGL_Uniform2Noise\":-1.0,\"WebGL_Uniform3Noise\":-1.0,\"WebGL_Uniform4Noise\":-1.0,\"WebGL_ReadPixelsIndex\":-1,\"WebGL_ReadPixelsNoiseVal\":-1,\"WebGL_SHADING_LANGUAGE_VERSION\":\"WebGL GLSL ES 3.00 (OpenGL ES GLSL ES 3.0 Chromium)\",\"WebGL_VERSION\":\"WebGL 2.0 (OpenGL ES 3.0 Chromium)\",\"WebGL_RENDERER\":\"WebKit WebGL\",\"WebGL_VENDOR\":\"WebKit\",\"WebGL_UNMASKED_VENDOR_WEBGL\":\"Google Inc. (Intel)\",\"WebGL_UNMASKED_RENDERER_WEBGL\":\"ANGLE (Intel, Intel(R) UHD Graphics 630 (0x00009BC8) Direct3D11 vs_5_0 ps_5_0, D3D11)\",\"WebGL_MAX_FRAGMENT_UNIFORM_VECTORS\":1024,\"WebGL_MAX_3D_TEXTURE_SIZE\":2048,\"WebGL_MAX_ARRAY_TEXTURE_LAYERS\":2048,\"WebGL_MAX_COLOR_ATTACHMENTS\":8,\"WebGL_MAX_COMBINED_TEXTURE_IMAGE_UNITS\":32,\"WebGL_MAX_COMBINED_UNIFORM_BLOCKS\":24,\"WebGL_MAX_CUBE_MAP_TEXTURE_SIZE\":16384,\"WebGL_MAX_DRAW_BUFFERS\":8,\"WebGL_MAX_FRAGMENT_INPUT_COMPONENTS\":120,\"WebGL_MAX_FRAGMENT_UNIFORM_BLOCKS\":12,\"WebGL_MAX_PROGRAM_TEXEL_OFFSET\":7,\"WebGL_MAX_RENDERBUFFER_SIZE\":16384,\"WebGL_MAX_SAMPLES\":16,\"WebGL_MAX_TEXTURE_IMAGE_UNITS\":16,\"WebGL_MAX_TEXTURE_LOD_BIAS\":2,\"WebGL_MAX_TEXTURE_SIZE\":16384,\"WebGL_MAX_TRANSFORM_FEEDBACK_INTERLEAVED_COMPONENTS\":120,\"WebGL_MAX_TRANSFORM_FEEDBACK_SEPARATE_ATTRIBS\":4,\"WebGL_MAX_TRANSFORM_FEEDBACK_SEPARATE_COMPONENTS\":4,\"WebGL_MAX_UNIFORM_BLOCK_SIZE\":65536,\"WebGL_MAX_UNIFORM_BUFFER_BINDINGS\":24,\"WebGL_MAX_VARYING_COMPONENTS\":120,\"WebGL_MAX_VARYING_VECTORS\":30,\"WebGL_MAX_VERTEX_ATTRIBS\":16,\"WebGL_MAX_VERTEX_OUTPUT_COMPONENTS\":120,\"WebGL_MAX_VERTEX_TEXTURE_IMAGE_UNITS\":16,\"WebGL_MAX_VERTEX_UNIFORM_BLOCKS\":12,\"WebGL_MAX_VERTEX_UNIFORM_COMPONENTS\":16384,\"WebGL_MAX_VERTEX_UNIFORM_VECTORS\":4096,\"WebGL_MAX_FRAGMENT_UNIFORM_COMPONENTS\":4096,\"WebGL_MIN_PROGRAM_TEXEL_OFFSET\":-8,\"WebGL_UNIFORM_BUFFER_OFFSET_ALIGNMENT\":256,\"WebGL_MAX_COMBINED_VERTEX_UNIFORM_COMPONENTS\":212992,\"WebGL_MAX_COMBINED_FRAGMENT_UNIFORM_COMPONENTS\":200704,\"WebGL_MAX_VIEWPORT_DIMS\":[32767,32767],\"WebGL_ALIASED_LINE_WIDTH_RANGE\":[1,1],\"WebGL_ALIASED_POINT_SIZE_RANGE\":[1,1024],\"WebRTCMode\":2,\"WebRTCPublicIP\":\"42.112.93.13\",\"Note\":\"tk bị tránh né hệ thống + lỗi xác minh\",\"Extension\":null,\"GeoMode\":1,\"GeoLatitude\":12.2451,\"GeoLongitude\":109.1943,\"GeoAccuracy\":100.0,\"Tags\":[],\"ForegroundColorHex\":\"#FF404040\",\"MacAddress\":\"0A-11-AD-A3-34-43\",\"SaveType\":1,\"IdOnClould\":null}','[]',1,2,2,'2025-03-03 10:50:52',1,'2025-02-19 09:07:32','2025-06-10 10:10:38'),(17,'traffic - raiya.top','dkVOlQ8SRE19022025','{\"Name\":\"traffic - raiya.top\",\"UserAgent\":\"Mozilla/5.0 (Windows NT 10.0; Win64; x64) AppleWebKit/537.36 (KHTML, like Gecko) Chrome/124.0.0.0 Safari/537.36\",\"CanEditUserAgent\":false,\"WinVersion\":\"Windows 10\",\"WinPlatform\":\"64 bit\",\"PlatformNavigator\":null,\"PlatformUaMeta\":null,\"PlatformUaVersion\":\"10.0.0\",\"PlatformCPUModelName\":\"11th Gen Intel(R) Core(TM) i7-11800H @ 2.30GHz\",\"PlatformOS\":\"win\",\"BrowseName\":\"Chrome\",\"BrowserCore\":\"Chromium\",\"BrowseVersion\":\"124.0.6367.29\",\"AcceptLanguage\":\"en-US\",\"AutoLanguage\":true,\"Proxy\":\"\",\"ProxyRegion\":\"VN\",\"TimezoneMode\":1,\"Timezone\":\"Asia/Ho_Chi_Minh\",\"ExcludeFontList\":[],\"IncludeFontList\":[],\"ScreenWidth\":1366,\"ScreenHeight\":768,\"AvailScreenWidth\":1366,\"AvailScreenHeight\":625,\"StartupUrls\":\"\",\"ProcessorCount\":6,\"DeviceMemory\":1,\"JsHeapSizeLimit\":1073741332,\"AudioNoise\":0.31038328693731843,\"AudioInputs\":1,\"AudioOutputs\":0,\"VideoInputs\":1,\"CanvasNoiseGlobalAlpha\":-1.0,\"CanvasNoiseShadowBlur\":-1.0,\"CanvasNoiseShadowOffsetX\":-1.0,\"CanvasNoiseShadowOffsetY\":-1.0,\"CanvasNoiseTextX\":-1.0,\"CanvasNoiseTextY\":-1.0,\"WebGLNoise\":-1.0,\"WebGLRectNoise\":-1.0,\"WebGLUniform2fNoise\":-1.0,\"MaxVertexUniform\":3857,\"MaxFragmentUniform\":986,\"WebGLRenderer\":\"ANGLE (Intel, Intel(R) UHD Graphics 600 Direct3D11 vs_5_0 ps_5_0, D3D11)\",\"WebGLVendor\":\"Google Inc. (Intel)\",\"ClientRectNoise\":-1.0,\"WebGL_Uniform1Noise\":-1.0,\"WebGL_Uniform2Noise\":-1.0,\"WebGL_Uniform3Noise\":-1.0,\"WebGL_Uniform4Noise\":-1.0,\"WebGL_ReadPixelsIndex\":-1,\"WebGL_ReadPixelsNoiseVal\":-1,\"WebGL_SHADING_LANGUAGE_VERSION\":\"WebGL GLSL ES 3.00 (OpenGL ES GLSL ES 3.0 Chromium)\",\"WebGL_VERSION\":\"WebGL 2.0 (OpenGL ES 3.0 Chromium)\",\"WebGL_RENDERER\":\"WebKit WebGL\",\"WebGL_VENDOR\":\"WebKit\",\"WebGL_UNMASKED_VENDOR_WEBGL\":\"Google Inc. (Intel)\",\"WebGL_UNMASKED_RENDERER_WEBGL\":\"ANGLE (Intel, Intel(R) UHD Graphics 600 Direct3D11 vs_5_0 ps_5_0, D3D11)\",\"WebGL_MAX_FRAGMENT_UNIFORM_VECTORS\":1024,\"WebGL_MAX_3D_TEXTURE_SIZE\":2048,\"WebGL_MAX_ARRAY_TEXTURE_LAYERS\":2048,\"WebGL_MAX_COLOR_ATTACHMENTS\":8,\"WebGL_MAX_COMBINED_TEXTURE_IMAGE_UNITS\":32,\"WebGL_MAX_COMBINED_UNIFORM_BLOCKS\":24,\"WebGL_MAX_CUBE_MAP_TEXTURE_SIZE\":16384,\"WebGL_MAX_DRAW_BUFFERS\":8,\"WebGL_MAX_FRAGMENT_INPUT_COMPONENTS\":120,\"WebGL_MAX_FRAGMENT_UNIFORM_BLOCKS\":12,\"WebGL_MAX_PROGRAM_TEXEL_OFFSET\":7,\"WebGL_MAX_RENDERBUFFER_SIZE\":16384,\"WebGL_MAX_SAMPLES\":16,\"WebGL_MAX_TEXTURE_IMAGE_UNITS\":16,\"WebGL_MAX_TEXTURE_LOD_BIAS\":2,\"WebGL_MAX_TEXTURE_SIZE\":16384,\"WebGL_MAX_TRANSFORM_FEEDBACK_INTERLEAVED_COMPONENTS\":120,\"WebGL_MAX_TRANSFORM_FEEDBACK_SEPARATE_ATTRIBS\":4,\"WebGL_MAX_TRANSFORM_FEEDBACK_SEPARATE_COMPONENTS\":4,\"WebGL_MAX_UNIFORM_BLOCK_SIZE\":65536,\"WebGL_MAX_UNIFORM_BUFFER_BINDINGS\":24,\"WebGL_MAX_VARYING_COMPONENTS\":120,\"WebGL_MAX_VARYING_VECTORS\":30,\"WebGL_MAX_VERTEX_ATTRIBS\":16,\"WebGL_MAX_VERTEX_OUTPUT_COMPONENTS\":120,\"WebGL_MAX_VERTEX_TEXTURE_IMAGE_UNITS\":16,\"WebGL_MAX_VERTEX_UNIFORM_BLOCKS\":12,\"WebGL_MAX_VERTEX_UNIFORM_COMPONENTS\":16384,\"WebGL_MAX_VERTEX_UNIFORM_VECTORS\":4096,\"WebGL_MAX_FRAGMENT_UNIFORM_COMPONENTS\":4096,\"WebGL_MIN_PROGRAM_TEXEL_OFFSET\":-8,\"WebGL_UNIFORM_BUFFER_OFFSET_ALIGNMENT\":256,\"WebGL_MAX_COMBINED_VERTEX_UNIFORM_COMPONENTS\":212992,\"WebGL_MAX_COMBINED_FRAGMENT_UNIFORM_COMPONENTS\":200704,\"WebGL_MAX_VIEWPORT_DIMS\":[32767,32767],\"WebGL_ALIASED_LINE_WIDTH_RANGE\":[1,1],\"WebGL_ALIASED_POINT_SIZE_RANGE\":[1,1024],\"WebRTCMode\":2,\"WebRTCPublicIP\":\"42.119.232.201\",\"WebRTCKeepConnect\":false,\"WebRTCAllowTCP\":false,\"Note\":\"tk3-on-(590-375-1121 )-(12/2/2025-)\",\"Extension\":null,\"GeoMode\":1,\"GeoLatitude\":10.82302,\"GeoLongitude\":106.62965,\"GeoAccuracy\":100.0,\"Tags\":[],\"ForegroundColorHex\":\"#FF404040\",\"MacAddress\":\"3E-91-E7-EC-49-3C\",\"SaveType\":1,\"IdOnClould\":null,\"ShortTitleIconOverlay\":null,\"ConvertProfileTo64bit\":false,\"FingerpritVersion\":0}','[]',1,2,2,'2025-07-03 11:19:00',1,'2025-02-19 09:07:44','2025-07-03 11:19:00'),(18,'dhome1991','lHMZhxektN-20022025','{\"Name\":\"dhome1991\",\"UserAgent\":\"Mozilla/5.0 (Windows NT 10.0; Win64; x64) AppleWebKit/537.36 (KHTML, like Gecko) Chrome/132.0.0.0 Safari/537.36\",\"CanEditUserAgent\":false,\"WinVersion\":\"Windows 10\",\"WinPlatform\":\"64 bit\",\"PlatformNavigator\":null,\"PlatformUaMeta\":null,\"PlatformUaVersion\":\"10.0.0\",\"BrowseName\":\"Chrome\",\"BrowserCore\":\"Chromium\",\"BrowseVersion\":\"132.0.6834.84\",\"AcceptLanguage\":\"en-US\",\"AutoLanguage\":true,\"Proxy\":null,\"TimezoneMode\":1,\"Timezone\":\"Asia/Ho_Chi_Minh\",\"ExcludeFontList\":[],\"IncludeFontList\":[],\"ScreenWidth\":-1,\"ScreenHeight\":-1,\"AvailScreenWidth\":-1,\"AvailScreenHeight\":-1,\"StartupUrls\":\"\",\"ProcessorCount\":2,\"DeviceMemory\":4,\"JsHeapSizeLimit\":4294966904,\"AudioNoise\":0.21908439333507995,\"AudioInputs\":1,\"AudioOutputs\":1,\"VideoInputs\":0,\"CanvasNoiseGlobalAlpha\":-1.0,\"CanvasNoiseShadowBlur\":-1.0,\"CanvasNoiseShadowOffsetX\":-1.0,\"CanvasNoiseShadowOffsetY\":-1.0,\"CanvasNoiseTextX\":-1.0,\"CanvasNoiseTextY\":-1.0,\"WebGLNoise\":-1.0,\"WebGLRectNoise\":-1.0,\"WebGLUniform2fNoise\":-1.0,\"MaxVertexUniform\":3531,\"MaxFragmentUniform\":994,\"WebGLRenderer\":\"ANGLE (AMD, AMD Radeon(TM) Graphics Direct3D11 vs_5_0 ps_5_0, D3D11)\",\"WebGLVendor\":\"Google Inc. (AMD)\",\"ClientRectNoise\":-1.0,\"WebGL_Uniform1Noise\":-1.0,\"WebGL_Uniform2Noise\":-1.0,\"WebGL_Uniform3Noise\":-1.0,\"WebGL_Uniform4Noise\":-1.0,\"WebGL_ReadPixelsIndex\":-1,\"WebGL_ReadPixelsNoiseVal\":-1,\"WebGL_SHADING_LANGUAGE_VERSION\":\"WebGL GLSL ES 3.00 (OpenGL ES GLSL ES 3.0 Chromium)\",\"WebGL_VERSION\":\"WebGL 2.0 (OpenGL ES 3.0 Chromium)\",\"WebGL_RENDERER\":\"WebKit WebGL\",\"WebGL_VENDOR\":\"WebKit\",\"WebGL_UNMASKED_VENDOR_WEBGL\":\"Google Inc. (AMD)\",\"WebGL_UNMASKED_RENDERER_WEBGL\":\"ANGLE (AMD, AMD Radeon(TM) Graphics Direct3D11 vs_5_0 ps_5_0, D3D11)\",\"WebGL_MAX_FRAGMENT_UNIFORM_VECTORS\":1024,\"WebGL_MAX_3D_TEXTURE_SIZE\":2048,\"WebGL_MAX_ARRAY_TEXTURE_LAYERS\":2048,\"WebGL_MAX_COLOR_ATTACHMENTS\":8,\"WebGL_MAX_COMBINED_TEXTURE_IMAGE_UNITS\":32,\"WebGL_MAX_COMBINED_UNIFORM_BLOCKS\":24,\"WebGL_MAX_CUBE_MAP_TEXTURE_SIZE\":16384,\"WebGL_MAX_DRAW_BUFFERS\":8,\"WebGL_MAX_FRAGMENT_INPUT_COMPONENTS\":120,\"WebGL_MAX_FRAGMENT_UNIFORM_BLOCKS\":12,\"WebGL_MAX_PROGRAM_TEXEL_OFFSET\":7,\"WebGL_MAX_RENDERBUFFER_SIZE\":16384,\"WebGL_MAX_SAMPLES\":8,\"WebGL_MAX_TEXTURE_IMAGE_UNITS\":16,\"WebGL_MAX_TEXTURE_LOD_BIAS\":2,\"WebGL_MAX_TEXTURE_SIZE\":16384,\"WebGL_MAX_TRANSFORM_FEEDBACK_INTERLEAVED_COMPONENTS\":120,\"WebGL_MAX_TRANSFORM_FEEDBACK_SEPARATE_ATTRIBS\":4,\"WebGL_MAX_TRANSFORM_FEEDBACK_SEPARATE_COMPONENTS\":4,\"WebGL_MAX_UNIFORM_BLOCK_SIZE\":65536,\"WebGL_MAX_UNIFORM_BUFFER_BINDINGS\":24,\"WebGL_MAX_VARYING_COMPONENTS\":120,\"WebGL_MAX_VARYING_VECTORS\":30,\"WebGL_MAX_VERTEX_ATTRIBS\":16,\"WebGL_MAX_VERTEX_OUTPUT_COMPONENTS\":120,\"WebGL_MAX_VERTEX_TEXTURE_IMAGE_UNITS\":16,\"WebGL_MAX_VERTEX_UNIFORM_BLOCKS\":12,\"WebGL_MAX_VERTEX_UNIFORM_COMPONENTS\":16384,\"WebGL_MAX_VERTEX_UNIFORM_VECTORS\":4096,\"WebGL_MAX_FRAGMENT_UNIFORM_COMPONENTS\":4096,\"WebGL_MIN_PROGRAM_TEXEL_OFFSET\":-8,\"WebGL_UNIFORM_BUFFER_OFFSET_ALIGNMENT\":256,\"WebGL_MAX_COMBINED_VERTEX_UNIFORM_COMPONENTS\":212992,\"WebGL_MAX_COMBINED_FRAGMENT_UNIFORM_COMPONENTS\":200704,\"WebGL_MAX_VIEWPORT_DIMS\":[32767,32767],\"WebGL_ALIASED_LINE_WIDTH_RANGE\":[1,1],\"WebGL_ALIASED_POINT_SIZE_RANGE\":[1,1024],\"WebRTCMode\":2,\"WebRTCPublicIP\":\"118.71.15.142\",\"Note\":null,\"Extension\":null,\"GeoMode\":1,\"GeoLatitude\":10.822,\"GeoLongitude\":106.6257,\"GeoAccuracy\":100.0,\"Tags\":[],\"ForegroundColorHex\":\"#FF404040\",\"MacAddress\":\"3E-44-CC-E4-CD-83\",\"SaveType\":1,\"IdOnClould\":null}','[]',1,1,2,'2025-02-21 11:18:15',1,'2025-02-20 10:41:21','2025-06-10 10:10:38'),(19,'khoahoctuduy.com','VEgjp2CEWg-22022025','{\"Name\":\"khoahoctuduy.com\",\"UserAgent\":\"Mozilla/5.0 (Windows NT 10.0; Win64; x64) AppleWebKit/537.36 (KHTML, like Gecko) Chrome/132.0.0.0 Safari/537.36\",\"CanEditUserAgent\":false,\"WinVersion\":\"Windows 10\",\"WinPlatform\":\"64 bit\",\"PlatformNavigator\":null,\"PlatformUaMeta\":null,\"PlatformUaVersion\":\"10.0.0\",\"BrowseName\":\"Chrome\",\"BrowserCore\":\"Chromium\",\"BrowseVersion\":\"132.0.6834.84\",\"AcceptLanguage\":\"en-US\",\"AutoLanguage\":true,\"Proxy\":\"sonatools.duckdns.org:60036:admin:Seosona@123\",\"ProxyRegion\":\"VN\",\"TimezoneMode\":1,\"Timezone\":\"Asia/Ho_Chi_Minh\",\"ExcludeFontList\":[],\"IncludeFontList\":[],\"ScreenWidth\":-1,\"ScreenHeight\":-1,\"AvailScreenWidth\":-1,\"AvailScreenHeight\":-1,\"StartupUrls\":\"\",\"ProcessorCount\":24,\"DeviceMemory\":8,\"JsHeapSizeLimit\":8589933764,\"AudioNoise\":0.6439690401982372,\"AudioInputs\":2,\"AudioOutputs\":1,\"VideoInputs\":1,\"CanvasNoiseGlobalAlpha\":-1.0,\"CanvasNoiseShadowBlur\":-1.0,\"CanvasNoiseShadowOffsetX\":-1.0,\"CanvasNoiseShadowOffsetY\":-1.0,\"CanvasNoiseTextX\":-1.0,\"CanvasNoiseTextY\":-1.0,\"WebGLNoise\":-1.0,\"WebGLRectNoise\":-1.0,\"WebGLUniform2fNoise\":-1.0,\"MaxVertexUniform\":4181,\"MaxFragmentUniform\":1243,\"WebGLRenderer\":\"ANGLE (NVIDIA, NVIDIA GeForce RTX 3080 Ti Direct3D11 vs_5_0 ps_5_0, D3D11)\",\"WebGLVendor\":\"Google Inc. (NVIDIA)\",\"ClientRectNoise\":-1.0,\"WebGL_Uniform1Noise\":-1.0,\"WebGL_Uniform2Noise\":-1.0,\"WebGL_Uniform3Noise\":-1.0,\"WebGL_Uniform4Noise\":-1.0,\"WebGL_ReadPixelsIndex\":-1,\"WebGL_ReadPixelsNoiseVal\":-1,\"WebGL_SHADING_LANGUAGE_VERSION\":\"WebGL GLSL ES 3.00 (OpenGL ES GLSL ES 3.0 Chromium)\",\"WebGL_VERSION\":\"WebGL 2.0 (OpenGL ES 3.0 Chromium)\",\"WebGL_RENDERER\":\"WebKit WebGL\",\"WebGL_VENDOR\":\"WebKit\",\"WebGL_UNMASKED_VENDOR_WEBGL\":\"Google Inc. (NVIDIA)\",\"WebGL_UNMASKED_RENDERER_WEBGL\":\"ANGLE (NVIDIA, NVIDIA GeForce RTX 3080 Ti Direct3D11 vs_5_0 ps_5_0, D3D11)\",\"WebGL_MAX_FRAGMENT_UNIFORM_VECTORS\":1024,\"WebGL_MAX_3D_TEXTURE_SIZE\":2048,\"WebGL_MAX_ARRAY_TEXTURE_LAYERS\":2048,\"WebGL_MAX_COLOR_ATTACHMENTS\":8,\"WebGL_MAX_COMBINED_TEXTURE_IMAGE_UNITS\":32,\"WebGL_MAX_COMBINED_UNIFORM_BLOCKS\":24,\"WebGL_MAX_CUBE_MAP_TEXTURE_SIZE\":16384,\"WebGL_MAX_DRAW_BUFFERS\":8,\"WebGL_MAX_FRAGMENT_INPUT_COMPONENTS\":120,\"WebGL_MAX_FRAGMENT_UNIFORM_BLOCKS\":12,\"WebGL_MAX_PROGRAM_TEXEL_OFFSET\":7,\"WebGL_MAX_RENDERBUFFER_SIZE\":16384,\"WebGL_MAX_SAMPLES\":8,\"WebGL_MAX_TEXTURE_IMAGE_UNITS\":16,\"WebGL_MAX_TEXTURE_LOD_BIAS\":2,\"WebGL_MAX_TEXTURE_SIZE\":16384,\"WebGL_MAX_TRANSFORM_FEEDBACK_INTERLEAVED_COMPONENTS\":120,\"WebGL_MAX_TRANSFORM_FEEDBACK_SEPARATE_ATTRIBS\":4,\"WebGL_MAX_TRANSFORM_FEEDBACK_SEPARATE_COMPONENTS\":4,\"WebGL_MAX_UNIFORM_BLOCK_SIZE\":65536,\"WebGL_MAX_UNIFORM_BUFFER_BINDINGS\":24,\"WebGL_MAX_VARYING_COMPONENTS\":120,\"WebGL_MAX_VARYING_VECTORS\":30,\"WebGL_MAX_VERTEX_ATTRIBS\":16,\"WebGL_MAX_VERTEX_OUTPUT_COMPONENTS\":120,\"WebGL_MAX_VERTEX_TEXTURE_IMAGE_UNITS\":16,\"WebGL_MAX_VERTEX_UNIFORM_BLOCKS\":12,\"WebGL_MAX_VERTEX_UNIFORM_COMPONENTS\":16380,\"WebGL_MAX_VERTEX_UNIFORM_VECTORS\":4096,\"WebGL_MAX_FRAGMENT_UNIFORM_COMPONENTS\":4096,\"WebGL_MIN_PROGRAM_TEXEL_OFFSET\":-8,\"WebGL_UNIFORM_BUFFER_OFFSET_ALIGNMENT\":256,\"WebGL_MAX_COMBINED_VERTEX_UNIFORM_COMPONENTS\":212988,\"WebGL_MAX_COMBINED_FRAGMENT_UNIFORM_COMPONENTS\":200704,\"WebGL_MAX_VIEWPORT_DIMS\":[32767,32767],\"WebGL_ALIASED_LINE_WIDTH_RANGE\":[1,1],\"WebGL_ALIASED_POINT_SIZE_RANGE\":[1,1024],\"WebRTCMode\":2,\"WebRTCPublicIP\":\"27.64.18.130\",\"Note\":\"chưa tạo được gmail\",\"Extension\":null,\"GeoMode\":1,\"GeoLatitude\":10.822,\"GeoLongitude\":106.6257,\"GeoAccuracy\":100.0,\"Tags\":[],\"ForegroundColorHex\":\"#FF404040\",\"MacAddress\":\"F2-52-EC-3A-E0-8F\",\"SaveType\":1,\"IdOnClould\":null}','[]',0,2,1,'2025-02-28 09:13:55',1,'2025-02-22 14:09:25','2025-06-10 10:10:38'),(20,'proxy 1','4LUEj8YTWJ-22022025','{\"Name\":\"proxy 1\",\"UserAgent\":\"Mozilla/5.0 (Windows NT 10.0; Win64; x64) AppleWebKit/537.36 (KHTML, like Gecko) Chrome/132.0.0.0 Safari/537.36\",\"CanEditUserAgent\":false,\"WinVersion\":\"Windows 10\",\"WinPlatform\":\"64 bit\",\"PlatformNavigator\":null,\"PlatformUaMeta\":null,\"PlatformUaVersion\":\"10.0.0\",\"BrowseName\":\"Chrome\",\"BrowserCore\":\"Chromium\",\"BrowseVersion\":\"132.0.6834.84\",\"AcceptLanguage\":\"en-US\",\"AutoLanguage\":true,\"Proxy\":\"sonatools.duckdns.org:60002:admin:Seosona@123\",\"ProxyRegion\":\"vn\",\"TimezoneMode\":1,\"Timezone\":\"Asia/Ho_Chi_Minh\",\"ExcludeFontList\":[],\"IncludeFontList\":[],\"ScreenWidth\":-1,\"ScreenHeight\":-1,\"AvailScreenWidth\":-1,\"AvailScreenHeight\":-1,\"StartupUrls\":\"\",\"ProcessorCount\":8,\"DeviceMemory\":8,\"JsHeapSizeLimit\":8589934459,\"AudioNoise\":0.02066698950746422,\"AudioInputs\":2,\"AudioOutputs\":0,\"VideoInputs\":1,\"CanvasNoiseGlobalAlpha\":-1.0,\"CanvasNoiseShadowBlur\":-1.0,\"CanvasNoiseShadowOffsetX\":-1.0,\"CanvasNoiseShadowOffsetY\":-1.0,\"CanvasNoiseTextX\":-1.0,\"CanvasNoiseTextY\":-1.0,\"WebGLNoise\":-1.0,\"WebGLRectNoise\":-1.0,\"WebGLUniform2fNoise\":-1.0,\"MaxVertexUniform\":4409,\"MaxFragmentUniform\":1056,\"WebGLRenderer\":\"ANGLE (Intel, Intel(R) HD Graphics 520 (0x00001916) Direct3D11 vs_5_0 ps_5_0, D3D11)\",\"WebGLVendor\":\"Google Inc. (Intel)\",\"ClientRectNoise\":-1.0,\"WebGL_Uniform1Noise\":-1.0,\"WebGL_Uniform2Noise\":-1.0,\"WebGL_Uniform3Noise\":-1.0,\"WebGL_Uniform4Noise\":-1.0,\"WebGL_ReadPixelsIndex\":-1,\"WebGL_ReadPixelsNoiseVal\":-1,\"WebGL_SHADING_LANGUAGE_VERSION\":\"WebGL GLSL ES 3.00 (OpenGL ES GLSL ES 3.0 Chromium)\",\"WebGL_VERSION\":\"WebGL 2.0 (OpenGL ES 3.0 Chromium)\",\"WebGL_RENDERER\":\"WebKit WebGL\",\"WebGL_VENDOR\":\"WebKit\",\"WebGL_UNMASKED_VENDOR_WEBGL\":\"Google Inc. (Intel)\",\"WebGL_UNMASKED_RENDERER_WEBGL\":\"ANGLE (Intel, Intel(R) HD Graphics 520 (0x00001916) Direct3D11 vs_5_0 ps_5_0, D3D11)\",\"WebGL_MAX_FRAGMENT_UNIFORM_VECTORS\":1024,\"WebGL_MAX_3D_TEXTURE_SIZE\":2048,\"WebGL_MAX_ARRAY_TEXTURE_LAYERS\":2048,\"WebGL_MAX_COLOR_ATTACHMENTS\":8,\"WebGL_MAX_COMBINED_TEXTURE_IMAGE_UNITS\":32,\"WebGL_MAX_COMBINED_UNIFORM_BLOCKS\":24,\"WebGL_MAX_CUBE_MAP_TEXTURE_SIZE\":16384,\"WebGL_MAX_DRAW_BUFFERS\":8,\"WebGL_MAX_FRAGMENT_INPUT_COMPONENTS\":120,\"WebGL_MAX_FRAGMENT_UNIFORM_BLOCKS\":12,\"WebGL_MAX_PROGRAM_TEXEL_OFFSET\":7,\"WebGL_MAX_RENDERBUFFER_SIZE\":16384,\"WebGL_MAX_SAMPLES\":16,\"WebGL_MAX_TEXTURE_IMAGE_UNITS\":16,\"WebGL_MAX_TEXTURE_LOD_BIAS\":2,\"WebGL_MAX_TEXTURE_SIZE\":16384,\"WebGL_MAX_TRANSFORM_FEEDBACK_INTERLEAVED_COMPONENTS\":120,\"WebGL_MAX_TRANSFORM_FEEDBACK_SEPARATE_ATTRIBS\":4,\"WebGL_MAX_TRANSFORM_FEEDBACK_SEPARATE_COMPONENTS\":4,\"WebGL_MAX_UNIFORM_BLOCK_SIZE\":65536,\"WebGL_MAX_UNIFORM_BUFFER_BINDINGS\":24,\"WebGL_MAX_VARYING_COMPONENTS\":120,\"WebGL_MAX_VARYING_VECTORS\":30,\"WebGL_MAX_VERTEX_ATTRIBS\":16,\"WebGL_MAX_VERTEX_OUTPUT_COMPONENTS\":120,\"WebGL_MAX_VERTEX_TEXTURE_IMAGE_UNITS\":16,\"WebGL_MAX_VERTEX_UNIFORM_BLOCKS\":12,\"WebGL_MAX_VERTEX_UNIFORM_COMPONENTS\":16384,\"WebGL_MAX_VERTEX_UNIFORM_VECTORS\":4096,\"WebGL_MAX_FRAGMENT_UNIFORM_COMPONENTS\":4096,\"WebGL_MIN_PROGRAM_TEXEL_OFFSET\":-8,\"WebGL_UNIFORM_BUFFER_OFFSET_ALIGNMENT\":256,\"WebGL_MAX_COMBINED_VERTEX_UNIFORM_COMPONENTS\":212992,\"WebGL_MAX_COMBINED_FRAGMENT_UNIFORM_COMPONENTS\":200704,\"WebGL_MAX_VIEWPORT_DIMS\":[32767,32767],\"WebGL_ALIASED_LINE_WIDTH_RANGE\":[1,1],\"WebGL_ALIASED_POINT_SIZE_RANGE\":[1,1024],\"WebRTCMode\":2,\"WebRTCPublicIP\":\"115.73.26.44\",\"Note\":\"chưa tạo được gmail\",\"Extension\":null,\"GeoMode\":1,\"GeoLatitude\":10.750001,\"GeoLongitude\":106.666701,\"GeoAccuracy\":100.0,\"Tags\":[],\"ForegroundColorHex\":\"#FF404040\",\"MacAddress\":\"82-1A-E0-05-25-DC\",\"SaveType\":1,\"IdOnClould\":null}','[]',0,1,2,'2025-03-05 09:16:55',1,'2025-02-22 14:21:19','2025-06-10 10:10:38'),(21,'Khánh Hùng Academy','RAoazw1UcW-24022025','{\"Name\":\"Khánh Hùng Academy\",\"UserAgent\":\"Mozilla/5.0 (Windows NT 10.0; Win64; x64) AppleWebKit/537.36 (KHTML, like Gecko) Chrome/132.0.0.0 Safari/537.36\",\"CanEditUserAgent\":false,\"WinVersion\":\"Windows 10\",\"WinPlatform\":\"64 bit\",\"PlatformNavigator\":null,\"PlatformUaMeta\":null,\"PlatformUaVersion\":\"10.0.0\",\"PlatformCPUModelName\":\"AMD Ryzen 7 3750H with Radeon Vega Mobile Gfx  \",\"PlatformOS\":\"win\",\"BrowseName\":\"Chrome\",\"BrowserCore\":\"Chromium\",\"BrowseVersion\":\"132.0.6834.84\",\"AcceptLanguage\":\"en-US\",\"AutoLanguage\":true,\"Proxy\":null,\"ProxyRegion\":\"VN\",\"TimezoneMode\":1,\"Timezone\":\"Asia/Ho_Chi_Minh\",\"ExcludeFontList\":[],\"IncludeFontList\":[],\"ScreenWidth\":-1,\"ScreenHeight\":-1,\"AvailScreenWidth\":-1,\"AvailScreenHeight\":-1,\"StartupUrls\":\"\",\"ProcessorCount\":4,\"DeviceMemory\":1,\"DeviceMemoryDouble\":1.0,\"JsHeapSizeLimit\":1073741038,\"AudioNoise\":0.11805873788802826,\"AudioInputs\":1,\"AudioOutputs\":1,\"VideoInputs\":1,\"CanvasNoiseGlobalAlpha\":-1.0,\"CanvasNoiseShadowBlur\":-1.0,\"CanvasNoiseShadowOffsetX\":-1.0,\"CanvasNoiseShadowOffsetY\":-1.0,\"CanvasNoiseTextX\":-1.0,\"CanvasNoiseTextY\":-1.0,\"CanvasNoiseToken\":0,\"WebGLNoise\":-1.0,\"WebGLRectNoise\":-1.0,\"WebGLUniform2fNoise\":-1.0,\"MaxVertexUniform\":3437,\"MaxFragmentUniform\":1255,\"WebGLRenderer\":\"ANGLE (Intel, Intel(R) UHD Graphics 605 Direct3D11 vs_5_0 ps_5_0, D3D11)\",\"WebGLVendor\":\"Google Inc. (Intel)\",\"ClientRectNoise\":-1.0,\"WebGL_Uniform1Noise\":-1.0,\"WebGL_Uniform2Noise\":-1.0,\"WebGL_Uniform3Noise\":-1.0,\"WebGL_Uniform4Noise\":-1.0,\"WebGL_ReadPixelsIndex\":-1,\"WebGL_ReadPixelsNoiseVal\":-1,\"WebGL_SHADING_LANGUAGE_VERSION\":\"WebGL GLSL ES 3.00 (OpenGL ES GLSL ES 3.0 Chromium)\",\"WebGL_VERSION\":\"WebGL 2.0 (OpenGL ES 3.0 Chromium)\",\"WebGL_RENDERER\":\"WebKit WebGL\",\"WebGL_VENDOR\":\"WebKit\",\"WebGL_UNMASKED_VENDOR_WEBGL\":\"Google Inc. (Intel)\",\"WebGL_UNMASKED_RENDERER_WEBGL\":\"ANGLE (Intel, Intel(R) UHD Graphics 605 Direct3D11 vs_5_0 ps_5_0, D3D11)\",\"WebGL_MAX_FRAGMENT_UNIFORM_VECTORS\":1024,\"WebGL_MAX_3D_TEXTURE_SIZE\":2048,\"WebGL_MAX_ARRAY_TEXTURE_LAYERS\":2048,\"WebGL_MAX_COLOR_ATTACHMENTS\":8,\"WebGL_MAX_COMBINED_TEXTURE_IMAGE_UNITS\":32,\"WebGL_MAX_COMBINED_UNIFORM_BLOCKS\":24,\"WebGL_MAX_CUBE_MAP_TEXTURE_SIZE\":16384,\"WebGL_MAX_DRAW_BUFFERS\":8,\"WebGL_MAX_FRAGMENT_INPUT_COMPONENTS\":120,\"WebGL_MAX_FRAGMENT_UNIFORM_BLOCKS\":12,\"WebGL_MAX_PROGRAM_TEXEL_OFFSET\":7,\"WebGL_MAX_RENDERBUFFER_SIZE\":16384,\"WebGL_MAX_SAMPLES\":16,\"WebGL_MAX_TEXTURE_IMAGE_UNITS\":16,\"WebGL_MAX_TEXTURE_LOD_BIAS\":2,\"WebGL_MAX_TEXTURE_SIZE\":16384,\"WebGL_MAX_TRANSFORM_FEEDBACK_INTERLEAVED_COMPONENTS\":120,\"WebGL_MAX_TRANSFORM_FEEDBACK_SEPARATE_ATTRIBS\":4,\"WebGL_MAX_TRANSFORM_FEEDBACK_SEPARATE_COMPONENTS\":4,\"WebGL_MAX_UNIFORM_BLOCK_SIZE\":65536,\"WebGL_MAX_UNIFORM_BUFFER_BINDINGS\":24,\"WebGL_MAX_VARYING_COMPONENTS\":120,\"WebGL_MAX_VARYING_VECTORS\":30,\"WebGL_MAX_VERTEX_ATTRIBS\":16,\"WebGL_MAX_VERTEX_OUTPUT_COMPONENTS\":120,\"WebGL_MAX_VERTEX_TEXTURE_IMAGE_UNITS\":16,\"WebGL_MAX_VERTEX_UNIFORM_BLOCKS\":12,\"WebGL_MAX_VERTEX_UNIFORM_COMPONENTS\":16384,\"WebGL_MAX_VERTEX_UNIFORM_VECTORS\":4096,\"WebGL_MAX_FRAGMENT_UNIFORM_COMPONENTS\":4096,\"WebGL_MIN_PROGRAM_TEXEL_OFFSET\":-8,\"WebGL_UNIFORM_BUFFER_OFFSET_ALIGNMENT\":256,\"WebGL_MAX_COMBINED_VERTEX_UNIFORM_COMPONENTS\":212992,\"WebGL_MAX_COMBINED_FRAGMENT_UNIFORM_COMPONENTS\":200704,\"WebGL_MAX_VIEWPORT_DIMS\":[32767,32767],\"WebGL_ALIASED_LINE_WIDTH_RANGE\":[1,1],\"WebGL_ALIASED_POINT_SIZE_RANGE\":[1,1024],\"WebGL_STENCIL_VALUE_MASK\":2147483647,\"WebGL_STENCIL_WRITEMASK\":2147483647,\"WebGL_STENCIL_BACK_VALUE_MASK\":2147483647,\"WebGL_STENCIL_BACK_WRITEMASK\":2147483647,\"WebRTCMode\":2,\"WebRTCPublicIP\":\"42.118.145.137\",\"WebRTCKeepConnect\":false,\"WebRTCAllowTCP\":false,\"Note\":null,\"Extension\":null,\"GeoMode\":1,\"GeoLatitude\":10.82302,\"GeoLongitude\":106.62965,\"GeoAccuracy\":100.0,\"Tags\":[],\"WebGPUVendorId\":-1,\"WebGPUDeviceId\":-1,\"ForegroundColorHex\":\"#FF404040\",\"MacAddress\":\"2A-74-E3-3B-A5-E4\",\"SaveType\":1,\"IdOnClould\":null,\"ShortTitleIconOverlay\":null,\"ConvertProfileTo64bit\":false,\"FingerpritVersion\":0}','[]',1,1,1,'2025-07-23 12:50:10',1,'2025-02-24 01:56:57','2025-07-23 12:50:10'),(22,'traffic - khoahoctyduy.com + raiya.top','rFwVjvzsJ524022025','{\"Name\":\"traffic - khoahoctyduy.com + raiya.top\",\"UserAgent\":\"Mozilla/5.0 (Windows NT 10.0; Win64; x64) AppleWebKit/537.36 (KHTML, like Gecko) Chrome/124.0.0.0 Safari/537.36\",\"CanEditUserAgent\":false,\"WinVersion\":\"Windows 10\",\"WinPlatform\":\"64 bit\",\"PlatformNavigator\":null,\"PlatformUaMeta\":null,\"PlatformUaVersion\":\"10.0.0\",\"PlatformCPUModelName\":\"11th Gen Intel(R) Core(TM) i7-11800H @ 2.30GHz\",\"PlatformOS\":\"win\",\"BrowseName\":\"Chrome\",\"BrowserCore\":\"Chromium\",\"BrowseVersion\":\"124.0.6367.29\",\"AcceptLanguage\":\"en-US\",\"AutoLanguage\":true,\"Proxy\":\"sonatools.duckdns.org:60035:admin:Seosona@123\",\"ProxyRegion\":\"vn\",\"TimezoneMode\":1,\"Timezone\":\"Asia/Ho_Chi_Minh\",\"ExcludeFontList\":[],\"IncludeFontList\":[],\"ScreenWidth\":-1,\"ScreenHeight\":-1,\"AvailScreenWidth\":-1,\"AvailScreenHeight\":-1,\"StartupUrls\":\"\",\"ProcessorCount\":20,\"DeviceMemory\":8,\"JsHeapSizeLimit\":8589933594,\"AudioNoise\":0.5472784012310572,\"AudioInputs\":2,\"AudioOutputs\":1,\"VideoInputs\":1,\"CanvasNoiseGlobalAlpha\":-1.0,\"CanvasNoiseShadowBlur\":-1.0,\"CanvasNoiseShadowOffsetX\":-1.0,\"CanvasNoiseShadowOffsetY\":-1.0,\"CanvasNoiseTextX\":-1.0,\"CanvasNoiseTextY\":-1.0,\"WebGLNoise\":-1.0,\"WebGLRectNoise\":-1.0,\"WebGLUniform2fNoise\":-1.0,\"MaxVertexUniform\":3980,\"MaxFragmentUniform\":902,\"WebGLRenderer\":\"ANGLE (Intel, Intel(R) UHD Graphics (0x00008A56) Direct3D11 vs_5_0 ps_5_0, D3D11)\",\"WebGLVendor\":\"Google Inc. (Intel)\",\"ClientRectNoise\":-1.0,\"WebGL_Uniform1Noise\":-1.0,\"WebGL_Uniform2Noise\":-1.0,\"WebGL_Uniform3Noise\":-1.0,\"WebGL_Uniform4Noise\":-1.0,\"WebGL_ReadPixelsIndex\":-1,\"WebGL_ReadPixelsNoiseVal\":-1,\"WebGL_SHADING_LANGUAGE_VERSION\":\"WebGL GLSL ES 3.00 (OpenGL ES GLSL ES 3.0 Chromium)\",\"WebGL_VERSION\":\"WebGL 2.0 (OpenGL ES 3.0 Chromium)\",\"WebGL_RENDERER\":\"WebKit WebGL\",\"WebGL_VENDOR\":\"WebKit\",\"WebGL_UNMASKED_VENDOR_WEBGL\":\"Google Inc. (Intel)\",\"WebGL_UNMASKED_RENDERER_WEBGL\":\"ANGLE (Intel, Intel(R) UHD Graphics (0x00008A56) Direct3D11 vs_5_0 ps_5_0, D3D11)\",\"WebGL_MAX_FRAGMENT_UNIFORM_VECTORS\":1024,\"WebGL_MAX_3D_TEXTURE_SIZE\":2048,\"WebGL_MAX_ARRAY_TEXTURE_LAYERS\":2048,\"WebGL_MAX_COLOR_ATTACHMENTS\":8,\"WebGL_MAX_COMBINED_TEXTURE_IMAGE_UNITS\":32,\"WebGL_MAX_COMBINED_UNIFORM_BLOCKS\":24,\"WebGL_MAX_CUBE_MAP_TEXTURE_SIZE\":16384,\"WebGL_MAX_DRAW_BUFFERS\":8,\"WebGL_MAX_FRAGMENT_INPUT_COMPONENTS\":120,\"WebGL_MAX_FRAGMENT_UNIFORM_BLOCKS\":12,\"WebGL_MAX_PROGRAM_TEXEL_OFFSET\":7,\"WebGL_MAX_RENDERBUFFER_SIZE\":16384,\"WebGL_MAX_SAMPLES\":16,\"WebGL_MAX_TEXTURE_IMAGE_UNITS\":16,\"WebGL_MAX_TEXTURE_LOD_BIAS\":2,\"WebGL_MAX_TEXTURE_SIZE\":16384,\"WebGL_MAX_TRANSFORM_FEEDBACK_INTERLEAVED_COMPONENTS\":120,\"WebGL_MAX_TRANSFORM_FEEDBACK_SEPARATE_ATTRIBS\":4,\"WebGL_MAX_TRANSFORM_FEEDBACK_SEPARATE_COMPONENTS\":4,\"WebGL_MAX_UNIFORM_BLOCK_SIZE\":65536,\"WebGL_MAX_UNIFORM_BUFFER_BINDINGS\":24,\"WebGL_MAX_VARYING_COMPONENTS\":120,\"WebGL_MAX_VARYING_VECTORS\":30,\"WebGL_MAX_VERTEX_ATTRIBS\":16,\"WebGL_MAX_VERTEX_OUTPUT_COMPONENTS\":120,\"WebGL_MAX_VERTEX_TEXTURE_IMAGE_UNITS\":16,\"WebGL_MAX_VERTEX_UNIFORM_BLOCKS\":12,\"WebGL_MAX_VERTEX_UNIFORM_COMPONENTS\":16384,\"WebGL_MAX_VERTEX_UNIFORM_VECTORS\":4096,\"WebGL_MAX_FRAGMENT_UNIFORM_COMPONENTS\":4096,\"WebGL_MIN_PROGRAM_TEXEL_OFFSET\":-8,\"WebGL_UNIFORM_BUFFER_OFFSET_ALIGNMENT\":256,\"WebGL_MAX_COMBINED_VERTEX_UNIFORM_COMPONENTS\":212992,\"WebGL_MAX_COMBINED_FRAGMENT_UNIFORM_COMPONENTS\":200704,\"WebGL_MAX_VIEWPORT_DIMS\":[32767,32767],\"WebGL_ALIASED_LINE_WIDTH_RANGE\":[1,1],\"WebGL_ALIASED_POINT_SIZE_RANGE\":[1,1024],\"WebRTCMode\":2,\"WebRTCPublicIP\":\"171.227.46.180\",\"WebRTCKeepConnect\":false,\"WebRTCAllowTCP\":false,\"Note\":\"raiya.top (tk2-off-(159-996-2686)-(24/1/2025-12/2/2025)) + khoahoctyduy.com(tk1-on-(134-378-1766)-(23/2/2025-8/3/2025)) được tạo từ email củ chạy theliberanhatrang.vn\",\"Extension\":null,\"GeoMode\":1,\"GeoLatitude\":10.750001,\"GeoLongitude\":106.6667,\"GeoAccuracy\":100.0,\"Tags\":[],\"ForegroundColorHex\":\"#FF404040\",\"MacAddress\":\"0E-B6-5D-0F-36-98\",\"SaveType\":1,\"IdOnClould\":null,\"ShortTitleIconOverlay\":null,\"ConvertProfileTo64bit\":false,\"FingerpritVersion\":0}','[]',1,2,2,'2025-07-27 18:45:53',1,'2025-02-24 10:21:21','2025-07-27 18:45:53'),(23,'huanluyenchothanhtai.com','buw2W8jzpg28022025','{\"Name\":\"huanluyenchothanhtai.com\",\"UserAgent\":\"Mozilla/5.0 (Windows NT 10.0; Win64; x64) AppleWebKit/537.36 (KHTML, like Gecko) Chrome/124.0.0.0 Safari/537.36\",\"CanEditUserAgent\":false,\"WinVersion\":\"Windows 10\",\"WinPlatform\":\"64 bit\",\"PlatformNavigator\":null,\"PlatformUaMeta\":null,\"PlatformUaVersion\":\"10.0.0\",\"PlatformCPUModelName\":\"AMD Ryzen 7 3750H with Radeon Vega Mobile Gfx  \",\"PlatformOS\":\"win\",\"BrowseName\":\"Chrome\",\"BrowserCore\":\"Chromium\",\"BrowseVersion\":\"124.0.6367.29\",\"AcceptLanguage\":\"en-US\",\"AutoLanguage\":true,\"Proxy\":\"\",\"ProxyRegion\":\"VN\",\"TimezoneMode\":1,\"Timezone\":\"Asia/Ho_Chi_Minh\",\"ExcludeFontList\":[],\"IncludeFontList\":[],\"ScreenWidth\":-1,\"ScreenHeight\":-1,\"AvailScreenWidth\":-1,\"AvailScreenHeight\":-1,\"StartupUrls\":\"\",\"ProcessorCount\":24,\"DeviceMemory\":8,\"JsHeapSizeLimit\":8589933927,\"AudioNoise\":0.73186673584015427,\"AudioInputs\":0,\"AudioOutputs\":0,\"VideoInputs\":1,\"CanvasNoiseGlobalAlpha\":-1.0,\"CanvasNoiseShadowBlur\":-1.0,\"CanvasNoiseShadowOffsetX\":-1.0,\"CanvasNoiseShadowOffsetY\":-1.0,\"CanvasNoiseTextX\":-1.0,\"CanvasNoiseTextY\":-1.0,\"WebGLNoise\":-1.0,\"WebGLRectNoise\":-1.0,\"WebGLUniform2fNoise\":-1.0,\"MaxVertexUniform\":3521,\"MaxFragmentUniform\":1124,\"WebGLRenderer\":\"ANGLE (AMD, AMD Radeon(TM) R5 Graphics Direct3D11 vs_5_0 ps_5_0, D3D11)\",\"WebGLVendor\":\"Google Inc. (AMD)\",\"ClientRectNoise\":-1.0,\"WebGL_Uniform1Noise\":-1.0,\"WebGL_Uniform2Noise\":-1.0,\"WebGL_Uniform3Noise\":-1.0,\"WebGL_Uniform4Noise\":-1.0,\"WebGL_ReadPixelsIndex\":-1,\"WebGL_ReadPixelsNoiseVal\":-1,\"WebGL_SHADING_LANGUAGE_VERSION\":\"WebGL GLSL ES 3.00 (OpenGL ES GLSL ES 3.0 Chromium)\",\"WebGL_VERSION\":\"WebGL 2.0 (OpenGL ES 3.0 Chromium)\",\"WebGL_RENDERER\":\"WebKit WebGL\",\"WebGL_VENDOR\":\"WebKit\",\"WebGL_UNMASKED_VENDOR_WEBGL\":\"Google Inc. (AMD)\",\"WebGL_UNMASKED_RENDERER_WEBGL\":\"ANGLE (AMD, AMD Radeon(TM) R5 Graphics Direct3D11 vs_5_0 ps_5_0, D3D11)\",\"WebGL_MAX_FRAGMENT_UNIFORM_VECTORS\":1024,\"WebGL_MAX_3D_TEXTURE_SIZE\":2048,\"WebGL_MAX_ARRAY_TEXTURE_LAYERS\":2048,\"WebGL_MAX_COLOR_ATTACHMENTS\":8,\"WebGL_MAX_COMBINED_TEXTURE_IMAGE_UNITS\":32,\"WebGL_MAX_COMBINED_UNIFORM_BLOCKS\":24,\"WebGL_MAX_CUBE_MAP_TEXTURE_SIZE\":16384,\"WebGL_MAX_DRAW_BUFFERS\":8,\"WebGL_MAX_FRAGMENT_INPUT_COMPONENTS\":120,\"WebGL_MAX_FRAGMENT_UNIFORM_BLOCKS\":12,\"WebGL_MAX_PROGRAM_TEXEL_OFFSET\":7,\"WebGL_MAX_RENDERBUFFER_SIZE\":16384,\"WebGL_MAX_SAMPLES\":8,\"WebGL_MAX_TEXTURE_IMAGE_UNITS\":16,\"WebGL_MAX_TEXTURE_LOD_BIAS\":2,\"WebGL_MAX_TEXTURE_SIZE\":16384,\"WebGL_MAX_TRANSFORM_FEEDBACK_INTERLEAVED_COMPONENTS\":120,\"WebGL_MAX_TRANSFORM_FEEDBACK_SEPARATE_ATTRIBS\":4,\"WebGL_MAX_TRANSFORM_FEEDBACK_SEPARATE_COMPONENTS\":4,\"WebGL_MAX_UNIFORM_BLOCK_SIZE\":65536,\"WebGL_MAX_UNIFORM_BUFFER_BINDINGS\":24,\"WebGL_MAX_VARYING_COMPONENTS\":120,\"WebGL_MAX_VARYING_VECTORS\":30,\"WebGL_MAX_VERTEX_ATTRIBS\":16,\"WebGL_MAX_VERTEX_OUTPUT_COMPONENTS\":120,\"WebGL_MAX_VERTEX_TEXTURE_IMAGE_UNITS\":16,\"WebGL_MAX_VERTEX_UNIFORM_BLOCKS\":12,\"WebGL_MAX_VERTEX_UNIFORM_COMPONENTS\":16384,\"WebGL_MAX_VERTEX_UNIFORM_VECTORS\":4096,\"WebGL_MAX_FRAGMENT_UNIFORM_COMPONENTS\":4096,\"WebGL_MIN_PROGRAM_TEXEL_OFFSET\":-8,\"WebGL_UNIFORM_BUFFER_OFFSET_ALIGNMENT\":256,\"WebGL_MAX_COMBINED_VERTEX_UNIFORM_COMPONENTS\":212992,\"WebGL_MAX_COMBINED_FRAGMENT_UNIFORM_COMPONENTS\":200704,\"WebGL_MAX_VIEWPORT_DIMS\":[32767,32767],\"WebGL_ALIASED_LINE_WIDTH_RANGE\":[1,1],\"WebGL_ALIASED_POINT_SIZE_RANGE\":[1,1024],\"WebRTCMode\":2,\"WebRTCPublicIP\":\"183.81.78.103\",\"Note\":\"tạo tk mới theo hồ sơ seosona + tránh né hệ thống, còn 319.953 ₫, \",\"Extension\":null,\"GeoMode\":1,\"GeoLatitude\":10.822,\"GeoLongitude\":106.6257,\"GeoAccuracy\":100.0,\"Tags\":[],\"ForegroundColorHex\":\"#FF404040\",\"MacAddress\":\"92-57-43-C0-5D-C4\",\"SaveType\":1,\"IdOnClould\":null}','[]',1,2,2,'2025-03-08 10:36:56',1,'2025-02-28 08:40:16','2025-06-10 10:10:38'),(24,'traffic - raiya.top','kMpvgdwMHf05032025','{\"Name\":\"traffic - raiya.top\",\"UserAgent\":\"Mozilla/5.0 (Windows NT 10.0; Win64; x64) AppleWebKit/537.36 (KHTML, like Gecko) Chrome/124.0.0.0 Safari/537.36\",\"CanEditUserAgent\":false,\"WinVersion\":\"Windows 10\",\"WinPlatform\":\"64 bit\",\"PlatformNavigator\":null,\"PlatformUaMeta\":null,\"PlatformUaVersion\":\"10.0.0\",\"PlatformCPUModelName\":\"AMD Ryzen 7 3750H with Radeon Vega Mobile Gfx  \",\"PlatformOS\":\"win\",\"BrowseName\":\"Chrome\",\"BrowserCore\":\"Chromium\",\"BrowseVersion\":\"124.0.6367.29\",\"AcceptLanguage\":\"en-US\",\"AutoLanguage\":true,\"Proxy\":null,\"ProxyRegion\":\"VN\",\"TimezoneMode\":1,\"Timezone\":\"Asia/Ho_Chi_Minh\",\"ExcludeFontList\":[],\"IncludeFontList\":[],\"ScreenWidth\":1366,\"ScreenHeight\":768,\"AvailScreenWidth\":1366,\"AvailScreenHeight\":625,\"StartupUrls\":\"\",\"ProcessorCount\":8,\"DeviceMemory\":1,\"JsHeapSizeLimit\":1073741739,\"AudioNoise\":0.71906619552479412,\"AudioInputs\":1,\"AudioOutputs\":0,\"VideoInputs\":0,\"CanvasNoiseGlobalAlpha\":-1.0,\"CanvasNoiseShadowBlur\":-1.0,\"CanvasNoiseShadowOffsetX\":-1.0,\"CanvasNoiseShadowOffsetY\":-1.0,\"CanvasNoiseTextX\":-1.0,\"CanvasNoiseTextY\":-1.0,\"WebGLNoise\":-1.0,\"WebGLRectNoise\":-1.0,\"WebGLUniform2fNoise\":-1.0,\"MaxVertexUniform\":3157,\"MaxFragmentUniform\":1065,\"WebGLRenderer\":\"ANGLE (Intel, Intel(R) HD Graphics 630 Direct3D11 vs_5_0 ps_5_0, D3D11)\",\"WebGLVendor\":\"Google Inc. (Intel)\",\"ClientRectNoise\":-1.0,\"WebGL_Uniform1Noise\":-1.0,\"WebGL_Uniform2Noise\":-1.0,\"WebGL_Uniform3Noise\":-1.0,\"WebGL_Uniform4Noise\":-1.0,\"WebGL_ReadPixelsIndex\":-1,\"WebGL_ReadPixelsNoiseVal\":-1,\"WebGL_SHADING_LANGUAGE_VERSION\":\"WebGL GLSL ES 3.00 (OpenGL ES GLSL ES 3.0 Chromium)\",\"WebGL_VERSION\":\"WebGL 2.0 (OpenGL ES 3.0 Chromium)\",\"WebGL_RENDERER\":\"WebKit WebGL\",\"WebGL_VENDOR\":\"WebKit\",\"WebGL_UNMASKED_VENDOR_WEBGL\":\"Google Inc. (Intel)\",\"WebGL_UNMASKED_RENDERER_WEBGL\":\"ANGLE (Intel, Intel(R) HD Graphics 630 Direct3D11 vs_5_0 ps_5_0, D3D11)\",\"WebGL_MAX_FRAGMENT_UNIFORM_VECTORS\":1024,\"WebGL_MAX_3D_TEXTURE_SIZE\":2048,\"WebGL_MAX_ARRAY_TEXTURE_LAYERS\":2048,\"WebGL_MAX_COLOR_ATTACHMENTS\":8,\"WebGL_MAX_COMBINED_TEXTURE_IMAGE_UNITS\":32,\"WebGL_MAX_COMBINED_UNIFORM_BLOCKS\":24,\"WebGL_MAX_CUBE_MAP_TEXTURE_SIZE\":16384,\"WebGL_MAX_DRAW_BUFFERS\":8,\"WebGL_MAX_FRAGMENT_INPUT_COMPONENTS\":120,\"WebGL_MAX_FRAGMENT_UNIFORM_BLOCKS\":12,\"WebGL_MAX_PROGRAM_TEXEL_OFFSET\":7,\"WebGL_MAX_RENDERBUFFER_SIZE\":16384,\"WebGL_MAX_SAMPLES\":16,\"WebGL_MAX_TEXTURE_IMAGE_UNITS\":16,\"WebGL_MAX_TEXTURE_LOD_BIAS\":2,\"WebGL_MAX_TEXTURE_SIZE\":16384,\"WebGL_MAX_TRANSFORM_FEEDBACK_INTERLEAVED_COMPONENTS\":120,\"WebGL_MAX_TRANSFORM_FEEDBACK_SEPARATE_ATTRIBS\":4,\"WebGL_MAX_TRANSFORM_FEEDBACK_SEPARATE_COMPONENTS\":4,\"WebGL_MAX_UNIFORM_BLOCK_SIZE\":65536,\"WebGL_MAX_UNIFORM_BUFFER_BINDINGS\":24,\"WebGL_MAX_VARYING_COMPONENTS\":120,\"WebGL_MAX_VARYING_VECTORS\":30,\"WebGL_MAX_VERTEX_ATTRIBS\":16,\"WebGL_MAX_VERTEX_OUTPUT_COMPONENTS\":120,\"WebGL_MAX_VERTEX_TEXTURE_IMAGE_UNITS\":16,\"WebGL_MAX_VERTEX_UNIFORM_BLOCKS\":12,\"WebGL_MAX_VERTEX_UNIFORM_COMPONENTS\":16384,\"WebGL_MAX_VERTEX_UNIFORM_VECTORS\":4096,\"WebGL_MAX_FRAGMENT_UNIFORM_COMPONENTS\":4096,\"WebGL_MIN_PROGRAM_TEXEL_OFFSET\":-8,\"WebGL_UNIFORM_BUFFER_OFFSET_ALIGNMENT\":256,\"WebGL_MAX_COMBINED_VERTEX_UNIFORM_COMPONENTS\":212992,\"WebGL_MAX_COMBINED_FRAGMENT_UNIFORM_COMPONENTS\":200704,\"WebGL_MAX_VIEWPORT_DIMS\":[32767,32767],\"WebGL_ALIASED_LINE_WIDTH_RANGE\":[1,1],\"WebGL_ALIASED_POINT_SIZE_RANGE\":[1,1024],\"WebRTCMode\":2,\"WebRTCPublicIP\":\"103.156.4.182\",\"WebRTCKeepConnect\":false,\"WebRTCAllowTCP\":false,\"Note\":\"tk1-off-(516-836-9601)-(24/12/2024-26/1/2025)\",\"Extension\":null,\"GeoMode\":1,\"GeoLatitude\":10.94469,\"GeoLongitude\":106.82432,\"GeoAccuracy\":100.0,\"Tags\":[],\"ForegroundColorHex\":\"#FF404040\",\"MacAddress\":\"8E-CB-13-2C-E2-96\",\"SaveType\":1,\"IdOnClould\":null,\"ShortTitleIconOverlay\":null,\"ConvertProfileTo64bit\":false,\"FingerpritVersion\":0}','[]',1,2,2,'2025-07-27 18:48:21',2,'2025-03-05 09:13:46','2025-07-27 18:48:21'),(25,'traffic - testtramcam.top + banletaikho.vn','8qGZLHIaFx05032025','{\"Name\":\"traffic - testtramcam.top + banletaikho.vn\",\"UserAgent\":\"Mozilla/5.0 (Windows NT 10.0; Win64; x64) AppleWebKit/537.36 (KHTML, like Gecko) Chrome/124.0.0.0 Safari/537.36\",\"CanEditUserAgent\":false,\"WinVersion\":\"Windows 10\",\"WinPlatform\":\"64 bit\",\"PlatformNavigator\":null,\"PlatformUaMeta\":null,\"PlatformUaVersion\":\"10.0.0\",\"PlatformCPUModelName\":\"11th Gen Intel(R) Core(TM) i7-11800H @ 2.30GHz\",\"PlatformOS\":\"win\",\"BrowseName\":\"Chrome\",\"BrowserCore\":\"Chromium\",\"BrowseVersion\":\"124.0.6367.29\",\"AcceptLanguage\":\"en-US\",\"AutoLanguage\":true,\"Proxy\":\"\",\"ProxyRegion\":\"VN\",\"TimezoneMode\":1,\"Timezone\":\"Asia/Ho_Chi_Minh\",\"ExcludeFontList\":[],\"IncludeFontList\":[],\"ScreenWidth\":-1,\"ScreenHeight\":-1,\"AvailScreenWidth\":-1,\"AvailScreenHeight\":-1,\"StartupUrls\":\"\",\"ProcessorCount\":24,\"DeviceMemory\":8,\"JsHeapSizeLimit\":8589934253,\"AudioNoise\":0.11747412575291197,\"AudioInputs\":1,\"AudioOutputs\":0,\"VideoInputs\":0,\"CanvasNoiseGlobalAlpha\":-1.0,\"CanvasNoiseShadowBlur\":-1.0,\"CanvasNoiseShadowOffsetX\":-1.0,\"CanvasNoiseShadowOffsetY\":-1.0,\"CanvasNoiseTextX\":-1.0,\"CanvasNoiseTextY\":-1.0,\"WebGLNoise\":-1.0,\"WebGLRectNoise\":-1.0,\"WebGLUniform2fNoise\":-1.0,\"MaxVertexUniform\":4269,\"MaxFragmentUniform\":1160,\"WebGLRenderer\":\"ANGLE (NVIDIA, NVIDIA GeForce RTX 3060 Laptop GPU (0x00002520) Direct3D11 vs_5_0 ps_5_0, D3D11)\",\"WebGLVendor\":\"Google Inc. (NVIDIA)\",\"ClientRectNoise\":-1.0,\"WebGL_Uniform1Noise\":-1.0,\"WebGL_Uniform2Noise\":-1.0,\"WebGL_Uniform3Noise\":-1.0,\"WebGL_Uniform4Noise\":-1.0,\"WebGL_ReadPixelsIndex\":-1,\"WebGL_ReadPixelsNoiseVal\":-1,\"WebGL_SHADING_LANGUAGE_VERSION\":\"WebGL GLSL ES 3.00 (OpenGL ES GLSL ES 3.0 Chromium)\",\"WebGL_VERSION\":\"WebGL 2.0 (OpenGL ES 3.0 Chromium)\",\"WebGL_RENDERER\":\"WebKit WebGL\",\"WebGL_VENDOR\":\"WebKit\",\"WebGL_UNMASKED_VENDOR_WEBGL\":\"Google Inc. (NVIDIA)\",\"WebGL_UNMASKED_RENDERER_WEBGL\":\"ANGLE (NVIDIA, NVIDIA GeForce RTX 3060 Laptop GPU (0x00002520) Direct3D11 vs_5_0 ps_5_0, D3D11)\",\"WebGL_MAX_FRAGMENT_UNIFORM_VECTORS\":1024,\"WebGL_MAX_3D_TEXTURE_SIZE\":2048,\"WebGL_MAX_ARRAY_TEXTURE_LAYERS\":2048,\"WebGL_MAX_COLOR_ATTACHMENTS\":8,\"WebGL_MAX_COMBINED_TEXTURE_IMAGE_UNITS\":32,\"WebGL_MAX_COMBINED_UNIFORM_BLOCKS\":24,\"WebGL_MAX_CUBE_MAP_TEXTURE_SIZE\":16384,\"WebGL_MAX_DRAW_BUFFERS\":8,\"WebGL_MAX_FRAGMENT_INPUT_COMPONENTS\":120,\"WebGL_MAX_FRAGMENT_UNIFORM_BLOCKS\":12,\"WebGL_MAX_PROGRAM_TEXEL_OFFSET\":7,\"WebGL_MAX_RENDERBUFFER_SIZE\":16384,\"WebGL_MAX_SAMPLES\":8,\"WebGL_MAX_TEXTURE_IMAGE_UNITS\":16,\"WebGL_MAX_TEXTURE_LOD_BIAS\":2,\"WebGL_MAX_TEXTURE_SIZE\":16384,\"WebGL_MAX_TRANSFORM_FEEDBACK_INTERLEAVED_COMPONENTS\":120,\"WebGL_MAX_TRANSFORM_FEEDBACK_SEPARATE_ATTRIBS\":4,\"WebGL_MAX_TRANSFORM_FEEDBACK_SEPARATE_COMPONENTS\":4,\"WebGL_MAX_UNIFORM_BLOCK_SIZE\":65536,\"WebGL_MAX_UNIFORM_BUFFER_BINDINGS\":24,\"WebGL_MAX_VARYING_COMPONENTS\":120,\"WebGL_MAX_VARYING_VECTORS\":30,\"WebGL_MAX_VERTEX_ATTRIBS\":16,\"WebGL_MAX_VERTEX_OUTPUT_COMPONENTS\":120,\"WebGL_MAX_VERTEX_TEXTURE_IMAGE_UNITS\":16,\"WebGL_MAX_VERTEX_UNIFORM_BLOCKS\":12,\"WebGL_MAX_VERTEX_UNIFORM_COMPONENTS\":16380,\"WebGL_MAX_VERTEX_UNIFORM_VECTORS\":4096,\"WebGL_MAX_FRAGMENT_UNIFORM_COMPONENTS\":4096,\"WebGL_MIN_PROGRAM_TEXEL_OFFSET\":-8,\"WebGL_UNIFORM_BUFFER_OFFSET_ALIGNMENT\":256,\"WebGL_MAX_COMBINED_VERTEX_UNIFORM_COMPONENTS\":212988,\"WebGL_MAX_COMBINED_FRAGMENT_UNIFORM_COMPONENTS\":200704,\"WebGL_MAX_VIEWPORT_DIMS\":[32767,32767],\"WebGL_ALIASED_LINE_WIDTH_RANGE\":[1,1],\"WebGL_ALIASED_POINT_SIZE_RANGE\":[1,1024],\"WebRTCMode\":2,\"WebRTCPublicIP\":\"103.156.4.182\",\"WebRTCKeepConnect\":false,\"WebRTCAllowTCP\":false,\"Note\":\"testtramcam(tk1-on-(828-326-9723)-(20/11/2024)) + banletaikho.vn\",\"Extension\":null,\"GeoMode\":1,\"GeoLatitude\":10.94469,\"GeoLongitude\":106.82432,\"GeoAccuracy\":100.0,\"Tags\":[],\"ForegroundColorHex\":\"#FF404040\",\"MacAddress\":\"86-94-6C-F2-03-8F\",\"SaveType\":1,\"IdOnClould\":null,\"ShortTitleIconOverlay\":null,\"ConvertProfileTo64bit\":false,\"FingerpritVersion\":0}','[]',1,2,2,'2025-07-27 18:47:01',1,'2025-03-05 09:13:55','2025-07-27 18:47:02'),(26,'traffic - online-testing.top','aFJxRfT71G05032025','{\"Name\":\"traffic - online-testing.top\",\"UserAgent\":\"Mozilla/5.0 (Windows NT 10.0; Win64; x64) AppleWebKit/537.36 (KHTML, like Gecko) Chrome/124.0.0.0 Safari/537.36\",\"CanEditUserAgent\":false,\"WinVersion\":\"Windows 10\",\"WinPlatform\":\"64 bit\",\"PlatformNavigator\":null,\"PlatformUaMeta\":null,\"PlatformUaVersion\":\"10.0.0\",\"PlatformCPUModelName\":\"11th Gen Intel(R) Core(TM) i7-11800H @ 2.30GHz\",\"PlatformOS\":\"win\",\"BrowseName\":\"Chrome\",\"BrowserCore\":\"Chromium\",\"BrowseVersion\":\"124.0.6367.29\",\"AcceptLanguage\":\"en-US\",\"AutoLanguage\":true,\"Proxy\":null,\"ProxyRegion\":\"VN\",\"TimezoneMode\":1,\"Timezone\":\"Asia/Ho_Chi_Minh\",\"ExcludeFontList\":[],\"IncludeFontList\":[],\"ScreenWidth\":-1,\"ScreenHeight\":-1,\"AvailScreenWidth\":-1,\"AvailScreenHeight\":-1,\"StartupUrls\":\"\",\"ProcessorCount\":12,\"DeviceMemory\":8,\"JsHeapSizeLimit\":8589934302,\"AudioNoise\":0.67672525005262585,\"AudioInputs\":1,\"AudioOutputs\":1,\"VideoInputs\":0,\"CanvasNoiseGlobalAlpha\":-1.0,\"CanvasNoiseShadowBlur\":-1.0,\"CanvasNoiseShadowOffsetX\":-1.0,\"CanvasNoiseShadowOffsetY\":-1.0,\"CanvasNoiseTextX\":-1.0,\"CanvasNoiseTextY\":-1.0,\"WebGLNoise\":-1.0,\"WebGLRectNoise\":-1.0,\"WebGLUniform2fNoise\":-1.0,\"MaxVertexUniform\":3388,\"MaxFragmentUniform\":968,\"WebGLRenderer\":\"ANGLE (Intel, Intel(R) HD Graphics 530 Direct3D11 vs_5_0 ps_5_0, D3D11)\",\"WebGLVendor\":\"Google Inc. (Intel)\",\"ClientRectNoise\":-1.0,\"WebGL_Uniform1Noise\":-1.0,\"WebGL_Uniform2Noise\":-1.0,\"WebGL_Uniform3Noise\":-1.0,\"WebGL_Uniform4Noise\":-1.0,\"WebGL_ReadPixelsIndex\":-1,\"WebGL_ReadPixelsNoiseVal\":-1,\"WebGL_SHADING_LANGUAGE_VERSION\":\"WebGL GLSL ES 3.00 (OpenGL ES GLSL ES 3.0 Chromium)\",\"WebGL_VERSION\":\"WebGL 2.0 (OpenGL ES 3.0 Chromium)\",\"WebGL_RENDERER\":\"WebKit WebGL\",\"WebGL_VENDOR\":\"WebKit\",\"WebGL_UNMASKED_VENDOR_WEBGL\":\"Google Inc. (Intel)\",\"WebGL_UNMASKED_RENDERER_WEBGL\":\"ANGLE (Intel, Intel(R) HD Graphics 530 Direct3D11 vs_5_0 ps_5_0, D3D11)\",\"WebGL_MAX_FRAGMENT_UNIFORM_VECTORS\":1024,\"WebGL_MAX_3D_TEXTURE_SIZE\":2048,\"WebGL_MAX_ARRAY_TEXTURE_LAYERS\":2048,\"WebGL_MAX_COLOR_ATTACHMENTS\":8,\"WebGL_MAX_COMBINED_TEXTURE_IMAGE_UNITS\":32,\"WebGL_MAX_COMBINED_UNIFORM_BLOCKS\":24,\"WebGL_MAX_CUBE_MAP_TEXTURE_SIZE\":16384,\"WebGL_MAX_DRAW_BUFFERS\":8,\"WebGL_MAX_FRAGMENT_INPUT_COMPONENTS\":120,\"WebGL_MAX_FRAGMENT_UNIFORM_BLOCKS\":12,\"WebGL_MAX_PROGRAM_TEXEL_OFFSET\":7,\"WebGL_MAX_RENDERBUFFER_SIZE\":16384,\"WebGL_MAX_SAMPLES\":16,\"WebGL_MAX_TEXTURE_IMAGE_UNITS\":16,\"WebGL_MAX_TEXTURE_LOD_BIAS\":2,\"WebGL_MAX_TEXTURE_SIZE\":16384,\"WebGL_MAX_TRANSFORM_FEEDBACK_INTERLEAVED_COMPONENTS\":120,\"WebGL_MAX_TRANSFORM_FEEDBACK_SEPARATE_ATTRIBS\":4,\"WebGL_MAX_TRANSFORM_FEEDBACK_SEPARATE_COMPONENTS\":4,\"WebGL_MAX_UNIFORM_BLOCK_SIZE\":65536,\"WebGL_MAX_UNIFORM_BUFFER_BINDINGS\":24,\"WebGL_MAX_VARYING_COMPONENTS\":120,\"WebGL_MAX_VARYING_VECTORS\":30,\"WebGL_MAX_VERTEX_ATTRIBS\":16,\"WebGL_MAX_VERTEX_OUTPUT_COMPONENTS\":120,\"WebGL_MAX_VERTEX_TEXTURE_IMAGE_UNITS\":16,\"WebGL_MAX_VERTEX_UNIFORM_BLOCKS\":12,\"WebGL_MAX_VERTEX_UNIFORM_COMPONENTS\":16384,\"WebGL_MAX_VERTEX_UNIFORM_VECTORS\":4096,\"WebGL_MAX_FRAGMENT_UNIFORM_COMPONENTS\":4096,\"WebGL_MIN_PROGRAM_TEXEL_OFFSET\":-8,\"WebGL_UNIFORM_BUFFER_OFFSET_ALIGNMENT\":256,\"WebGL_MAX_COMBINED_VERTEX_UNIFORM_COMPONENTS\":212992,\"WebGL_MAX_COMBINED_FRAGMENT_UNIFORM_COMPONENTS\":200704,\"WebGL_MAX_VIEWPORT_DIMS\":[32767,32767],\"WebGL_ALIASED_LINE_WIDTH_RANGE\":[1,1],\"WebGL_ALIASED_POINT_SIZE_RANGE\":[1,1024],\"WebRTCMode\":2,\"WebRTCPublicIP\":\"103.156.4.182\",\"WebRTCKeepConnect\":false,\"WebRTCAllowTCP\":false,\"Note\":\"tk1-off-(893-770-1119)-(12/8/2024-20/1/2025)\",\"Extension\":null,\"GeoMode\":1,\"GeoLatitude\":10.94469,\"GeoLongitude\":106.82432,\"GeoAccuracy\":100.0,\"Tags\":[],\"ForegroundColorHex\":\"#FF404040\",\"MacAddress\":\"7A-3E-5E-A7-AC-3D\",\"SaveType\":1,\"IdOnClould\":null,\"ShortTitleIconOverlay\":null,\"ConvertProfileTo64bit\":false,\"FingerpritVersion\":0}','[]',1,2,2,'2025-07-27 18:48:12',1,'2025-03-05 09:14:06','2025-07-27 18:48:13'),(27,'P-20250325_112448','XXONuJfeyQ-25032025','{\"Name\":\"P-20250325_112448\",\"UserAgent\":\"Mozilla/5.0 (Windows NT 10.0; Win64; x64) AppleWebKit/537.36 (KHTML, like Gecko) Chrome/132.0.0.0 Safari/537.36\",\"CanEditUserAgent\":false,\"WinVersion\":\"Windows 10\",\"WinPlatform\":\"64 bit\",\"PlatformNavigator\":null,\"PlatformUaMeta\":null,\"PlatformUaVersion\":\"10.0.0\",\"PlatformCPUModelName\":\"AMD Ryzen 7 3750H with Radeon Vega Mobile Gfx  \",\"PlatformOS\":\"win\",\"BrowseName\":\"Chrome\",\"BrowserCore\":\"Chromium\",\"BrowseVersion\":\"132.0.6834.84\",\"AcceptLanguage\":\"en-US\",\"AutoLanguage\":true,\"Proxy\":\"\",\"ProxyRegion\":\"VN\",\"TimezoneMode\":1,\"Timezone\":\"Asia/Ho_Chi_Minh\",\"ExcludeFontList\":[],\"IncludeFontList\":[],\"ScreenWidth\":1366,\"ScreenHeight\":768,\"AvailScreenWidth\":1366,\"AvailScreenHeight\":625,\"StartupUrls\":\"\",\"ProcessorCount\":64,\"DeviceMemory\":8,\"JsHeapSizeLimit\":8589933941,\"AudioNoise\":0.95526877648908126,\"AudioInputs\":2,\"AudioOutputs\":0,\"VideoInputs\":0,\"CanvasNoiseGlobalAlpha\":-1.0,\"CanvasNoiseShadowBlur\":-1.0,\"CanvasNoiseShadowOffsetX\":-1.0,\"CanvasNoiseShadowOffsetY\":-1.0,\"CanvasNoiseTextX\":-1.0,\"CanvasNoiseTextY\":-1.0,\"WebGLNoise\":-1.0,\"WebGLRectNoise\":-1.0,\"WebGLUniform2fNoise\":-1.0,\"MaxVertexUniform\":3440,\"MaxFragmentUniform\":1492,\"WebGLRenderer\":\"ANGLE (NVIDIA, NVIDIA GeForce GT 630 Direct3D11 vs_5_0 ps_5_0, D3D11)\",\"WebGLVendor\":\"Google Inc. (NVIDIA)\",\"ClientRectNoise\":-1.0,\"WebGL_Uniform1Noise\":-1.0,\"WebGL_Uniform2Noise\":-1.0,\"WebGL_Uniform3Noise\":-1.0,\"WebGL_Uniform4Noise\":-1.0,\"WebGL_ReadPixelsIndex\":-1,\"WebGL_ReadPixelsNoiseVal\":-1,\"WebGL_SHADING_LANGUAGE_VERSION\":\"WebGL GLSL ES 3.00 (OpenGL ES GLSL ES 3.0 Chromium)\",\"WebGL_VERSION\":\"WebGL 2.0 (OpenGL ES 3.0 Chromium)\",\"WebGL_RENDERER\":\"WebKit WebGL\",\"WebGL_VENDOR\":\"WebKit\",\"WebGL_UNMASKED_VENDOR_WEBGL\":\"Google Inc. (NVIDIA)\",\"WebGL_UNMASKED_RENDERER_WEBGL\":\"ANGLE (NVIDIA, NVIDIA GeForce GT 630 Direct3D11 vs_5_0 ps_5_0, D3D11)\",\"WebGL_MAX_FRAGMENT_UNIFORM_VECTORS\":1024,\"WebGL_MAX_3D_TEXTURE_SIZE\":2048,\"WebGL_MAX_ARRAY_TEXTURE_LAYERS\":2048,\"WebGL_MAX_COLOR_ATTACHMENTS\":8,\"WebGL_MAX_COMBINED_TEXTURE_IMAGE_UNITS\":32,\"WebGL_MAX_COMBINED_UNIFORM_BLOCKS\":24,\"WebGL_MAX_CUBE_MAP_TEXTURE_SIZE\":16384,\"WebGL_MAX_DRAW_BUFFERS\":8,\"WebGL_MAX_FRAGMENT_INPUT_COMPONENTS\":120,\"WebGL_MAX_FRAGMENT_UNIFORM_BLOCKS\":12,\"WebGL_MAX_PROGRAM_TEXEL_OFFSET\":7,\"WebGL_MAX_RENDERBUFFER_SIZE\":16384,\"WebGL_MAX_SAMPLES\":8,\"WebGL_MAX_TEXTURE_IMAGE_UNITS\":16,\"WebGL_MAX_TEXTURE_LOD_BIAS\":2,\"WebGL_MAX_TEXTURE_SIZE\":16384,\"WebGL_MAX_TRANSFORM_FEEDBACK_INTERLEAVED_COMPONENTS\":120,\"WebGL_MAX_TRANSFORM_FEEDBACK_SEPARATE_ATTRIBS\":4,\"WebGL_MAX_TRANSFORM_FEEDBACK_SEPARATE_COMPONENTS\":4,\"WebGL_MAX_UNIFORM_BLOCK_SIZE\":65536,\"WebGL_MAX_UNIFORM_BUFFER_BINDINGS\":24,\"WebGL_MAX_VARYING_COMPONENTS\":120,\"WebGL_MAX_VARYING_VECTORS\":30,\"WebGL_MAX_VERTEX_ATTRIBS\":16,\"WebGL_MAX_VERTEX_OUTPUT_COMPONENTS\":120,\"WebGL_MAX_VERTEX_TEXTURE_IMAGE_UNITS\":16,\"WebGL_MAX_VERTEX_UNIFORM_BLOCKS\":12,\"WebGL_MAX_VERTEX_UNIFORM_COMPONENTS\":16380,\"WebGL_MAX_VERTEX_UNIFORM_VECTORS\":4096,\"WebGL_MAX_FRAGMENT_UNIFORM_COMPONENTS\":4096,\"WebGL_MIN_PROGRAM_TEXEL_OFFSET\":-8,\"WebGL_UNIFORM_BUFFER_OFFSET_ALIGNMENT\":256,\"WebGL_MAX_COMBINED_VERTEX_UNIFORM_COMPONENTS\":212988,\"WebGL_MAX_COMBINED_FRAGMENT_UNIFORM_COMPONENTS\":200704,\"WebGL_MAX_VIEWPORT_DIMS\":[32767,32767],\"WebGL_ALIASED_LINE_WIDTH_RANGE\":[1,1],\"WebGL_ALIASED_POINT_SIZE_RANGE\":[1,1024],\"WebRTCMode\":2,\"WebRTCPublicIP\":\"183.81.78.103\",\"Note\":null,\"Extension\":null,\"GeoMode\":1,\"GeoLatitude\":10.822,\"GeoLongitude\":106.6257,\"GeoAccuracy\":100.0,\"Tags\":[],\"ForegroundColorHex\":\"#FF404040\",\"MacAddress\":\"0E-67-71-47-B1-7B\",\"SaveType\":1,\"IdOnClould\":null}','[]',0,1,1,'2025-04-01 10:19:33',1,'2025-03-25 11:24:54','2025-06-10 10:10:38'),(28,'banletaikho.vn - hổ trợ seo','LEH4jSPQxy-08042025','{\"Name\":\"banletaikho.vn - hổ trợ seo\",\"UserAgent\":\"Mozilla/5.0 (Windows NT 10.0; Win64; x64) AppleWebKit/537.36 (KHTML, like Gecko) Chrome/134.0.0.0 Safari/537.36\",\"CanEditUserAgent\":false,\"WinVersion\":\"Windows 10\",\"WinPlatform\":\"64 bit\",\"PlatformNavigator\":null,\"PlatformUaMeta\":null,\"PlatformUaVersion\":\"10.0.0\",\"PlatformCPUModelName\":\"11th Gen Intel(R) Core(TM) i7-11800H @ 2.30GHz\",\"PlatformOS\":\"win\",\"BrowseName\":\"Chrome\",\"BrowserCore\":\"Chromium\",\"BrowseVersion\":\"134.0.6998.89\",\"AcceptLanguage\":\"en-US\",\"AutoLanguage\":true,\"Proxy\":\"\",\"ProxyRegion\":\"VN\",\"TimezoneMode\":1,\"Timezone\":\"Asia/Bangkok\",\"ExcludeFontList\":[],\"IncludeFontList\":[],\"ScreenWidth\":-1,\"ScreenHeight\":-1,\"AvailScreenWidth\":-1,\"AvailScreenHeight\":-1,\"StartupUrls\":\"\",\"ProcessorCount\":8,\"DeviceMemory\":1,\"JsHeapSizeLimit\":1073740838,\"AudioNoise\":0.6731829837305392,\"AudioInputs\":1,\"AudioOutputs\":1,\"VideoInputs\":1,\"CanvasNoiseGlobalAlpha\":-1.0,\"CanvasNoiseShadowBlur\":-1.0,\"CanvasNoiseShadowOffsetX\":-1.0,\"CanvasNoiseShadowOffsetY\":-1.0,\"CanvasNoiseTextX\":-1.0,\"CanvasNoiseTextY\":-1.0,\"WebGLNoise\":-1.0,\"WebGLRectNoise\":-1.0,\"WebGLUniform2fNoise\":-1.0,\"MaxVertexUniform\":3282,\"MaxFragmentUniform\":1296,\"WebGLRenderer\":\"ANGLE (NVIDIA, NVIDIA GeForce GT 710 Direct3D11 vs_5_0 ps_5_0, D3D11)\",\"WebGLVendor\":\"Google Inc. (NVIDIA)\",\"ClientRectNoise\":-1.0,\"WebGL_Uniform1Noise\":-1.0,\"WebGL_Uniform2Noise\":-1.0,\"WebGL_Uniform3Noise\":-1.0,\"WebGL_Uniform4Noise\":-1.0,\"WebGL_ReadPixelsIndex\":-1,\"WebGL_ReadPixelsNoiseVal\":-1,\"WebGL_SHADING_LANGUAGE_VERSION\":\"WebGL GLSL ES 3.00 (OpenGL ES GLSL ES 3.0 Chromium)\",\"WebGL_VERSION\":\"WebGL 2.0 (OpenGL ES 3.0 Chromium)\",\"WebGL_RENDERER\":\"WebKit WebGL\",\"WebGL_VENDOR\":\"WebKit\",\"WebGL_UNMASKED_VENDOR_WEBGL\":\"Google Inc. (NVIDIA)\",\"WebGL_UNMASKED_RENDERER_WEBGL\":\"ANGLE (NVIDIA, NVIDIA GeForce GT 710 Direct3D11 vs_5_0 ps_5_0, D3D11)\",\"WebGL_MAX_FRAGMENT_UNIFORM_VECTORS\":1024,\"WebGL_MAX_3D_TEXTURE_SIZE\":2048,\"WebGL_MAX_ARRAY_TEXTURE_LAYERS\":2048,\"WebGL_MAX_COLOR_ATTACHMENTS\":8,\"WebGL_MAX_COMBINED_TEXTURE_IMAGE_UNITS\":32,\"WebGL_MAX_COMBINED_UNIFORM_BLOCKS\":24,\"WebGL_MAX_CUBE_MAP_TEXTURE_SIZE\":16384,\"WebGL_MAX_DRAW_BUFFERS\":8,\"WebGL_MAX_FRAGMENT_INPUT_COMPONENTS\":120,\"WebGL_MAX_FRAGMENT_UNIFORM_BLOCKS\":12,\"WebGL_MAX_PROGRAM_TEXEL_OFFSET\":7,\"WebGL_MAX_RENDERBUFFER_SIZE\":16384,\"WebGL_MAX_SAMPLES\":8,\"WebGL_MAX_TEXTURE_IMAGE_UNITS\":16,\"WebGL_MAX_TEXTURE_LOD_BIAS\":2,\"WebGL_MAX_TEXTURE_SIZE\":16384,\"WebGL_MAX_TRANSFORM_FEEDBACK_INTERLEAVED_COMPONENTS\":120,\"WebGL_MAX_TRANSFORM_FEEDBACK_SEPARATE_ATTRIBS\":4,\"WebGL_MAX_TRANSFORM_FEEDBACK_SEPARATE_COMPONENTS\":4,\"WebGL_MAX_UNIFORM_BLOCK_SIZE\":65536,\"WebGL_MAX_UNIFORM_BUFFER_BINDINGS\":24,\"WebGL_MAX_VARYING_COMPONENTS\":120,\"WebGL_MAX_VARYING_VECTORS\":30,\"WebGL_MAX_VERTEX_ATTRIBS\":16,\"WebGL_MAX_VERTEX_OUTPUT_COMPONENTS\":120,\"WebGL_MAX_VERTEX_TEXTURE_IMAGE_UNITS\":16,\"WebGL_MAX_VERTEX_UNIFORM_BLOCKS\":12,\"WebGL_MAX_VERTEX_UNIFORM_COMPONENTS\":16380,\"WebGL_MAX_VERTEX_UNIFORM_VECTORS\":4096,\"WebGL_MAX_FRAGMENT_UNIFORM_COMPONENTS\":4096,\"WebGL_MIN_PROGRAM_TEXEL_OFFSET\":-8,\"WebGL_UNIFORM_BUFFER_OFFSET_ALIGNMENT\":256,\"WebGL_MAX_COMBINED_VERTEX_UNIFORM_COMPONENTS\":212988,\"WebGL_MAX_COMBINED_FRAGMENT_UNIFORM_COMPONENTS\":200704,\"WebGL_MAX_VIEWPORT_DIMS\":[32767,32767],\"WebGL_ALIASED_LINE_WIDTH_RANGE\":[1,1],\"WebGL_ALIASED_POINT_SIZE_RANGE\":[1,1024],\"WebRTCMode\":2,\"WebRTCPublicIP\":\"42.118.153.246\",\"Note\":null,\"Extension\":null,\"GeoMode\":1,\"GeoLatitude\":21.0184,\"GeoLongitude\":105.8461,\"GeoAccuracy\":100.0,\"Tags\":[],\"ForegroundColorHex\":\"#FF404040\",\"MacAddress\":\"92-0E-FB-10-18-5F\",\"SaveType\":1,\"IdOnClould\":null}','[]',0,2,2,'2025-04-08 09:01:33',1,'2025-04-08 08:38:13','2025-06-10 10:10:38'),(29,'skylite - minhtiengroup.com','9QBGjNTVuh-08042025','{\"Name\":\"skylite - minhtiengroup.com\",\"UserAgent\":\"Mozilla/5.0 (Windows NT 10.0; Win64; x64) AppleWebKit/537.36 (KHTML, like Gecko) Chrome/134.0.0.0 Safari/537.36\",\"CanEditUserAgent\":false,\"WinVersion\":\"Windows 10\",\"WinPlatform\":\"64 bit\",\"PlatformNavigator\":null,\"PlatformUaMeta\":null,\"PlatformUaVersion\":\"10.0.0\",\"PlatformCPUModelName\":\"AMD Ryzen 7 3750H with Radeon Vega Mobile Gfx  \",\"PlatformOS\":\"win\",\"BrowseName\":\"Chrome\",\"BrowserCore\":\"Chromium\",\"BrowseVersion\":\"134.0.6998.89\",\"AcceptLanguage\":\"en-US\",\"AutoLanguage\":true,\"Proxy\":\"\",\"ProxyRegion\":\"VN\",\"TimezoneMode\":1,\"Timezone\":\"Asia/Ho_Chi_Minh\",\"ExcludeFontList\":[],\"IncludeFontList\":[],\"ScreenWidth\":-1,\"ScreenHeight\":-1,\"AvailScreenWidth\":-1,\"AvailScreenHeight\":-1,\"StartupUrls\":\"\",\"ProcessorCount\":32,\"DeviceMemory\":8,\"JsHeapSizeLimit\":8589934178,\"AudioNoise\":0.12907999527132138,\"AudioInputs\":2,\"AudioOutputs\":0,\"VideoInputs\":0,\"CanvasNoiseGlobalAlpha\":-1.0,\"CanvasNoiseShadowBlur\":-1.0,\"CanvasNoiseShadowOffsetX\":-1.0,\"CanvasNoiseShadowOffsetY\":-1.0,\"CanvasNoiseTextX\":-1.0,\"CanvasNoiseTextY\":-1.0,\"WebGLNoise\":-1.0,\"WebGLRectNoise\":-1.0,\"WebGLUniform2fNoise\":-1.0,\"MaxVertexUniform\":3603,\"MaxFragmentUniform\":1106,\"WebGLRenderer\":\"ANGLE (AMD, AMD Radeon RX 6600 XT Direct3D11 vs_5_0 ps_5_0, D3D11)\",\"WebGLVendor\":\"Google Inc. (AMD)\",\"ClientRectNoise\":-1.0,\"WebGL_Uniform1Noise\":-1.0,\"WebGL_Uniform2Noise\":-1.0,\"WebGL_Uniform3Noise\":-1.0,\"WebGL_Uniform4Noise\":-1.0,\"WebGL_ReadPixelsIndex\":-1,\"WebGL_ReadPixelsNoiseVal\":-1,\"WebGL_SHADING_LANGUAGE_VERSION\":\"WebGL GLSL ES 3.00 (OpenGL ES GLSL ES 3.0 Chromium)\",\"WebGL_VERSION\":\"WebGL 2.0 (OpenGL ES 3.0 Chromium)\",\"WebGL_RENDERER\":\"WebKit WebGL\",\"WebGL_VENDOR\":\"WebKit\",\"WebGL_UNMASKED_VENDOR_WEBGL\":\"Google Inc. (AMD)\",\"WebGL_UNMASKED_RENDERER_WEBGL\":\"ANGLE (AMD, AMD Radeon RX 6600 XT Direct3D11 vs_5_0 ps_5_0, D3D11)\",\"WebGL_MAX_FRAGMENT_UNIFORM_VECTORS\":1024,\"WebGL_MAX_3D_TEXTURE_SIZE\":2048,\"WebGL_MAX_ARRAY_TEXTURE_LAYERS\":2048,\"WebGL_MAX_COLOR_ATTACHMENTS\":8,\"WebGL_MAX_COMBINED_TEXTURE_IMAGE_UNITS\":32,\"WebGL_MAX_COMBINED_UNIFORM_BLOCKS\":24,\"WebGL_MAX_CUBE_MAP_TEXTURE_SIZE\":16384,\"WebGL_MAX_DRAW_BUFFERS\":8,\"WebGL_MAX_FRAGMENT_INPUT_COMPONENTS\":120,\"WebGL_MAX_FRAGMENT_UNIFORM_BLOCKS\":12,\"WebGL_MAX_PROGRAM_TEXEL_OFFSET\":7,\"WebGL_MAX_RENDERBUFFER_SIZE\":16384,\"WebGL_MAX_SAMPLES\":8,\"WebGL_MAX_TEXTURE_IMAGE_UNITS\":16,\"WebGL_MAX_TEXTURE_LOD_BIAS\":2,\"WebGL_MAX_TEXTURE_SIZE\":16384,\"WebGL_MAX_TRANSFORM_FEEDBACK_INTERLEAVED_COMPONENTS\":120,\"WebGL_MAX_TRANSFORM_FEEDBACK_SEPARATE_ATTRIBS\":4,\"WebGL_MAX_TRANSFORM_FEEDBACK_SEPARATE_COMPONENTS\":4,\"WebGL_MAX_UNIFORM_BLOCK_SIZE\":65536,\"WebGL_MAX_UNIFORM_BUFFER_BINDINGS\":24,\"WebGL_MAX_VARYING_COMPONENTS\":120,\"WebGL_MAX_VARYING_VECTORS\":30,\"WebGL_MAX_VERTEX_ATTRIBS\":16,\"WebGL_MAX_VERTEX_OUTPUT_COMPONENTS\":120,\"WebGL_MAX_VERTEX_TEXTURE_IMAGE_UNITS\":16,\"WebGL_MAX_VERTEX_UNIFORM_BLOCKS\":12,\"WebGL_MAX_VERTEX_UNIFORM_COMPONENTS\":16384,\"WebGL_MAX_VERTEX_UNIFORM_VECTORS\":4096,\"WebGL_MAX_FRAGMENT_UNIFORM_COMPONENTS\":4096,\"WebGL_MIN_PROGRAM_TEXEL_OFFSET\":-8,\"WebGL_UNIFORM_BUFFER_OFFSET_ALIGNMENT\":256,\"WebGL_MAX_COMBINED_VERTEX_UNIFORM_COMPONENTS\":212992,\"WebGL_MAX_COMBINED_FRAGMENT_UNIFORM_COMPONENTS\":200704,\"WebGL_MAX_VIEWPORT_DIMS\":[32767,32767],\"WebGL_ALIASED_LINE_WIDTH_RANGE\":[1,1],\"WebGL_ALIASED_POINT_SIZE_RANGE\":[1,1024],\"WebRTCMode\":2,\"WebRTCPublicIP\":\"103.156.4.182\",\"WebRTCKeepConnect\":false,\"WebRTCAllowTCP\":false,\"Note\":null,\"Extension\":null,\"GeoMode\":1,\"GeoLatitude\":10.94469,\"GeoLongitude\":106.82432,\"GeoAccuracy\":100.0,\"Tags\":[],\"ForegroundColorHex\":\"#FF404040\",\"MacAddress\":\"02-1E-1C-3A-1E-9F\",\"SaveType\":1,\"IdOnClould\":null,\"ShortTitleIconOverlay\":null,\"ConvertProfileTo64bit\":false,\"FingerpritVersion\":0}','[]',1,1,2,'2025-07-27 18:44:53',1,'2025-04-08 09:33:44','2025-07-27 18:44:53'),(30,'traffic - khoahoctuduy.com - new','WhCFvrs0YG-20052025','{\"Name\":\"traffic - khoahoctuduy.com - new\",\"UserAgent\":\"Mozilla/5.0 (Windows NT 10.0; Win64; x64) AppleWebKit/537.36 (KHTML, like Gecko) Chrome/135.0.0.0 Safari/537.36\",\"CanEditUserAgent\":false,\"WinVersion\":\"Windows 10\",\"WinPlatform\":\"64 bit\",\"PlatformNavigator\":null,\"PlatformUaMeta\":null,\"PlatformUaVersion\":\"10.0.0\",\"PlatformCPUModelName\":\"11th Gen Intel(R) Core(TM) i7-11800H @ 2.30GHz\",\"PlatformOS\":\"win\",\"BrowseName\":\"Chrome\",\"BrowserCore\":\"Chromium\",\"BrowseVersion\":\"135.0.7049.42\",\"AcceptLanguage\":\"en-US\",\"AutoLanguage\":true,\"Proxy\":\"\",\"ProxyRegion\":\"VN\",\"TimezoneMode\":1,\"Timezone\":\"Asia/Ho_Chi_Minh\",\"ExcludeFontList\":[],\"IncludeFontList\":[],\"ScreenWidth\":1366,\"ScreenHeight\":768,\"AvailScreenWidth\":1366,\"AvailScreenHeight\":625,\"StartupUrls\":\"\",\"ProcessorCount\":64,\"DeviceMemory\":8,\"JsHeapSizeLimit\":8589933806,\"AudioNoise\":0.07340381111642523,\"AudioInputs\":0,\"AudioOutputs\":1,\"VideoInputs\":0,\"CanvasNoiseGlobalAlpha\":-1.0,\"CanvasNoiseShadowBlur\":-1.0,\"CanvasNoiseShadowOffsetX\":-1.0,\"CanvasNoiseShadowOffsetY\":-1.0,\"CanvasNoiseTextX\":-1.0,\"CanvasNoiseTextY\":-1.0,\"WebGLNoise\":-1.0,\"WebGLRectNoise\":-1.0,\"WebGLUniform2fNoise\":-1.0,\"MaxVertexUniform\":3136,\"MaxFragmentUniform\":1388,\"WebGLRenderer\":\"ANGLE (Intel, Intel(R) UHD Graphics (0x00009A78) Direct3D11 vs_5_0 ps_5_0, D3D11)\",\"WebGLVendor\":\"Google Inc. (Intel)\",\"ClientRectNoise\":-1.0,\"WebGL_Uniform1Noise\":-1.0,\"WebGL_Uniform2Noise\":-1.0,\"WebGL_Uniform3Noise\":-1.0,\"WebGL_Uniform4Noise\":-1.0,\"WebGL_ReadPixelsIndex\":-1,\"WebGL_ReadPixelsNoiseVal\":-1,\"WebGL_SHADING_LANGUAGE_VERSION\":\"WebGL GLSL ES 3.00 (OpenGL ES GLSL ES 3.0 Chromium)\",\"WebGL_VERSION\":\"WebGL 2.0 (OpenGL ES 3.0 Chromium)\",\"WebGL_RENDERER\":\"WebKit WebGL\",\"WebGL_VENDOR\":\"WebKit\",\"WebGL_UNMASKED_VENDOR_WEBGL\":\"Google Inc. (Intel)\",\"WebGL_UNMASKED_RENDERER_WEBGL\":\"ANGLE (Intel, Intel(R) UHD Graphics (0x00009A78) Direct3D11 vs_5_0 ps_5_0, D3D11)\",\"WebGL_MAX_FRAGMENT_UNIFORM_VECTORS\":1024,\"WebGL_MAX_3D_TEXTURE_SIZE\":2048,\"WebGL_MAX_ARRAY_TEXTURE_LAYERS\":2048,\"WebGL_MAX_COLOR_ATTACHMENTS\":8,\"WebGL_MAX_COMBINED_TEXTURE_IMAGE_UNITS\":32,\"WebGL_MAX_COMBINED_UNIFORM_BLOCKS\":24,\"WebGL_MAX_CUBE_MAP_TEXTURE_SIZE\":16384,\"WebGL_MAX_DRAW_BUFFERS\":8,\"WebGL_MAX_FRAGMENT_INPUT_COMPONENTS\":120,\"WebGL_MAX_FRAGMENT_UNIFORM_BLOCKS\":12,\"WebGL_MAX_PROGRAM_TEXEL_OFFSET\":7,\"WebGL_MAX_RENDERBUFFER_SIZE\":16384,\"WebGL_MAX_SAMPLES\":16,\"WebGL_MAX_TEXTURE_IMAGE_UNITS\":16,\"WebGL_MAX_TEXTURE_LOD_BIAS\":2,\"WebGL_MAX_TEXTURE_SIZE\":16384,\"WebGL_MAX_TRANSFORM_FEEDBACK_INTERLEAVED_COMPONENTS\":120,\"WebGL_MAX_TRANSFORM_FEEDBACK_SEPARATE_ATTRIBS\":4,\"WebGL_MAX_TRANSFORM_FEEDBACK_SEPARATE_COMPONENTS\":4,\"WebGL_MAX_UNIFORM_BLOCK_SIZE\":65536,\"WebGL_MAX_UNIFORM_BUFFER_BINDINGS\":24,\"WebGL_MAX_VARYING_COMPONENTS\":120,\"WebGL_MAX_VARYING_VECTORS\":30,\"WebGL_MAX_VERTEX_ATTRIBS\":16,\"WebGL_MAX_VERTEX_OUTPUT_COMPONENTS\":120,\"WebGL_MAX_VERTEX_TEXTURE_IMAGE_UNITS\":16,\"WebGL_MAX_VERTEX_UNIFORM_BLOCKS\":12,\"WebGL_MAX_VERTEX_UNIFORM_COMPONENTS\":16384,\"WebGL_MAX_VERTEX_UNIFORM_VECTORS\":4096,\"WebGL_MAX_FRAGMENT_UNIFORM_COMPONENTS\":4096,\"WebGL_MIN_PROGRAM_TEXEL_OFFSET\":-8,\"WebGL_UNIFORM_BUFFER_OFFSET_ALIGNMENT\":256,\"WebGL_MAX_COMBINED_VERTEX_UNIFORM_COMPONENTS\":212992,\"WebGL_MAX_COMBINED_FRAGMENT_UNIFORM_COMPONENTS\":200704,\"WebGL_MAX_VIEWPORT_DIMS\":[32767,32767],\"WebGL_ALIASED_LINE_WIDTH_RANGE\":[1,1],\"WebGL_ALIASED_POINT_SIZE_RANGE\":[1,1024],\"WebRTCMode\":2,\"WebRTCPublicIP\":\"103.156.4.182\",\"WebRTCKeepConnect\":false,\"WebRTCAllowTCP\":false,\"Note\":null,\"Extension\":null,\"GeoMode\":1,\"GeoLatitude\":10.94469,\"GeoLongitude\":106.82432,\"GeoAccuracy\":100.0,\"Tags\":[],\"ForegroundColorHex\":\"#FF404040\",\"MacAddress\":\"66-E7-94-19-81-A0\",\"SaveType\":1,\"IdOnClould\":null,\"ShortTitleIconOverlay\":\"\",\"ConvertProfileTo64bit\":false,\"FingerpritVersion\":0}','[]',1,2,2,'2025-07-27 18:44:31',1,'2025-05-20 10:56:20','2025-07-27 18:44:32'),(31,'google US','lYGiSHjj77-21052025','{\"Name\":\"google US\",\"UserAgent\":\"Mozilla/5.0 (Windows NT 10.0; Win64; x64) AppleWebKit/537.36 (KHTML, like Gecko) Chrome/135.0.0.0 Safari/537.36\",\"CanEditUserAgent\":false,\"WinVersion\":\"Windows 10\",\"WinPlatform\":\"64 bit\",\"PlatformNavigator\":null,\"PlatformUaMeta\":null,\"PlatformUaVersion\":\"10.0.0\",\"PlatformCPUModelName\":\"AMD Ryzen 7 3750H with Radeon Vega Mobile Gfx  \",\"PlatformOS\":\"win\",\"BrowseName\":\"Chrome\",\"BrowserCore\":\"Chromium\",\"BrowseVersion\":\"135.0.7049.42\",\"AcceptLanguage\":\"en-US\",\"AutoLanguage\":true,\"Proxy\":\"\",\"ProxyRegion\":\"VN\",\"TimezoneMode\":1,\"Timezone\":\"Asia/Ho_Chi_Minh\",\"ExcludeFontList\":[],\"IncludeFontList\":[],\"ScreenWidth\":1366,\"ScreenHeight\":768,\"AvailScreenWidth\":1366,\"AvailScreenHeight\":625,\"StartupUrls\":null,\"ProcessorCount\":8,\"DeviceMemory\":4,\"JsHeapSizeLimit\":4294966962,\"AudioNoise\":0.91040581600293791,\"AudioInputs\":0,\"AudioOutputs\":1,\"VideoInputs\":0,\"CanvasNoiseGlobalAlpha\":-1.0,\"CanvasNoiseShadowBlur\":-1.0,\"CanvasNoiseShadowOffsetX\":-1.0,\"CanvasNoiseShadowOffsetY\":-1.0,\"CanvasNoiseTextX\":-1.0,\"CanvasNoiseTextY\":-1.0,\"WebGLNoise\":-1.0,\"WebGLRectNoise\":-1.0,\"WebGLUniform2fNoise\":-1.0,\"MaxVertexUniform\":3346,\"MaxFragmentUniform\":1414,\"WebGLRenderer\":\"ANGLE (Intel, Intel(R) UHD Graphics 730 Direct3D11 vs_5_0 ps_5_0, D3D11)\",\"WebGLVendor\":\"Google Inc. (Intel)\",\"ClientRectNoise\":-1.0,\"WebGL_Uniform1Noise\":-1.0,\"WebGL_Uniform2Noise\":-1.0,\"WebGL_Uniform3Noise\":-1.0,\"WebGL_Uniform4Noise\":-1.0,\"WebGL_ReadPixelsIndex\":-1,\"WebGL_ReadPixelsNoiseVal\":-1,\"WebGL_SHADING_LANGUAGE_VERSION\":\"WebGL GLSL ES 3.00 (OpenGL ES GLSL ES 3.0 Chromium)\",\"WebGL_VERSION\":\"WebGL 2.0 (OpenGL ES 3.0 Chromium)\",\"WebGL_RENDERER\":\"WebKit WebGL\",\"WebGL_VENDOR\":\"WebKit\",\"WebGL_UNMASKED_VENDOR_WEBGL\":\"Google Inc. (Intel)\",\"WebGL_UNMASKED_RENDERER_WEBGL\":\"ANGLE (Intel, Intel(R) UHD Graphics 730 Direct3D11 vs_5_0 ps_5_0, D3D11)\",\"WebGL_MAX_FRAGMENT_UNIFORM_VECTORS\":1024,\"WebGL_MAX_3D_TEXTURE_SIZE\":2048,\"WebGL_MAX_ARRAY_TEXTURE_LAYERS\":2048,\"WebGL_MAX_COLOR_ATTACHMENTS\":8,\"WebGL_MAX_COMBINED_TEXTURE_IMAGE_UNITS\":32,\"WebGL_MAX_COMBINED_UNIFORM_BLOCKS\":24,\"WebGL_MAX_CUBE_MAP_TEXTURE_SIZE\":16384,\"WebGL_MAX_DRAW_BUFFERS\":8,\"WebGL_MAX_FRAGMENT_INPUT_COMPONENTS\":120,\"WebGL_MAX_FRAGMENT_UNIFORM_BLOCKS\":12,\"WebGL_MAX_PROGRAM_TEXEL_OFFSET\":7,\"WebGL_MAX_RENDERBUFFER_SIZE\":16384,\"WebGL_MAX_SAMPLES\":16,\"WebGL_MAX_TEXTURE_IMAGE_UNITS\":16,\"WebGL_MAX_TEXTURE_LOD_BIAS\":2,\"WebGL_MAX_TEXTURE_SIZE\":16384,\"WebGL_MAX_TRANSFORM_FEEDBACK_INTERLEAVED_COMPONENTS\":120,\"WebGL_MAX_TRANSFORM_FEEDBACK_SEPARATE_ATTRIBS\":4,\"WebGL_MAX_TRANSFORM_FEEDBACK_SEPARATE_COMPONENTS\":4,\"WebGL_MAX_UNIFORM_BLOCK_SIZE\":65536,\"WebGL_MAX_UNIFORM_BUFFER_BINDINGS\":24,\"WebGL_MAX_VARYING_COMPONENTS\":120,\"WebGL_MAX_VARYING_VECTORS\":30,\"WebGL_MAX_VERTEX_ATTRIBS\":16,\"WebGL_MAX_VERTEX_OUTPUT_COMPONENTS\":120,\"WebGL_MAX_VERTEX_TEXTURE_IMAGE_UNITS\":16,\"WebGL_MAX_VERTEX_UNIFORM_BLOCKS\":12,\"WebGL_MAX_VERTEX_UNIFORM_COMPONENTS\":16384,\"WebGL_MAX_VERTEX_UNIFORM_VECTORS\":4096,\"WebGL_MAX_FRAGMENT_UNIFORM_COMPONENTS\":4096,\"WebGL_MIN_PROGRAM_TEXEL_OFFSET\":-8,\"WebGL_UNIFORM_BUFFER_OFFSET_ALIGNMENT\":256,\"WebGL_MAX_COMBINED_VERTEX_UNIFORM_COMPONENTS\":212992,\"WebGL_MAX_COMBINED_FRAGMENT_UNIFORM_COMPONENTS\":200704,\"WebGL_MAX_VIEWPORT_DIMS\":[32767,32767],\"WebGL_ALIASED_LINE_WIDTH_RANGE\":[1,1],\"WebGL_ALIASED_POINT_SIZE_RANGE\":[1,1024],\"WebRTCMode\":2,\"WebRTCPublicIP\":\"125.235.188.152\",\"WebRTCKeepConnect\":false,\"WebRTCAllowTCP\":false,\"Note\":null,\"Extension\":null,\"GeoMode\":1,\"GeoLatitude\":10.822,\"GeoLongitude\":106.6257,\"GeoAccuracy\":100.0,\"Tags\":[],\"ForegroundColorHex\":\"#FF404040\",\"MacAddress\":\"32-F9-CD-BA-2B-74\",\"SaveType\":1,\"IdOnClould\":null,\"ShortTitleIconOverlay\":\"\"}','[]',1,1,1,'2025-05-21 21:57:40',1,'2025-05-21 21:48:42','2025-06-10 10:10:38'),(32,'Google Ads - HK','ew4lvZlUNQ-21052025','{\"Name\":\"Google Ads - HK\",\"UserAgent\":\"Mozilla/5.0 (Windows NT 10.0; Win64; x64) AppleWebKit/537.36 (KHTML, like Gecko) Chrome/135.0.0.0 Safari/537.36\",\"CanEditUserAgent\":false,\"WinVersion\":\"Windows 10\",\"WinPlatform\":\"64 bit\",\"PlatformNavigator\":null,\"PlatformUaMeta\":null,\"PlatformUaVersion\":\"10.0.0\",\"PlatformCPUModelName\":\"AMD Ryzen 7 3750H with Radeon Vega Mobile Gfx  \",\"PlatformOS\":\"win\",\"BrowseName\":\"Chrome\",\"BrowserCore\":\"Chromium\",\"BrowseVersion\":\"135.0.7049.42\",\"AcceptLanguage\":\"en-US\",\"AutoLanguage\":true,\"Proxy\":\"\",\"ProxyRegion\":\"VN\",\"TimezoneMode\":1,\"Timezone\":\"Asia/Ho_Chi_Minh\",\"ExcludeFontList\":[],\"IncludeFontList\":[],\"ScreenWidth\":1366,\"ScreenHeight\":768,\"AvailScreenWidth\":1366,\"AvailScreenHeight\":625,\"StartupUrls\":null,\"ProcessorCount\":16,\"DeviceMemory\":8,\"JsHeapSizeLimit\":8589933594,\"AudioNoise\":0.065921991628558371,\"AudioInputs\":1,\"AudioOutputs\":1,\"VideoInputs\":0,\"CanvasNoiseGlobalAlpha\":-1.0,\"CanvasNoiseShadowBlur\":-1.0,\"CanvasNoiseShadowOffsetX\":-1.0,\"CanvasNoiseShadowOffsetY\":-1.0,\"CanvasNoiseTextX\":-1.0,\"CanvasNoiseTextY\":-1.0,\"WebGLNoise\":-1.0,\"WebGLRectNoise\":-1.0,\"WebGLUniform2fNoise\":-1.0,\"MaxVertexUniform\":3034,\"MaxFragmentUniform\":1047,\"WebGLRenderer\":\"ANGLE (AMD, AMD Radeon (TM) R9 380 Series Graphics Direct3D11 vs_5_0 ps_5_0, D3D11)\",\"WebGLVendor\":\"Google Inc. (AMD)\",\"ClientRectNoise\":-1.0,\"WebGL_Uniform1Noise\":-1.0,\"WebGL_Uniform2Noise\":-1.0,\"WebGL_Uniform3Noise\":-1.0,\"WebGL_Uniform4Noise\":-1.0,\"WebGL_ReadPixelsIndex\":-1,\"WebGL_ReadPixelsNoiseVal\":-1,\"WebGL_SHADING_LANGUAGE_VERSION\":\"WebGL GLSL ES 3.00 (OpenGL ES GLSL ES 3.0 Chromium)\",\"WebGL_VERSION\":\"WebGL 2.0 (OpenGL ES 3.0 Chromium)\",\"WebGL_RENDERER\":\"WebKit WebGL\",\"WebGL_VENDOR\":\"WebKit\",\"WebGL_UNMASKED_VENDOR_WEBGL\":\"Google Inc. (AMD)\",\"WebGL_UNMASKED_RENDERER_WEBGL\":\"ANGLE (AMD, AMD Radeon (TM) R9 380 Series Graphics Direct3D11 vs_5_0 ps_5_0, D3D11)\",\"WebGL_MAX_FRAGMENT_UNIFORM_VECTORS\":1024,\"WebGL_MAX_3D_TEXTURE_SIZE\":2048,\"WebGL_MAX_ARRAY_TEXTURE_LAYERS\":2048,\"WebGL_MAX_COLOR_ATTACHMENTS\":8,\"WebGL_MAX_COMBINED_TEXTURE_IMAGE_UNITS\":32,\"WebGL_MAX_COMBINED_UNIFORM_BLOCKS\":24,\"WebGL_MAX_CUBE_MAP_TEXTURE_SIZE\":16384,\"WebGL_MAX_DRAW_BUFFERS\":8,\"WebGL_MAX_FRAGMENT_INPUT_COMPONENTS\":120,\"WebGL_MAX_FRAGMENT_UNIFORM_BLOCKS\":12,\"WebGL_MAX_PROGRAM_TEXEL_OFFSET\":7,\"WebGL_MAX_RENDERBUFFER_SIZE\":16384,\"WebGL_MAX_SAMPLES\":8,\"WebGL_MAX_TEXTURE_IMAGE_UNITS\":16,\"WebGL_MAX_TEXTURE_LOD_BIAS\":2,\"WebGL_MAX_TEXTURE_SIZE\":16384,\"WebGL_MAX_TRANSFORM_FEEDBACK_INTERLEAVED_COMPONENTS\":120,\"WebGL_MAX_TRANSFORM_FEEDBACK_SEPARATE_ATTRIBS\":4,\"WebGL_MAX_TRANSFORM_FEEDBACK_SEPARATE_COMPONENTS\":4,\"WebGL_MAX_UNIFORM_BLOCK_SIZE\":65536,\"WebGL_MAX_UNIFORM_BUFFER_BINDINGS\":24,\"WebGL_MAX_VARYING_COMPONENTS\":120,\"WebGL_MAX_VARYING_VECTORS\":30,\"WebGL_MAX_VERTEX_ATTRIBS\":16,\"WebGL_MAX_VERTEX_OUTPUT_COMPONENTS\":120,\"WebGL_MAX_VERTEX_TEXTURE_IMAGE_UNITS\":16,\"WebGL_MAX_VERTEX_UNIFORM_BLOCKS\":12,\"WebGL_MAX_VERTEX_UNIFORM_COMPONENTS\":16384,\"WebGL_MAX_VERTEX_UNIFORM_VECTORS\":4096,\"WebGL_MAX_FRAGMENT_UNIFORM_COMPONENTS\":4096,\"WebGL_MIN_PROGRAM_TEXEL_OFFSET\":-8,\"WebGL_UNIFORM_BUFFER_OFFSET_ALIGNMENT\":256,\"WebGL_MAX_COMBINED_VERTEX_UNIFORM_COMPONENTS\":212992,\"WebGL_MAX_COMBINED_FRAGMENT_UNIFORM_COMPONENTS\":200704,\"WebGL_MAX_VIEWPORT_DIMS\":[32767,32767],\"WebGL_ALIASED_LINE_WIDTH_RANGE\":[1,1],\"WebGL_ALIASED_POINT_SIZE_RANGE\":[1,1024],\"WebRTCMode\":2,\"WebRTCPublicIP\":\"104.28.205.70\",\"WebRTCKeepConnect\":false,\"WebRTCAllowTCP\":false,\"Note\":null,\"Extension\":null,\"GeoMode\":1,\"GeoLatitude\":10.822,\"GeoLongitude\":106.6257,\"GeoAccuracy\":100.0,\"Tags\":[],\"ForegroundColorHex\":\"#FF404040\",\"MacAddress\":\"1A-2B-B4-D2-80-ED\",\"SaveType\":1,\"IdOnClould\":null,\"ShortTitleIconOverlay\":\"\",\"ConvertProfileTo64bit\":false,\"FingerpritVersion\":0}','[]',1,1,1,'2025-06-03 10:10:47',1,'2025-05-21 21:57:51','2025-06-10 10:10:38'),(33,'Google Ads HK - 2','OQ7zgJQQBE-21052025','{\"Name\":\"Google Ads HK - 2\",\"UserAgent\":\"Mozilla/5.0 (Windows NT 10.0; Win64; x64) AppleWebKit/537.36 (KHTML, like Gecko) Chrome/135.0.0.0 Safari/537.36\",\"CanEditUserAgent\":false,\"WinVersion\":\"Windows 10\",\"WinPlatform\":\"64 bit\",\"PlatformNavigator\":null,\"PlatformUaMeta\":null,\"PlatformUaVersion\":\"10.0.0\",\"PlatformCPUModelName\":\"AMD Ryzen 7 3750H with Radeon Vega Mobile Gfx  \",\"PlatformOS\":\"win\",\"BrowseName\":\"Chrome\",\"BrowserCore\":\"Chromium\",\"BrowseVersion\":\"135.0.7049.42\",\"AcceptLanguage\":\"en-US\",\"AutoLanguage\":true,\"Proxy\":\"\",\"ProxyRegion\":\"VN\",\"TimezoneMode\":1,\"Timezone\":\"Asia/Ho_Chi_Minh\",\"ExcludeFontList\":[],\"IncludeFontList\":[],\"ScreenWidth\":-1,\"ScreenHeight\":-1,\"AvailScreenWidth\":-1,\"AvailScreenHeight\":-1,\"StartupUrls\":null,\"ProcessorCount\":12,\"DeviceMemory\":8,\"JsHeapSizeLimit\":8589934548,\"AudioNoise\":0.93765227121191674,\"AudioInputs\":1,\"AudioOutputs\":1,\"VideoInputs\":0,\"CanvasNoiseGlobalAlpha\":-1.0,\"CanvasNoiseShadowBlur\":-1.0,\"CanvasNoiseShadowOffsetX\":-1.0,\"CanvasNoiseShadowOffsetY\":-1.0,\"CanvasNoiseTextX\":-1.0,\"CanvasNoiseTextY\":-1.0,\"WebGLNoise\":-1.0,\"WebGLRectNoise\":-1.0,\"WebGLUniform2fNoise\":-1.0,\"MaxVertexUniform\":3734,\"MaxFragmentUniform\":937,\"WebGLRenderer\":\"ANGLE (NVIDIA, NVIDIA GeForce GTX 1080 Direct3D11 vs_5_0 ps_5_0, D3D11)\",\"WebGLVendor\":\"Google Inc. (NVIDIA)\",\"ClientRectNoise\":-1.0,\"WebGL_Uniform1Noise\":-1.0,\"WebGL_Uniform2Noise\":-1.0,\"WebGL_Uniform3Noise\":-1.0,\"WebGL_Uniform4Noise\":-1.0,\"WebGL_ReadPixelsIndex\":-1,\"WebGL_ReadPixelsNoiseVal\":-1,\"WebGL_SHADING_LANGUAGE_VERSION\":\"WebGL GLSL ES 3.00 (OpenGL ES GLSL ES 3.0 Chromium)\",\"WebGL_VERSION\":\"WebGL 2.0 (OpenGL ES 3.0 Chromium)\",\"WebGL_RENDERER\":\"WebKit WebGL\",\"WebGL_VENDOR\":\"WebKit\",\"WebGL_UNMASKED_VENDOR_WEBGL\":\"Google Inc. (NVIDIA)\",\"WebGL_UNMASKED_RENDERER_WEBGL\":\"ANGLE (NVIDIA, NVIDIA GeForce GTX 1080 Direct3D11 vs_5_0 ps_5_0, D3D11)\",\"WebGL_MAX_FRAGMENT_UNIFORM_VECTORS\":1024,\"WebGL_MAX_3D_TEXTURE_SIZE\":2048,\"WebGL_MAX_ARRAY_TEXTURE_LAYERS\":2048,\"WebGL_MAX_COLOR_ATTACHMENTS\":8,\"WebGL_MAX_COMBINED_TEXTURE_IMAGE_UNITS\":32,\"WebGL_MAX_COMBINED_UNIFORM_BLOCKS\":24,\"WebGL_MAX_CUBE_MAP_TEXTURE_SIZE\":16384,\"WebGL_MAX_DRAW_BUFFERS\":8,\"WebGL_MAX_FRAGMENT_INPUT_COMPONENTS\":120,\"WebGL_MAX_FRAGMENT_UNIFORM_BLOCKS\":12,\"WebGL_MAX_PROGRAM_TEXEL_OFFSET\":7,\"WebGL_MAX_RENDERBUFFER_SIZE\":16384,\"WebGL_MAX_SAMPLES\":8,\"WebGL_MAX_TEXTURE_IMAGE_UNITS\":16,\"WebGL_MAX_TEXTURE_LOD_BIAS\":2,\"WebGL_MAX_TEXTURE_SIZE\":16384,\"WebGL_MAX_TRANSFORM_FEEDBACK_INTERLEAVED_COMPONENTS\":120,\"WebGL_MAX_TRANSFORM_FEEDBACK_SEPARATE_ATTRIBS\":4,\"WebGL_MAX_TRANSFORM_FEEDBACK_SEPARATE_COMPONENTS\":4,\"WebGL_MAX_UNIFORM_BLOCK_SIZE\":65536,\"WebGL_MAX_UNIFORM_BUFFER_BINDINGS\":24,\"WebGL_MAX_VARYING_COMPONENTS\":120,\"WebGL_MAX_VARYING_VECTORS\":30,\"WebGL_MAX_VERTEX_ATTRIBS\":16,\"WebGL_MAX_VERTEX_OUTPUT_COMPONENTS\":120,\"WebGL_MAX_VERTEX_TEXTURE_IMAGE_UNITS\":16,\"WebGL_MAX_VERTEX_UNIFORM_BLOCKS\":12,\"WebGL_MAX_VERTEX_UNIFORM_COMPONENTS\":16380,\"WebGL_MAX_VERTEX_UNIFORM_VECTORS\":4096,\"WebGL_MAX_FRAGMENT_UNIFORM_COMPONENTS\":4096,\"WebGL_MIN_PROGRAM_TEXEL_OFFSET\":-8,\"WebGL_UNIFORM_BUFFER_OFFSET_ALIGNMENT\":256,\"WebGL_MAX_COMBINED_VERTEX_UNIFORM_COMPONENTS\":212988,\"WebGL_MAX_COMBINED_FRAGMENT_UNIFORM_COMPONENTS\":200704,\"WebGL_MAX_VIEWPORT_DIMS\":[32767,32767],\"WebGL_ALIASED_LINE_WIDTH_RANGE\":[1,1],\"WebGL_ALIASED_POINT_SIZE_RANGE\":[1,1024],\"WebRTCMode\":2,\"WebRTCPublicIP\":\"104.28.205.70\",\"WebRTCKeepConnect\":false,\"WebRTCAllowTCP\":false,\"Note\":null,\"Extension\":null,\"GeoMode\":1,\"GeoLatitude\":10.822,\"GeoLongitude\":106.6257,\"GeoAccuracy\":100.0,\"Tags\":[],\"ForegroundColorHex\":\"#FF404040\",\"MacAddress\":\"96-3F-B1-54-A7-97\",\"SaveType\":1,\"IdOnClould\":null,\"ShortTitleIconOverlay\":\"\",\"ConvertProfileTo64bit\":false,\"FingerpritVersion\":0}','[]',1,1,1,'2025-06-03 10:05:07',1,'2025-05-21 22:42:24','2025-06-10 10:10:38');

--
-- Table structure for table `settings`
--

CREATE TABLE `settings` (
  `name` varchar(255) NOT NULL,
  `value` varchar(255) NOT NULL,
  UNIQUE KEY `settings_name_unique` (`name`)
) ENGINE=InnoDB DEFAULT CHARSET=utf8mb4 COLLATE=utf8mb4_unicode_ci;

--
-- Dumping data for table `settings`
--

INSERT INTO `settings` VALUES ('storage_type','s3');


